{"id":5117,"date":"2020-03-03T09:26:38","date_gmt":"2020-03-03T08:26:38","guid":{"rendered":"http:\/\/semmelweis.hu\/csot\/?page_id=5117"},"modified":"2020-12-03T14:20:25","modified_gmt":"2020-12-03T13:20:25","slug":"hasznos-oldalak","status":"publish","type":"page","link":"https:\/\/semmelweis.hu\/csot\/rezidenskepzes\/egyeb\/gyermekgyogyaszat\/hasznos-oldalak\/","title":{"rendered":"Hasznos oldalak"},"content":{"rendered":"<p>H\u00e1zi Gyermekorvosok Egyes\u00fclete <a href=\"http:\/\/www.hgye.hu\/\">http:\/\/www.hgye.hu\/<\/a><\/p>\n<p>Magyar Gyermekorvosok T\u00e1rsas\u00e1ga: <a href=\"http:\/\/gyermekorvostarsasag.hu\/info.aspx?sp=200&amp;web_id=\">http:\/\/gyermekorvostarsasag.hu\/info.aspx?sp=200&amp;web_id=<\/a><\/p>\n<p>Els\u0151 1000 Nap <a href=\"https:\/\/www.elso1000nap.hu\/\">https:\/\/www.elso1000nap.hu\/<\/a><\/p>\n<p><strong>Feln\u0151ttkori v\u00e9d\u0151olt\u00e1sok k\u00e9zik\u00f6nyve<\/strong> &#8211; Szerkesztette dr. M\u00e9szner Zs\u00f3fia<\/p>\n<p><a href=\"https:\/\/www.sanofipasteur.hu\/az-influenza-oltas\/felnottkori-vedooltasok-kezikonyve\">https:\/\/www.sanofipasteur.hu\/az-influenza-oltas\/felnottkori-vedooltasok-kezikonyve<\/a><\/p>\n<p><strong>Gyermekk\u00f3rh\u00e1zak Budapesten:<\/strong><\/p>\n<p>SE I. sz. Gyermekgy\u00f3gy\u00e1szati Klinika <a href=\"http:\/\/www.gyermekklinika.semmelweis.hu\/info.aspx?sp=1\">http:\/\/www.gyermekklinika.semmelweis.hu\/info.aspx?sp=1<\/a><\/p>\n<p>SE II. sz. Gyermekgy\u00f3gy\u00e1szati Klinika <a href=\"https:\/\/semmelweis.hu\/gyermekklinika2\/\">https:\/\/semmelweis.hu\/gyermekklinika2\/<\/a><\/p>\n<p>P\u00e9terfy K\u00f3rh\u00e1z, Gyermektraumatol\u00f3giai Oszt\u00e1ly<\/p>\n<p><a href=\"https:\/\/peterfykh.hu\/osztaly\/gyermektraumatologiai-osztaly-35\">https:\/\/peterfykh.hu\/osztaly\/gyermektraumatologiai-osztaly-35<\/a><\/p>\n<p>Heim P\u00e1l Orsz\u00e1gos Gyermekgy\u00f3gy\u00e1szati Int\u00e9zet: <a href=\"http:\/\/heimpalkorhaz.hu\/\">http:\/\/heimpalkorhaz.hu\/<\/a><\/p>\n<p>Bethesda Gyermekk\u00f3rh\u00e1z: <a href=\"https:\/\/www.bethesda.hu\/\">https:\/\/www.bethesda.hu\/<\/a><\/p>\n<p>Szent J\u00e1nos K\u00f3rh\u00e1z Gyermek \u00e9s Csecsem\u0151 Oszt\u00e1ly: <a href=\"http:\/\/www.janoskorhaz.hu\/gyermekosztaly.html\">http:\/\/www.janoskorhaz.hu\/gyermekosztaly.html<\/a><\/p>\n","protected":false},"excerpt":{"rendered":"<p>H\u00e1zi Gyermekorvosok Egyes\u00fclete <a href=\"http:\/\/www.hgye.hu\/\">http:\/\/www.hgye.hu\/<\/a> Magyar Gyermekorvosok T\u00e1rsas\u00e1ga: <a href=\"http:\/\/gyermekorvostarsasag.hu\/info.aspx?sp=200&amp;web_id=\">http:\/\/gyermekorvostarsasag.hu\/info.aspx?sp=200&amp;web_id=<\/a> Els\u0151 1000 Nap <a href=\"https:\/\/www.elso1000nap.hu\/\">https:\/\/www.elso1000nap.hu\/<\/a> Feln\u0151ttkori v\u00e9d\u0151olt\u00e1sok k\u00e9zik\u00f6nyve &#8211; Szerkesztette dr. M\u00e9szner Zs\u00f3fia <a href=\"https:\/\/www.sanofipasteur.hu\/az-influenza-oltas\/felnottkori-vedooltasok-kezikonyve\">https:\/\/www.sanofipasteur.hu\/az-influenza-oltas\/felnottkori-vedooltasok-kezikonyve<\/a> Gyermekk\u00f3rh\u00e1zak Budapesten: SE I. sz. Gyermekgy\u00f3gy\u00e1szati Klinika <a href=\"http:\/\/www.gyermekklinika.semmelweis.hu\/info.aspx?sp=1\">http:\/\/www.gyermekklinika.semmelweis.hu\/info.aspx?sp=1<\/a> SE II. sz. Gyermekgy\u00f3gy\u00e1szati Klinika <a href=\"https:\/\/semmelweis.hu\/gyermekklinika2\/\">https:\/\/semmelweis.hu\/gyermekklinika2\/<\/a> P\u00e9terfy K\u00f3rh\u00e1z, Gyermektraumatol\u00f3giai Oszt\u00e1ly <a href=\"https:\/\/peterfykh.hu\/osztaly\/gyermektraumatologiai-osztaly-35\">https:\/\/peterfykh.hu\/osztaly\/gyermektraumatologiai-osztaly-35<\/a> Heim P\u00e1l Orsz\u00e1gos Gyermekgy\u00f3gy\u00e1szati Int\u00e9zet: <a href=\"http:\/\/heimpalkorhaz.hu\/\">http:\/\/heimpalkorhaz.hu\/<\/a> Bethesda Gyermekk\u00f3rh\u00e1z: <a href=\"https:\/\/www.bethesda.hu\/\">https:\/\/www.bethesda.hu\/<\/a> Szent J\u00e1nos K\u00f3rh\u00e1z Gyermek \u00e9s Csecsem\u0151 Oszt\u00e1ly: &hellip;<\/p>\n","protected":false},"author":101661,"featured_media":0,"parent":5115,"menu_order":2,"comment_status":"closed","ping_status":"closed","template":"","meta":{"_acf_changed":false,"footnotes":""},"categories":[],"tags":[],"class_list":["post-5117","page","type-page","status-publish","hentry"],"acf":[],"publishpress_future_action":{"enabled":false,"date":"1970-01-01 01:00:00","action":"","terms":[],"taxonomy":"","browser_timezone_offset":0},"_links":{"self":[{"href":"https:\/\/semmelweis.hu\/csot\/wp-json\/wp\/v2\/pages\/5117","targetHints":{"allow":["GET"]}}],"collection":[{"href":"https:\/\/semmelweis.hu\/csot\/wp-json\/wp\/v2\/pages"}],"about":[{"href":"https:\/\/semmelweis.hu\/csot\/wp-json\/wp\/v2\/types\/page"}],"author":[{"embeddable":true,"href":"https:\/\/semmelweis.hu\/csot\/wp-json\/wp\/v2\/users\/101661"}],"replies":[{"embeddable":true,"href":"https:\/\/semmelweis.hu\/csot\/wp-json\/wp\/v2\/comments?post=5117"}],"version-history":[{"count":2,"href":"https:\/\/semmelweis.hu\/csot\/wp-json\/wp\/v2\/pages\/5117\/revisions"}],"predecessor-version":[{"id":5469,"href":"https:\/\/semmelweis.hu\/csot\/wp-json\/wp\/v2\/pages\/5117\/revisions\/5469"}],"up":[{"embeddable":true,"href":"https:\/\/semmelweis.hu\/csot\/wp-json\/wp\/v2\/pages\/5115"}],"wp:attachment":[{"href":"https:\/\/semmelweis.hu\/csot\/wp-json\/wp\/v2\/media?parent=5117"}],"wp:term":[{"taxonomy":"category","embeddable":true,"href":"https:\/\/semmelweis.hu\/csot\/wp-json\/wp\/v2\/categories?post=5117"},{"taxonomy":"post_tag","embeddable":true,"href":"https:\/\/semmelweis.hu\/csot\/wp-json\/wp\/v2\/tags?post=5117"}],"curies":[{"name":"wp","href":"https:\/\/api.w.org\/{rel}","templated":true}]}}