{"id":5042,"date":"2020-01-28T11:58:10","date_gmt":"2020-01-28T10:58:10","guid":{"rendered":"http:\/\/semmelweis.hu\/csot\/?page_id=5042"},"modified":"2022-04-05T12:07:34","modified_gmt":"2022-04-05T10:07:34","slug":"kozlemenyek","status":"publish","type":"page","link":"https:\/\/semmelweis.hu\/csot\/oktatas\/integrativ-medicina\/kozlemenyek\/","title":{"rendered":"K\u00f6zlem\u00e9nyek"},"content":{"rendered":"<p><strong>H\u00e1ziorvosok stressz-terhel\u00e9se \u00e9s j\u00f3ll\u00e9t\u00e9nek \u00f6sszetev\u0151i a COVID idej\u00e9n<\/strong><br \/>\nA h\u00e1ziorvosok a frontvonalban \u00e9lt\u00e9k \u00e1t a COVID j\u00e1rv\u00e1nyt, \u00e9s munkahelyi terhel\u00e9s\u00fck nemcsak a fert\u0151z\u00f6ttek kisz\u0171r\u00e9s\u00e9re \u00e9s ell\u00e1t\u00e1s\u00e1ra, hanem kr\u00f3nikus betegeik \u00e1pol\u00e1s\u00e1ra is kiterjedt, melyet teljesen megv\u00e1ltozott k\u00f6r\u00fclm\u00e9nyek k\u00f6z\u00f6tt kellett v\u00e9gezzenek. Ennek a k\u00fcl\u00f6nleges terhel\u00e9snek a szem\u00e9lyes \u00e1r\u00e1t &#8211; az egy\u00e9ni allosztatikus terhel\u00e9st \u00e9s az ellen\u00e1ll\u00f3k\u00e9pess\u00e9get fokoz\u00f3 tev\u00e9kenys\u00e9geiket m\u00e9rt\u00fck fel kutat\u00e1sunkban.<br \/>\n<a href=\"https:\/\/semmelweis.hu\/csot\/files\/2022\/04\/Haziorvos_stressz_reziliencia_covid.pdf\">K\u00f6zlem\u00e9ny<\/a><\/p>\n<p>&nbsp;<\/p>\n<p><strong>Rendszeres testmozg\u00e1st v\u00e9gz\u0151 \u00e1tlagn\u00e9pess\u00e9g stressz-terhel\u00e9se \u00e9s j\u00f3ll\u00e9te a COVID els\u0151 hull\u00e1ma alatt<\/strong><br \/>\nA tansz\u00e9ki csoport egyik els\u0151 &#8211; az eg\u00e9szs\u00e9g alkot\u00f3elemeit felder\u00edt\u0151 COVID j\u00e1rv\u00e1ny alatti vizsg\u00e1lata, mikor rendszeres testmozg\u00e1st v\u00e9gz\u0151 feln\u0151tt magyar embereken (\u00e1tlagn\u00e9pess\u00e9g) vizsg\u00e1ltuk a COVID mint eg\u00e9szs\u00e9g\u00fcgyi stresszor \u00e1ltal jelentett stressz-terhel\u00e9st \u00e9s a well-beinget. A 312-meridi\u00e1ntorna &#8211; melyet a megk\u00e9rdezettek v\u00e9geztek &#8211; egy olyan 20 perces aerob testmozg\u00e1s, mely Magyarorsz\u00e1g minden r\u00e9sz\u00e9n el\u00e9rhet\u0151, kifejezetten eg\u00e9szs\u00e9gmeg\u0151rz\u0151 c\u00e9llal alkalmazz\u00e1k \u00e9s kivitelez\u00e9se standardiz\u00e1lt. Vizsg\u00e1latunk kapcs\u00e1n azt tal\u00e1ltuk, hogy a stressz-terhel\u00e9st a fiatalabb \u00e9letkor \u00e9s az egy\u00e9ni stresszorok halmoz\u00f3d\u00e1sa befoly\u00e1solja legink\u00e1bb, a rendszeresen v\u00e9gzett meridi\u00e1ntorna viszont a szem\u00e9lyes j\u00f3ll\u00e9tnek mind a ment\u00e1lis, mind a fizikai komponens\u00e9t jelent\u0151sen jav\u00edtja a neh\u00e9z id\u0151kben.<br \/>\n<a href=\"https:\/\/semmelweis.hu\/csot\/files\/2022\/04\/AO_312_PPS-cikk-1.pdf\">K\u00f6zlem\u00e9ny<\/a><\/p>\n","protected":false},"excerpt":{"rendered":"<p>H\u00e1ziorvosok stressz-terhel\u00e9se \u00e9s j\u00f3ll\u00e9t\u00e9nek \u00f6sszetev\u0151i a COVID idej\u00e9n A h\u00e1ziorvosok a frontvonalban \u00e9lt\u00e9k \u00e1t a COVID j\u00e1rv\u00e1nyt, \u00e9s munkahelyi terhel\u00e9s\u00fck nemcsak a fert\u0151z\u00f6ttek kisz\u0171r\u00e9s\u00e9re \u00e9s ell\u00e1t\u00e1s\u00e1ra, hanem kr\u00f3nikus betegeik \u00e1pol\u00e1s\u00e1ra is kiterjedt, melyet teljesen megv\u00e1ltozott k\u00f6r\u00fclm\u00e9nyek k\u00f6z\u00f6tt kellett v\u00e9gezzenek. Ennek a k\u00fcl\u00f6nleges terhel\u00e9snek a szem\u00e9lyes \u00e1r\u00e1t &#8211; az egy\u00e9ni allosztatikus terhel\u00e9st \u00e9s az ellen\u00e1ll\u00f3k\u00e9pess\u00e9get fokoz\u00f3 &hellip;<\/p>\n","protected":false},"author":101661,"featured_media":0,"parent":4992,"menu_order":7,"comment_status":"closed","ping_status":"closed","template":"","meta":{"_acf_changed":false,"footnotes":""},"categories":[],"tags":[],"class_list":["post-5042","page","type-page","status-publish","hentry"],"acf":[],"publishpress_future_action":{"enabled":false,"date":"1970-01-01 01:00:00","action":"","terms":[],"taxonomy":"","browser_timezone_offset":0},"_links":{"self":[{"href":"https:\/\/semmelweis.hu\/csot\/wp-json\/wp\/v2\/pages\/5042","targetHints":{"allow":["GET"]}}],"collection":[{"href":"https:\/\/semmelweis.hu\/csot\/wp-json\/wp\/v2\/pages"}],"about":[{"href":"https:\/\/semmelweis.hu\/csot\/wp-json\/wp\/v2\/types\/page"}],"author":[{"embeddable":true,"href":"https:\/\/semmelweis.hu\/csot\/wp-json\/wp\/v2\/users\/101661"}],"replies":[{"embeddable":true,"href":"https:\/\/semmelweis.hu\/csot\/wp-json\/wp\/v2\/comments?post=5042"}],"version-history":[{"count":4,"href":"https:\/\/semmelweis.hu\/csot\/wp-json\/wp\/v2\/pages\/5042\/revisions"}],"predecessor-version":[{"id":5929,"href":"https:\/\/semmelweis.hu\/csot\/wp-json\/wp\/v2\/pages\/5042\/revisions\/5929"}],"up":[{"embeddable":true,"href":"https:\/\/semmelweis.hu\/csot\/wp-json\/wp\/v2\/pages\/4992"}],"wp:attachment":[{"href":"https:\/\/semmelweis.hu\/csot\/wp-json\/wp\/v2\/media?parent=5042"}],"wp:term":[{"taxonomy":"category","embeddable":true,"href":"https:\/\/semmelweis.hu\/csot\/wp-json\/wp\/v2\/categories?post=5042"},{"taxonomy":"post_tag","embeddable":true,"href":"https:\/\/semmelweis.hu\/csot\/wp-json\/wp\/v2\/tags?post=5042"}],"curies":[{"name":"wp","href":"https:\/\/api.w.org\/{rel}","templated":true}]}}

Közlemények

<p><strong>Háziorvosok stressz-terhelése és jóllétének összetevői a COVID idején</strong><br />
A háziorvosok a frontvonalban élték át a COVID járványt, és munkahelyi terhelésük nemcsak a fertőzöttek kiszűrésére és ellátására, hanem krónikus betegeik ápolására is kiterjedt, melyet teljesen megváltozott körülmények között kellett végezzenek. Ennek a különleges terhelésnek a személyes árát &#8211; az egyéni allosztatikus terhelést és az ellenállóképességet fokozó tevékenységeiket mértük fel kutatásunkban.<br />
<a href="https://semmelweis.hu/csot/files/2022/04/Haziorvos_stressz_reziliencia_covid.pdf">Közlemény</a></p>
<p>&nbsp;</p>
<p><strong>Rendszeres testmozgást végző átlagnépesség stressz-terhelése és jólléte a COVID első hulláma alatt</strong><br />
A tanszéki csoport egyik első &#8211; az egészség alkotóelemeit felderítő COVID járvány alatti vizsgálata, mikor rendszeres testmozgást végző felnőtt magyar embereken (átlagnépesség) vizsgáltuk a COVID mint egészségügyi stresszor által jelentett stressz-terhelést és a well-beinget. A 312-meridiántorna &#8211; melyet a megkérdezettek végeztek &#8211; egy olyan 20 perces aerob testmozgás, mely Magyarország minden részén elérhető, kifejezetten egészségmegőrző céllal alkalmazzák és kivitelezése standardizált. Vizsgálatunk kapcsán azt találtuk, hogy a stressz-terhelést a fiatalabb életkor és az egyéni stresszorok halmozódása befolyásolja leginkább, a rendszeresen végzett meridiántorna viszont a személyes jóllétnek mind a mentális, mind a fizikai komponensét jelentősen javítja a nehéz időkben.<br />
<a href="https://semmelweis.hu/csot/files/2022/04/AO_312_PPS-cikk-1.pdf">Közlemény</a></p>

<p>Háziorvosok stressz-terhelése és jóllétének összetevői a COVID idején A háziorvosok a frontvonalban élték át a COVID járványt, és munkahelyi terhelésük nemcsak a fertőzöttek kiszűrésére és ellátására, hanem krónikus betegeik ápolására is kiterjedt, melyet teljesen megváltozott körülmények között kellett végezzenek. Ennek a különleges terhelésnek a személyes árát &#8211; az egyéni allosztatikus terhelést és az ellenállóképességet fokozó &hellip;</p>
