{"id":4992,"date":"2020-01-09T09:22:27","date_gmt":"2020-01-09T08:22:27","guid":{"rendered":"http:\/\/semmelweis.hu\/csot\/?page_id=4992"},"modified":"2026-01-07T15:56:05","modified_gmt":"2026-01-07T14:56:05","slug":"integrativ-medicina","status":"publish","type":"page","link":"https:\/\/semmelweis.hu\/csot\/oktatas\/integrativ-medicina\/","title":{"rendered":"Integrat\u00edv medicina"},"content":{"rendered":"<p>Az Integrat\u00edv Medicina Tansz\u00e9ki Csoport c\u00e9lja, hogy az orvosok gy\u00f3gy\u00edt\u00f3 figyelm\u00e9t a hozz\u00e1juk fordul\u00f3 beteg emberre ir\u00e1ny\u00edtsa, \u00e9s ter\u00e1pi\u00e1s eszk\u00f6zt\u00e1rukat, illetve kapcsolatrendszer\u00fcket \u00fagy b\u0151v\u00edtse, hogy az optim\u00e1lis gy\u00f3gyul\u00e1s el\u00e9r\u00e9se \u00e9rdek\u00e9ben k\u00e9pesek legyenek a beteg \u00e1llapot\u00e1nak \u00e9s ig\u00e9nyeinek megfelel\u0151 gy\u00f3gym\u00f3dokat m\u00e9rlegelni, a beteget v\u00e1laszt\u00e1s\u00e1ban seg\u00edteni \u00e9s akt\u00edv k\u00f6zrem\u0171k\u00f6d\u00e9s\u00e9t el\u00e9rve kataliz\u00e1lni a gy\u00f3gyul\u00e1s folyamat\u00e1t. Mindemellett kiemelten fontosnak tartja, hogy a gy\u00f3gy\u00edt\u00f3 orvos ismerjen \u00e9s alkalmazzon olyan m\u00f3dszereket, mellyel saj\u00e1t felt\u00f6lt\u0151d\u00e9s\u00e9t \u00e9s meg\u00fajul\u00e1s\u00e1t biztos\u00edtani tudja, hogy kiegyens\u00falyozott, eg\u00e9szs\u00e9ges \u00e9letet \u00e9lhessen.<\/p>\n<p>Ennek \u00e9rdek\u00e9ben a Tansz\u00e9ki Csoport a gradu\u00e1lis \u00e9s a posztgradu\u00e1lis oktat\u00e1sban, a klinikumban \u00e9s a tudom\u00e1nyos egy\u00fcttm\u0171k\u00f6d\u00e9sein kereszt\u00fcl is sz\u00e1mos lehet\u0151s\u00e9get k\u00edn\u00e1l:<\/p>\n<p><strong>Gradu\u00e1lis oktat\u00e1s:<\/strong><\/p>\n<p><u>Komplementer elj\u00e1r\u00e1sok az evidenci\u00e1k t\u00fckr\u00e9ben<\/u> szabadon v\u00e1laszthat\u00f3 t\u00e1rgy negyed\u00e9vt\u0151l: A t\u00e1rgy keretein bel\u00fcl szemin\u00e1riumok \u00e9s saj\u00e1t\u00e9lm\u00e9ny-gyakorlatok seg\u00edts\u00e9g\u00e9vel a legkiemelked\u0151bb magyar kutat\u00f3k \u00e9s klinikusok hozz\u00e1k testk\u00f6zelbe a fitoter\u00e1pia, t\u00e1pl\u00e1lkoz\u00e1studom\u00e1ny, mozg\u00e1s, stressz-kezel\u00e9s, a rendszerszeml\u00e9let\u0171 \u00e9s tradicion\u00e1lis gy\u00f3gy\u00edt\u00e1s: oszteop\u00e1tia \u00e9s a hagyom\u00e1nyos k\u00ednai orvosl\u00e1s tudom\u00e1nyos evidencia-b\u00e1zis\u00e1t, alkalmaz\u00e1si ter\u00fcleteit, lehets\u00e9ges mell\u00e9khat\u00e1sait \u00e9s ellenjavallatait azzal a c\u00e9llal, hogy t\u00e1g\u00edts\u00e1k a hallgat\u00f3k megk\u00f6zel\u00edt\u00e9si m\u00f3djait \u00e9s a szem\u00e9lyes megtapasztal\u00e1s lehet\u0151s\u00e9g\u00e9t biztos\u00edts\u00e1k sz\u00e1mukra. https:\/\/semmelweis.hu\/csot\/oktatas\/integrativ-medicina\/gradualis-oktatas\/<\/p>\n<p><u>Hagyom\u00e1nyos k\u00ednai orvosl\u00e1s<\/u> szabadon v\u00e1laszthat\u00f3 t\u00e1rgy harmad\u00e9vt\u0151l: A t\u00e1rgy egy szemeszteres el\u0151ad\u00e1s-sorozat, melynek sor\u00e1n hetente k\u00e9t tan\u00f3ra keret\u00e9ben a hagyom\u00e1nyos k\u00ednai eg\u00e9szs\u00e9g- \u00e9s betegs\u00e9g felfog\u00e1s elm\u00e9leti alapjair\u00f3l, a szervek m\u0171k\u00f6d\u00e9s\u00e9r\u0151l \u00e9s kapcsolatrendszer\u00e9r\u0151l, a meridi\u00e1nokr\u00f3l, pontjaik lokaliz\u00e1ci\u00f3j\u00e1r\u00f3l \u00e9s indik\u00e1ci\u00f3s ter\u00fcleteir\u0151l, valamint a hagyom\u00e1nyos k\u00ednai gy\u00f3gyszertan alapjair\u00f3l \u00e9s a mikrorendszerek k\u00f6z\u00fcl a f\u00fclakupunkt\u00far\u00e1r\u00f3l hallhatnak az orvostanhallgat\u00f3k. A t\u00e1rgy oktat\u00f3ja Dr. E\u0151ry Aj\u00e1nd\u00e9k, a t\u00e1rgy oktat\u00e1sa a Semmelweis Egyetem \u00c9rseb\u00e9szeti \u00e9s Endovaszkul\u00e1ris Tansz\u00e9k\u00e9vel egy\u00fcttm\u0171k\u00f6d\u00e9sben val\u00f3sul meg.<\/p>\n<p><strong>Posztgradu\u00e1lis k\u00e9pz\u00e9s:<\/strong><\/p>\n<div class=\"elementToProof\"><b>Semmelweis Egyetem Hagyom\u00e1nyos K\u00ednai Orvosk\u00e9pz\u00e9s<\/b><\/div>\n<div class=\"elementToProof\">\u00d6r\u00f6mmel adjuk h\u00edr\u00fcl, hogy a Semmelweis Egyetem Szen\u00e1tusa elfogadta \u00e9s az Oktat\u00e1si Hivatal (TTOVYHO k\u00f3ddal) nyilv\u00e1ntart\u00e1sba vette a <b>Semmelweis Egyetem Csal\u00e1dorvosi Tansz\u00e9k<\/b> <b>Integrat\u00edv Medicina Tansz\u00e9ki Csoport<\/b> \u00e1ltal beny\u00fajtott <b>Hagyom\u00e1nyos K\u00ednai Orvos Szakir\u00e1ny\u00fa Tov\u00e1bbk\u00e9pz\u00e9st.<\/b><\/div>\n<div class=\"elementToProof\"><b>A k\u00e9pz\u00e9s 2026. febru\u00e1r 15-\u00e9n indul.<\/b><\/div>\n<div class=\"elementToProof\"><b>Tov\u00e1bbi r\u00e9szletek: <a href=\"https:\/\/semmelweis.hu\/csot\/oktatas\/integrativ-medicina\/kepzesek\/\">K\u00e9pz\u00e9sek<\/a> men\u00fcpont alatt<\/b><\/div>\n<div>\u00a0<\/div>\n<p><strong>Kutat\u00e1si egy\u00fcttm\u0171k\u00f6d\u00e9sek:<\/strong><\/p>\n<p>A tansz\u00e9ki csoport sz\u00e1mos nemzetk\u00f6zi \u00e9s egyetemk\u00f6zi kutat\u00e1si egy\u00fcttm\u0171k\u00f6d\u00e9sben vesz r\u00e9szt, melyek t\u00e9m\u00e1ja a pszich\u00e9s t\u00e9nyez\u0151k \u00e9s a testi betegs\u00e9gek kapcsolata, az orvosi identit\u00e1s fejl\u0151d\u00e9s\u00e9t befoly\u00e1sol\u00f3 t\u00e9nyez\u0151k, a kiegyens\u00falyozott, eg\u00e9szs\u00e9ges \u00e9let \u00f6sszetev\u0151i, illetve a klinikai k\u00e9rd\u0151\u00edvek eredm\u00e9nyei \u00e9s a biol\u00f3giai markerek k\u00f6z\u00f6tti \u00f6sszef\u00fcgg\u00e9s a stressz ter\u00fclet\u00e9n. A kutat\u00e1sokr\u00f3l r\u00e9szletesebben a <a href=\"https:\/\/semmelweis.hu\/csot\/kutatas\/kutatocsoportok\/integrativ-medicina-kutatocsoport\/\">kutat\u00f3csoport oldal\u00e1n<\/a> t\u00e1j\u00e9koz\u00f3dhat. A term\u00e9szetgy\u00f3gy\u00e1szati m\u00f3dszerek t\u00e9mak\u00f6r\u00e9ben egy\u00e9ni TDK \u00e9s szakdolgozat lehet\u0151s\u00e9get is biztos\u00edtunk.<\/p>\n<p><strong>Klinikai egy\u00fcttm\u0171k\u00f6d\u00e9sek a Semmelweis Egyetemen bel\u00fcl:<\/strong><\/p>\n<p>A Kismedencei F\u00e1jdalom Munkacsoport k\u00f6zrem\u0171k\u00f6d\u0151je \u2013 Semmelweis Egyetem Urol\u00f3giai Klinika<\/p>\n<p>A medencev\u00e9g\u0171 tart\u00e1sban elhelyezked\u0151 magzatok fejv\u00e9g\u0171 tart\u00e1sba ford\u00edt\u00e1sa moxakezel\u00e9ssel \u2013 Semmelweis Egyetem Sz\u00fcl\u00e9szeti \u00e9s N\u0151gy\u00f3gy\u00e1szati Klinika<\/p>\n","protected":false},"excerpt":{"rendered":"<p>Az Integrat\u00edv Medicina Tansz\u00e9ki Csoport c\u00e9lja, hogy az orvosok gy\u00f3gy\u00edt\u00f3 figyelm\u00e9t a hozz\u00e1juk fordul\u00f3 beteg emberre ir\u00e1ny\u00edtsa, \u00e9s ter\u00e1pi\u00e1s eszk\u00f6zt\u00e1rukat, illetve kapcsolatrendszer\u00fcket \u00fagy b\u0151v\u00edtse, hogy az optim\u00e1lis gy\u00f3gyul\u00e1s el\u00e9r\u00e9se \u00e9rdek\u00e9ben k\u00e9pesek legyenek a beteg \u00e1llapot\u00e1nak \u00e9s ig\u00e9nyeinek megfelel\u0151 gy\u00f3gym\u00f3dokat m\u00e9rlegelni, a beteget v\u00e1laszt\u00e1s\u00e1ban seg\u00edteni \u00e9s akt\u00edv k\u00f6zrem\u0171k\u00f6d\u00e9s\u00e9t el\u00e9rve kataliz\u00e1lni a gy\u00f3gyul\u00e1s folyamat\u00e1t. Mindemellett kiemelten fontosnak &hellip;<\/p>\n","protected":false},"author":101661,"featured_media":0,"parent":4926,"menu_order":1,"comment_status":"closed","ping_status":"closed","template":"","meta":{"_acf_changed":false,"footnotes":""},"categories":[],"tags":[],"class_list":["post-4992","page","type-page","status-publish","hentry"],"acf":[],"publishpress_future_action":{"enabled":false,"date":"1970-01-01 01:00:00","action":"","terms":[],"taxonomy":"","browser_timezone_offset":0},"_links":{"self":[{"href":"https:\/\/semmelweis.hu\/csot\/wp-json\/wp\/v2\/pages\/4992","targetHints":{"allow":["GET"]}}],"collection":[{"href":"https:\/\/semmelweis.hu\/csot\/wp-json\/wp\/v2\/pages"}],"about":[{"href":"https:\/\/semmelweis.hu\/csot\/wp-json\/wp\/v2\/types\/page"}],"author":[{"embeddable":true,"href":"https:\/\/semmelweis.hu\/csot\/wp-json\/wp\/v2\/users\/101661"}],"replies":[{"embeddable":true,"href":"https:\/\/semmelweis.hu\/csot\/wp-json\/wp\/v2\/comments?post=4992"}],"version-history":[{"count":7,"href":"https:\/\/semmelweis.hu\/csot\/wp-json\/wp\/v2\/pages\/4992\/revisions"}],"predecessor-version":[{"id":8114,"href":"https:\/\/semmelweis.hu\/csot\/wp-json\/wp\/v2\/pages\/4992\/revisions\/8114"}],"up":[{"embeddable":true,"href":"https:\/\/semmelweis.hu\/csot\/wp-json\/wp\/v2\/pages\/4926"}],"wp:attachment":[{"href":"https:\/\/semmelweis.hu\/csot\/wp-json\/wp\/v2\/media?parent=4992"}],"wp:term":[{"taxonomy":"category","embeddable":true,"href":"https:\/\/semmelweis.hu\/csot\/wp-json\/wp\/v2\/categories?post=4992"},{"taxonomy":"post_tag","embeddable":true,"href":"https:\/\/semmelweis.hu\/csot\/wp-json\/wp\/v2\/tags?post=4992"}],"curies":[{"name":"wp","href":"https:\/\/api.w.org\/{rel}","templated":true}]}}