{"id":4221,"date":"2019-06-11T10:32:22","date_gmt":"2019-06-11T08:32:22","guid":{"rendered":"http:\/\/csot.semmelweis.hu\/?page_id=4221"},"modified":"2026-04-28T14:40:18","modified_gmt":"2026-04-28T12:40:18","slug":"posztgradualis-oktatas","status":"publish","type":"page","link":"https:\/\/semmelweis.hu\/csot\/a-tanszekrol\/oktato-csaladorvosoknak\/posztgradualis-oktatas\/","title":{"rendered":"Jelentkez\u00e9s posztgradu\u00e1lis akkredit\u00e1lt oktat\u00f3nak"},"content":{"rendered":"<p>A Csal\u00e1dorvosi Tansz\u00e9k akkredit\u00e1lt posztgradu\u00e1lis (szakorvosk\u00e9pz\u00e9s) oktat\u00f3nak v\u00e1rja olyan h\u00e1ziorvos (feln\u0151tt vagy vegyes praxisokban dolgoz\u00f3kat egyar\u00e1nt)\u00a0\u00e9s h\u00e1zi gyermekorvos koll\u00e9gan\u0151k \u00e9s\u00a0 koll\u00e9g\u00e1k jelentkez\u00e9s\u00e9t, akik legal\u00e1bb 5 \u00e9ves szakvizsg\u00e1val rendelkeznek h\u00e1ziorvostanb\u00f3l, illetve csecsem\u0151- \u00e9s gyermekgy\u00f3gy\u00e1szatb\u00f3l.<\/p>\n<p>A posztgradu\u00e1lis k\u00e9pz\u00e9sre akkredit\u00e1lt oktat\u00f3k a gradu\u00e1lis k\u00e9pz\u00e9sben val\u00f3 r\u00e9szv\u00e9telre is jogosultak, munk\u00e1jukra sz\u00e1m\u00edtunk.<\/p>\n<p>Az oktat\u00f3i felk\u00e9sz\u00edt\u0151 tanfolyamra az \u00e9ves si\u00f3foki konferencia keret\u00e9ben ker\u00fcl sor.<\/p>\n<p><a href=\"https:\/\/semmelweis.hu\/csot\/files\/2024\/11\/Akkreditacio-feltetelei.pdf\"><strong>Az akkredit\u00e1ci\u00f3 tov\u00e1bbi felt\u00e9telei<\/strong><\/a><\/p>\n<p>\u00daj akkredit\u00e1lt oktat\u00f3nak jelentkez\u00e9s a Rezidens Akkredit\u00e1lt K\u00e9pz\u0151hely Nyilv\u00e1ntart\u00e1s oldalon t\u00f6rt\u00e9nik, \u00edgy az akkredit\u00e1ci\u00f3 felt\u00e9tele a reny.hu port\u00e1lon t\u00f6rt\u00e9n\u0151 regisztr\u00e1ci\u00f3.\u00a0<\/p>\n<p>K\u00e9sz\u00edtett\u00fcnk egy r\u00e9szletes t\u00e1j\u00e9koztat\u00f3t, ami l\u00e9p\u00e9sr\u0151l l\u00e9p\u00e9sre bemutatja az online regisztr\u00e1ci\u00f3 \u00e9s akkredit\u00e1ci\u00f3 menet\u00e9t:\u00a0<\/p>\n<p><a href=\"https:\/\/semmelweis.hu\/csot\/files\/2026\/04\/RENY-Akkreditacio-2026.pdf\"><strong>H\u00e1ziorvostan akkredit\u00e1ci\u00f3, meg\u00faj\u00edt\u00e1s &#8211; 2026<\/strong><\/a><\/p>\n<p>Amennyiben tov\u00e1bbi k\u00e9rd\u00e9se van az akkredit\u00e1ci\u00f3 menet\u00e9vel kapcsolatban, k\u00e9rj\u00fck forduljon a Szak- \u00e9s Tov\u00e1bbk\u00e9pz\u00e9si K\u00f6zpont \u2013 Akkredit\u00e1ci\u00f3s \u00e9s Rendszerbev\u00e9teli Csoporthoz:<\/p>\n<div class=\"elementToProof\" dir=\"ltr\"><b>Akkredit\u00e1ci\u00f3s \u00e9s Rendszerbev\u00e9teli Csoport \u00fcgyint\u00e9z\u0151i<\/p>\n<p><\/b><\/div>\n<div class=\"elementToProof\" dir=\"ltr\"><b>Szab\u00f3 Vir\u00e1g Bernadett\u00a0<br \/>\n<\/b>e-mail: <a id=\"OWA3f54be05-4d39-3192-e50a-a0883ab39c32\" class=\"OWAAutoLink\" href=\"mailto:szabo.virag@med.semmelweis-univ.hu\"> szabo.virag@semmelweis.hu<\/a><br \/>\ntelefon: +36-1-459-1500\/62245<\/p>\n<\/div>\n<div class=\"elementToProof\" dir=\"ltr\"><b>Dr. Hajd\u00fa Fanni<\/b><\/div>\n<div class=\"elementToProof\" dir=\"ltr\">email: <a id=\"OWAbb5eaa0d-066c-d580-185f-2f4e692f2866\" class=\"OWAAutoLink\" href=\"mailto:hajdu.fanni@semmelweis.hu\"> hajdu.fanni@semmelweis.hu<\/a><\/div>\n<div class=\"elementToProof\" dir=\"ltr\">telefon: +36-1-459-1500\/62244<\/div>\n","protected":false},"excerpt":{"rendered":"<p>A Csal\u00e1dorvosi Tansz\u00e9k akkredit\u00e1lt posztgradu\u00e1lis (szakorvosk\u00e9pz\u00e9s) oktat\u00f3nak v\u00e1rja olyan h\u00e1ziorvos (feln\u0151tt vagy vegyes praxisokban dolgoz\u00f3kat egyar\u00e1nt)\u00a0\u00e9s h\u00e1zi gyermekorvos koll\u00e9gan\u0151k \u00e9s\u00a0 koll\u00e9g\u00e1k jelentkez\u00e9s\u00e9t, akik legal\u00e1bb 5 \u00e9ves szakvizsg\u00e1val rendelkeznek h\u00e1ziorvostanb\u00f3l, illetve csecsem\u0151- \u00e9s gyermekgy\u00f3gy\u00e1szatb\u00f3l. A posztgradu\u00e1lis k\u00e9pz\u00e9sre akkredit\u00e1lt oktat\u00f3k a gradu\u00e1lis k\u00e9pz\u00e9sben val\u00f3 r\u00e9szv\u00e9telre is jogosultak, munk\u00e1jukra sz\u00e1m\u00edtunk. Az oktat\u00f3i felk\u00e9sz\u00edt\u0151 tanfolyamra az \u00e9ves si\u00f3foki konferencia &hellip;<\/p>\n","protected":false},"author":158,"featured_media":0,"parent":4798,"menu_order":0,"comment_status":"closed","ping_status":"closed","template":"","meta":{"_acf_changed":false,"footnotes":""},"categories":[],"tags":[],"class_list":["post-4221","page","type-page","status-publish","hentry"],"acf":[],"publishpress_future_action":{"enabled":false,"date":"1970-01-01 01:00:00","action":"","terms":[],"taxonomy":"","browser_timezone_offset":0},"_links":{"self":[{"href":"https:\/\/semmelweis.hu\/csot\/wp-json\/wp\/v2\/pages\/4221","targetHints":{"allow":["GET"]}}],"collection":[{"href":"https:\/\/semmelweis.hu\/csot\/wp-json\/wp\/v2\/pages"}],"about":[{"href":"https:\/\/semmelweis.hu\/csot\/wp-json\/wp\/v2\/types\/page"}],"author":[{"embeddable":true,"href":"https:\/\/semmelweis.hu\/csot\/wp-json\/wp\/v2\/users\/158"}],"replies":[{"embeddable":true,"href":"https:\/\/semmelweis.hu\/csot\/wp-json\/wp\/v2\/comments?post=4221"}],"version-history":[{"count":10,"href":"https:\/\/semmelweis.hu\/csot\/wp-json\/wp\/v2\/pages\/4221\/revisions"}],"predecessor-version":[{"id":8299,"href":"https:\/\/semmelweis.hu\/csot\/wp-json\/wp\/v2\/pages\/4221\/revisions\/8299"}],"up":[{"embeddable":true,"href":"https:\/\/semmelweis.hu\/csot\/wp-json\/wp\/v2\/pages\/4798"}],"wp:attachment":[{"href":"https:\/\/semmelweis.hu\/csot\/wp-json\/wp\/v2\/media?parent=4221"}],"wp:term":[{"taxonomy":"category","embeddable":true,"href":"https:\/\/semmelweis.hu\/csot\/wp-json\/wp\/v2\/categories?post=4221"},{"taxonomy":"post_tag","embeddable":true,"href":"https:\/\/semmelweis.hu\/csot\/wp-json\/wp\/v2\/tags?post=4221"}],"curies":[{"name":"wp","href":"https:\/\/api.w.org\/{rel}","templated":true}]}}

Jelentkezés posztgraduális akkreditált oktatónak

<p>A Családorvosi Tanszék akkreditált posztgraduális (szakorvosképzés) oktatónak várja olyan háziorvos (felnőtt vagy vegyes praxisokban dolgozókat egyaránt) és házi gyermekorvos kolléganők és  kollégák jelentkezését, akik legalább 5 éves szakvizsgával rendelkeznek háziorvostanból, illetve csecsemő- és gyermekgyógyászatból.</p>
<p>A posztgraduális képzésre akkreditált oktatók a graduális képzésben való részvételre is jogosultak, munkájukra számítunk.</p>
<p>Az oktatói felkészítő tanfolyamra az éves siófoki konferencia keretében kerül sor.</p>
<p><a href="https://semmelweis.hu/csot/files/2024/11/Akkreditacio-feltetelei.pdf"><strong>Az akkreditáció további feltételei</strong></a></p>
<p>Új akkreditált oktatónak jelentkezés a Rezidens Akkreditált Képzőhely Nyilvántartás oldalon történik, így az akkreditáció feltétele a reny.hu portálon történő regisztráció. </p>
<p>Készítettünk egy részletes tájékoztatót, ami lépésről lépésre bemutatja az online regisztráció és akkreditáció menetét: </p>
<p><a href="https://semmelweis.hu/csot/files/2026/04/RENY-Akkreditacio-2026.pdf"><strong>Háziorvostan akkreditáció, megújítás &#8211; 2026</strong></a></p>
<p>Amennyiben további kérdése van az akkreditáció menetével kapcsolatban, kérjük forduljon a Szak- és Továbbképzési Központ – Akkreditációs és Rendszerbevételi Csoporthoz:</p>
<div class="elementToProof" dir="ltr"><b>Akkreditációs és Rendszerbevételi Csoport ügyintézői</p>
<p></b></div>
<div class="elementToProof" dir="ltr"><b>Szabó Virág Bernadett <br />
</b>e-mail: <a id="OWA3f54be05-4d39-3192-e50a-a0883ab39c32" class="OWAAutoLink" href="mailto:szabo.virag@med.semmelweis-univ.hu"> szabo.virag@semmelweis.hu</a><br />
telefon: +36-1-459-1500/62245</p>
</div>
<div class="elementToProof" dir="ltr"><b>Dr. Hajdú Fanni</b></div>
<div class="elementToProof" dir="ltr">email: <a id="OWAbb5eaa0d-066c-d580-185f-2f4e692f2866" class="OWAAutoLink" href="mailto:hajdu.fanni@semmelweis.hu"> hajdu.fanni@semmelweis.hu</a></div>
<div class="elementToProof" dir="ltr">telefon: +36-1-459-1500/62244</div>

<p>A Családorvosi Tanszék akkreditált posztgraduális (szakorvosképzés) oktatónak várja olyan háziorvos (felnőtt vagy vegyes praxisokban dolgozókat egyaránt) és házi gyermekorvos kolléganők és  kollégák jelentkezését, akik legalább 5 éves szakvizsgával rendelkeznek háziorvostanból, illetve csecsemő- és gyermekgyógyászatból. A posztgraduális képzésre akkreditált oktatók a graduális képzésben való részvételre is jogosultak, munkájukra számítunk. Az oktatói felkészítő tanfolyamra az éves siófoki konferencia &hellip;</p>
