{"id":2,"date":"2014-07-24T12:30:20","date_gmt":"2014-07-24T12:30:20","guid":{"rendered":"http:\/\/csot.semmelweis.hu\/?page_id=2"},"modified":"2022-09-06T14:39:48","modified_gmt":"2022-09-06T12:39:48","slug":"a-tanszekrol","status":"publish","type":"page","link":"https:\/\/semmelweis.hu\/csot\/a-tanszekrol\/","title":{"rendered":"A tansz\u00e9kr\u0151l"},"content":{"rendered":"<p style=\"text-align: left;\">A csal\u00e1dorvosl\u00e1s gradu\u00e1lis oktat\u00e1s\u00e1t 1984 \u00f3ta v\u00e9gezz\u00fck. 1992-ben alakult meg a tansz\u00e9k, amelynek feladata a szakk\u00e9pz\u00e9ssel \u00e9s tov\u00e1bbk\u00e9pz\u00e9ssel tov\u00e1bb b\u0151v\u00fclt.<\/p>\n<p style=\"text-align: left;\">A szakma oktat\u00e1sa gyakorlatorient\u00e1lt, b\u00e1zisa az oktat\u00f3 csal\u00e1dorvosi praxis, ahol a nagy gyakorlattal rendelkez\u0151 csal\u00e1dorvosok, napi betegell\u00e1t\u00e1suk bemutat\u00e1s\u00e1val &#8220;egy oktat\u00f3-egy hallgat\u00f3&#8221; munkakapcsolatban mutatj\u00e1k be a szakma saj\u00e1toss\u00e1gait \u00e9s gy\u00f3gy\u00edt\u00f3-megel\u0151z\u0151 munk\u00e1jukat. Ebben az oktat\u00e1sban a tansz\u00e9k f\u0151\u00e1ll\u00e1s\u00fa munkat\u00e1rsai mellett 160 f\u0151v\u00e1rosi \u00e9s vid\u00e9ki oktat\u00f3-csal\u00e1dorvos vesz r\u00e9szt.<\/p>\n<p style=\"text-align: left;\">A gradu\u00e1lis oktat\u00e1sban magyar, angol \u00e9s n\u00e9met nyelve is oktatjuk a csal\u00e1dorvos munk\u00e1j\u00e1nak saj\u00e1toss\u00e1gait, amelyet v\u00e1laszthat\u00f3, k\u00f6telez\u0151 fakult\u00e1ci\u00f3n kiscsoportos szemin\u00e1riumi keretek k\u00f6z\u00f6tt a napi betegell\u00e1t\u00e1s p\u00e9ld\u00e1ival illusztr\u00e1lunk. Lehet\u0151s\u00e9get biztos\u00edtunk tudom\u00e1nyos munka v\u00e9gz\u00e9s\u00e9re, tudom\u00e1nyos di\u00e1kk\u00f6ri munk\u00e1ra, \u00e1llamvizsga dolgozat \u00e9s rektori p\u00e1ly\u00e1zat kidolgoz\u00e1s\u00e1ra.<\/p>\n<p style=\"text-align: left;\">1992-t\u0151l van rezidensi program a tansz\u00e9ken. Didaktikus\u00e1n fel\u00e9p\u00edtett, folyamatosan ellen\u0151rz\u00f6tt k\u00e9pz\u00e9si programot val\u00f3s\u00edtunk meg. Ennek alapja egy csal\u00e1dorvos-mentor mellett, annak praxis\u00e1ban fel\u00fcgyelet\u00e9vel v\u00e9gzett orvosi tev\u00e9kenys\u00e9g. Ez eg\u00e9sz\u00fcl ki k\u00f3rh\u00e1zi gyakorlatokkal, r\u00e9szprogramokkal, amelyek a k\u00e9s\u0151bbi \u00f6n\u00e1ll\u00f3 csal\u00e1dorvosi munka biztons\u00e1gos v\u00e9gz\u00e9s\u00e9hez sz\u00fcks\u00e9ges gyakorlati \u00e9s elm\u00e9leti ismereteket ny\u00fajtj\u00e1k. A rezidensi program alkalmass\u00e1gi vizsg\u00e1val z\u00e1rul, amely ut\u00e1n saj\u00e1t praxisban v\u00e9gzett gyakorlat \u00e9s felk\u00e9sz\u00fcl\u00e9s ut\u00e1n lehet szakvizsg\u00e1t tenni.<\/p>\n<p style=\"text-align: left;\">A tansz\u00e9k Budapesten \u00e9s az Egyetem vonz\u00e1sk\u00f6rlet\u00e9ben folyamatos, tematikus orvostov\u00e1bbk\u00e9pz\u00e9st szervez \u00e9s bonyol\u00edt le, ez k\u00f6zel 500 orvos szakvizsg\u00e1ra val\u00f3 el\u0151k\u00e9sz\u00edt\u00e9s\u00e9t is jelentette.<\/p>\n<p style=\"text-align: left;\">A tudom\u00e1nyos kutat\u00f3munka a csal\u00e1dorvosl\u00e1s oktat\u00e1s\u00e1val, oktat\u00f3k k\u00e9pz\u00e9s\u00e9vel \u00f6sszef\u00fcgg\u00e9sben szervez\u0151dik. Tov\u00e1bbi ter\u00fcletek a napi betegell\u00e1t\u00e1s szervez\u00e9se, a min\u0151s\u00e9gbiztos\u00edt\u00e1s, a kr\u00f3nikus nem fert\u0151z\u0151 betegs\u00e9gben szenved\u0151k gondoz\u00e1sa, a primer \u00e9s szekunder prevenci\u00f3s aktivit\u00e1s, valamint \u00faj vizsg\u00e1l\u00f3elj\u00e1r\u00e1sok gyakorlati bevezet\u00e9se.<\/p>\n","protected":false},"excerpt":{"rendered":"<p>A csal\u00e1dorvosl\u00e1s gradu\u00e1lis oktat\u00e1s\u00e1t tantermi el\u0151ad\u00e1sokkal, szemin\u00e1riumokkal \u00e9s k\u00e9thetes praxisgyakorlattal 1984 \u00f3ta v\u00e9gezz\u00fck. 1992-ben alakult meg a tansz\u00e9k, amelynek feladata a szakk\u00e9pz\u00e9ssel \u00e9s tov\u00e1bbk\u00e9pz\u00e9ssel tov\u00e1bb b\u0151v\u00fclt.<\/p>\n<p>A szakma oktat\u00e1sa gyakorlatorient\u00e1lt, b\u00e1zisa az oktat\u00f3 csal\u00e1dorvosi praxis, ahol a nagy gyakorlattal rendelkez\u0151 csal\u00e1dorvosok, napi betegell\u00e1t\u00e1suk bemutat\u00e1s\u00e1val &#8220;egy oktat\u00f3-egy hallgat\u00f3&#8221; munkakapcsolatban mutatj\u00e1k be a szakma saj\u00e1toss\u00e1gait \u00e9s gy\u00f3gy\u00edt\u00f3-megel\u0151z\u0151 munk\u00e1jukat. Ebben az oktat\u00e1sban a tansz\u00e9k f\u0151\u00e1ll\u00e1s\u00fa tan\u00e1rseg\u00e9dei \u00e9s gyakornokai, mentor-csal\u00e1dorvos-tudom\u00e1nyos munkat\u00e1rsak, \u00e9s \u00f6sszesen 160 f\u0151v\u00e1rosi \u00e9s vid\u00e9ki oktat\u00f3-csal\u00e1dorvos vesz r\u00e9szt.<\/p>\n","protected":false},"author":158,"featured_media":6119,"parent":0,"menu_order":0,"comment_status":"closed","ping_status":"open","template":"","meta":{"_acf_changed":false,"footnotes":""},"categories":[],"tags":[],"class_list":["post-2","page","type-page","status-publish","has-post-thumbnail","hentry"],"acf":[],"publishpress_future_action":{"enabled":false,"date":"1970-01-01 01:00:00","action":"","terms":[],"taxonomy":"","browser_timezone_offset":0},"_links":{"self":[{"href":"https:\/\/semmelweis.hu\/csot\/wp-json\/wp\/v2\/pages\/2","targetHints":{"allow":["GET"]}}],"collection":[{"href":"https:\/\/semmelweis.hu\/csot\/wp-json\/wp\/v2\/pages"}],"about":[{"href":"https:\/\/semmelweis.hu\/csot\/wp-json\/wp\/v2\/types\/page"}],"author":[{"embeddable":true,"href":"https:\/\/semmelweis.hu\/csot\/wp-json\/wp\/v2\/users\/158"}],"replies":[{"embeddable":true,"href":"https:\/\/semmelweis.hu\/csot\/wp-json\/wp\/v2\/comments?post=2"}],"version-history":[{"count":10,"href":"https:\/\/semmelweis.hu\/csot\/wp-json\/wp\/v2\/pages\/2\/revisions"}],"predecessor-version":[{"id":6120,"href":"https:\/\/semmelweis.hu\/csot\/wp-json\/wp\/v2\/pages\/2\/revisions\/6120"}],"wp:featuredmedia":[{"embeddable":true,"href":"https:\/\/semmelweis.hu\/csot\/wp-json\/wp\/v2\/media\/6119"}],"wp:attachment":[{"href":"https:\/\/semmelweis.hu\/csot\/wp-json\/wp\/v2\/media?parent=2"}],"wp:term":[{"taxonomy":"category","embeddable":true,"href":"https:\/\/semmelweis.hu\/csot\/wp-json\/wp\/v2\/categories?post=2"},{"taxonomy":"post_tag","embeddable":true,"href":"https:\/\/semmelweis.hu\/csot\/wp-json\/wp\/v2\/tags?post=2"}],"curies":[{"name":"wp","href":"https:\/\/api.w.org\/{rel}","templated":true}]}}