{"id":10,"date":"2014-07-29T09:36:42","date_gmt":"2014-07-29T07:36:42","guid":{"rendered":"http:\/\/csot.semmelweis.hu\/?page_id=10"},"modified":"2024-11-20T16:12:55","modified_gmt":"2024-11-20T15:12:55","slug":"elerhetoseg","status":"publish","type":"page","link":"https:\/\/semmelweis.hu\/csot\/a-tanszekrol\/elerhetoseg\/","title":{"rendered":"Kapcsolat, \u00fcgyf\u00e9lfogad\u00e1s"},"content":{"rendered":"<h1>\u00dcgyf\u00e9lfogad\u00e1s<\/h1>\n<p><strong>Telefonsz\u00e1m:<\/strong> +36 1 355-8530; +36 1 214-0841<br \/>\n<strong>e-mail:<\/strong> <a href=\"mailto:titkarsag.csot@semmelweis.hu\">titkarsag.csot@semmelweis.hu<\/a>; <a href=\"mailto:fekete.ilona@semmelweis.hu\">fekete.ilona@semmelweis.hu<\/a><\/p>\n<p><strong>H\u00e1ziorvos rezidensek \u00fcgyint\u00e9z\u00e9se:<\/strong> Szamos P\u00e9tern\u00e9<br \/>\ne-mail: <a href=\"mailto:szamos.peterne@semmelweis.hu\">szamos.peterne@semmelweis.hu<\/a><\/p>\n<h2>\u00dcgyf\u00e9lfogad\u00e1si id\u0151<\/h2>\n<p>Szorgalmi id\u0151szakban:<\/p>\n<p>Kedd: 9.00-13.00 \u00f3ra<br \/>\nCs\u00fct\u00f6rt\u00f6k: 12.00-17.00 \u00f3ra<\/p>\n<h1>megk\u00f6zel\u00edt\u00e9s<\/h1>\n<p><strong>Ideiglenes c\u00edm:<\/strong> City Corner Irodah\u00e1z, 1085 Budapest, \u00dcll\u0151i \u00fat 25. f\u00f6ldszint \u00e9s els\u0151 emelet<\/p>\n<p>Az irodah\u00e1zba bel\u00e9pve a port\u00e1n\u00e1l balra kanyarodva az \u00fcvegajt\u00f3n kell az oldals\u00f3 folyos\u00f3ra bel\u00e9pni. Itt ism\u00e9t balra fordulva, a folyos\u00f3 v\u00e9g\u00e9n van a <strong>tansz\u00e9ki titk\u00e1rs\u00e1g<\/strong> ajtaja.<\/p>\n<p>Az <strong>el\u0151ad\u00f3terem<\/strong> az els\u0151 emeleten, a k\u00f6rfolyos\u00f3 t\u00e1voli r\u00e9sz\u00e9n van.<\/p>\n<p><iframe loading=\"lazy\" src=\"https:\/\/www.google.com\/maps\/embed?pb=!1m18!1m12!1m3!1d2696.1376072856556!2d19.063829276050022!3d47.48723259621319!2m3!1f0!2f0!3f0!3m2!1i1024!2i768!4f13.1!3m3!1m2!1s0x4741dc59ee776671%3A0x8bbac50b27bddb3a!2sCity%20Corner%20Irodah%C3%A1z!5e0!3m2!1shu!2shu!4v1732115412323!5m2!1shu!2shu\" width=\"600\" height=\"450\"><\/iframe><\/p>\n","protected":false},"excerpt":{"rendered":"<p>\u00dcgyf\u00e9lfogad\u00e1s Telefonsz\u00e1m: +36 1 355-8530; +36 1 214-0841 e-mail: <a href=\"mailto:titkarsag.csot@semmelweis.hu\">titkarsag.csot@semmelweis.hu<\/a> ; <a href=\"mailto:fekete.ilona@semmelweis.hu\">fekete.ilona@semmelweis.hu<\/a> H\u00e1ziorvos rezidensek \u00fcgyint\u00e9z\u00e9se: Szamos P\u00e9tern\u00e9 e-mail: <a href=\"mailto:szamos.peterne@semmelweis.hu\">szamos.peterne@semmelweis.hu<\/a> \u00dcgyf\u00e9lfogad\u00e1si id\u0151 Szorgalmi id\u0151szakban: Kedd: 9.00-13.00 \u00f3ra Cs\u00fct\u00f6rt\u00f6k: 12.00-17.00 \u00f3ra megk\u00f6zel\u00edt\u00e9s Ideiglenes c\u00edm: City Corner Irodah\u00e1z, 1085 Budapest, \u00dcll\u0151i \u00fat 25. f\u00f6ldszint \u00e9s els\u0151 emelet Az irodah\u00e1zba bel\u00e9pve a port\u00e1n\u00e1l balra kanyarodva az \u00fcvegajt\u00f3n kell az oldals\u00f3 folyos\u00f3ra bel\u00e9pni. &hellip;<\/p>\n","protected":false},"author":158,"featured_media":0,"parent":2,"menu_order":1,"comment_status":"closed","ping_status":"closed","template":"","meta":{"_acf_changed":false,"footnotes":""},"categories":[],"tags":[],"class_list":["post-10","page","type-page","status-publish","hentry"],"acf":[],"publishpress_future_action":{"enabled":false,"date":"1970-01-01 01:00:00","action":"","terms":[],"taxonomy":"","browser_timezone_offset":0},"_links":{"self":[{"href":"https:\/\/semmelweis.hu\/csot\/wp-json\/wp\/v2\/pages\/10","targetHints":{"allow":["GET"]}}],"collection":[{"href":"https:\/\/semmelweis.hu\/csot\/wp-json\/wp\/v2\/pages"}],"about":[{"href":"https:\/\/semmelweis.hu\/csot\/wp-json\/wp\/v2\/types\/page"}],"author":[{"embeddable":true,"href":"https:\/\/semmelweis.hu\/csot\/wp-json\/wp\/v2\/users\/158"}],"replies":[{"embeddable":true,"href":"https:\/\/semmelweis.hu\/csot\/wp-json\/wp\/v2\/comments?post=10"}],"version-history":[{"count":11,"href":"https:\/\/semmelweis.hu\/csot\/wp-json\/wp\/v2\/pages\/10\/revisions"}],"predecessor-version":[{"id":7199,"href":"https:\/\/semmelweis.hu\/csot\/wp-json\/wp\/v2\/pages\/10\/revisions\/7199"}],"up":[{"embeddable":true,"href":"https:\/\/semmelweis.hu\/csot\/wp-json\/wp\/v2\/pages\/2"}],"wp:attachment":[{"href":"https:\/\/semmelweis.hu\/csot\/wp-json\/wp\/v2\/media?parent=10"}],"wp:term":[{"taxonomy":"category","embeddable":true,"href":"https:\/\/semmelweis.hu\/csot\/wp-json\/wp\/v2\/categories?post=10"},{"taxonomy":"post_tag","embeddable":true,"href":"https:\/\/semmelweis.hu\/csot\/wp-json\/wp\/v2\/tags?post=10"}],"curies":[{"name":"wp","href":"https:\/\/api.w.org\/{rel}","templated":true}]}}