{"id":66,"date":"2020-10-21T14:37:41","date_gmt":"2020-10-21T12:37:41","guid":{"rendered":"https:\/\/semmelweis.hu\/csaladbarat\/?page_id=66"},"modified":"2025-07-24T13:44:39","modified_gmt":"2025-07-24T11:44:39","slug":"iskolakezdesi-tamogatas","status":"publish","type":"page","link":"https:\/\/semmelweis.hu\/csaladbarat\/csalad\/iskolakezdesi-tamogatas\/","title":{"rendered":"Iskolakezd\u00e9si t\u00e1mogat\u00e1s"},"content":{"rendered":"<p style=\"text-align: justify\">A Semmelweis Egyetem imm\u00e1r \u00e9vek \u00f3ta t\u00e1mogatja az iskolai tanulm\u00e1nyaikat megkezd\u0151, illetve folytat\u00f3, k\u00f6znevel\u00e9sben r\u00e9szt vev\u0151 gyermekeikre tekintettel dolgoz\u00f3it. Az idei \u00e9vben az arra jogosultak az iskolakezd\u00e9s t\u00e1mogat\u00e1sa \u00e9rdek\u00e9ben\u00a0<\/p>\n<p style=\"text-align: center\"><span style=\"font-size: 18pt\"><strong>minden k\u00f6znevel\u00e9sben r\u00e9sztvev\u0151 gyermek ut\u00e1n 20.000 Ft juttat\u00e1sban r\u00e9szes\u00fclnek.*<\/strong><\/span><\/p>\n<p style=\"text-align: justify\">*Azon munkat\u00e1rsak, akiknek a foglalkoztat\u00e1suk m\u00e9rt\u00e9ke el\u00e9ri vagy meghaladja az 50%-ot (r\u00e9szmunkaid\u0151ben heti legal\u00e1bb 20 \u00f3ra id\u0151tartam\u00fa munkajogviszonyban vagy eg\u00e9szs\u00e9g\u00fcgyi szolg\u00e1lati jogviszonyban \u00e1llnak a Semmelweis Egyetemen), a fenti teljes \u00f6sszegre, m\u00edg az enn\u00e9l kisebb m\u00e9rt\u00e9kben foglalkoztatottak a juttat\u00e1s 50 %-\u00e1ra jogosultak.<\/p>\n<p style=\"text-align: justify\"><strong>Tov\u00e1bbi inform\u00e1ci\u00f3k az Emberier\u0151forr\u00e1s-gazd\u00e1lkod\u00e1si F\u0151igazgat\u00f3s\u00e1g <a href=\"https:\/\/semmelweis.hu\/human\/2025\/07\/18\/iskolakezdesi-tamogatas-3\/\">honlapj\u00e1n<\/a> olvashat\u00f3k.<\/strong><\/p>\n","protected":false},"excerpt":{"rendered":"<p>A Semmelweis Egyetem imm\u00e1r \u00e9vek \u00f3ta t\u00e1mogatja az iskolai tanulm\u00e1nyaikat megkezd\u0151, illetve folytat\u00f3, k\u00f6znevel\u00e9sben r\u00e9szt vev\u0151 gyermekeikre tekintettel dolgoz\u00f3it. Az idei \u00e9vben az arra jogosultak az iskolakezd\u00e9s t\u00e1mogat\u00e1sa \u00e9rdek\u00e9ben\u00a0 minden k\u00f6znevel\u00e9sben r\u00e9sztvev\u0151 gyermek ut\u00e1n 20.000 Ft juttat\u00e1sban r\u00e9szes\u00fclnek.* *Azon munkat\u00e1rsak, akiknek a foglalkoztat\u00e1suk m\u00e9rt\u00e9ke el\u00e9ri vagy meghaladja az 50%-ot (r\u00e9szmunkaid\u0151ben heti legal\u00e1bb 20 \u00f3ra id\u0151tartam\u00fa &hellip;<\/p>\n","protected":false},"author":12,"featured_media":0,"parent":6484,"menu_order":5,"comment_status":"closed","ping_status":"closed","template":"template-fullwidth.php","meta":{"_acf_changed":false,"footnotes":""},"categories":[],"tags":[],"class_list":["post-66","page","type-page","status-publish","hentry"],"acf":[],"_links":{"self":[{"href":"https:\/\/semmelweis.hu\/csaladbarat\/wp-json\/wp\/v2\/pages\/66","targetHints":{"allow":["GET"]}}],"collection":[{"href":"https:\/\/semmelweis.hu\/csaladbarat\/wp-json\/wp\/v2\/pages"}],"about":[{"href":"https:\/\/semmelweis.hu\/csaladbarat\/wp-json\/wp\/v2\/types\/page"}],"author":[{"embeddable":true,"href":"https:\/\/semmelweis.hu\/csaladbarat\/wp-json\/wp\/v2\/users\/12"}],"replies":[{"embeddable":true,"href":"https:\/\/semmelweis.hu\/csaladbarat\/wp-json\/wp\/v2\/comments?post=66"}],"version-history":[{"count":7,"href":"https:\/\/semmelweis.hu\/csaladbarat\/wp-json\/wp\/v2\/pages\/66\/revisions"}],"predecessor-version":[{"id":9655,"href":"https:\/\/semmelweis.hu\/csaladbarat\/wp-json\/wp\/v2\/pages\/66\/revisions\/9655"}],"up":[{"embeddable":true,"href":"https:\/\/semmelweis.hu\/csaladbarat\/wp-json\/wp\/v2\/pages\/6484"}],"wp:attachment":[{"href":"https:\/\/semmelweis.hu\/csaladbarat\/wp-json\/wp\/v2\/media?parent=66"}],"wp:term":[{"taxonomy":"category","embeddable":true,"href":"https:\/\/semmelweis.hu\/csaladbarat\/wp-json\/wp\/v2\/categories?post=66"},{"taxonomy":"post_tag","embeddable":true,"href":"https:\/\/semmelweis.hu\/csaladbarat\/wp-json\/wp\/v2\/tags?post=66"}],"curies":[{"name":"wp","href":"https:\/\/api.w.org\/{rel}","templated":true}]}}