{"id":6435,"date":"2024-11-19T11:13:44","date_gmt":"2024-11-19T10:13:44","guid":{"rendered":"https:\/\/semmelweis.hu\/csaladbarat\/?page_id=6435"},"modified":"2026-03-10T13:45:34","modified_gmt":"2026-03-10T12:45:34","slug":"dietetikai-tanacsadas","status":"publish","type":"page","link":"https:\/\/semmelweis.hu\/csaladbarat\/eletmod\/dietetikai-tanacsadas\/","title":{"rendered":"T\u00e1pl\u00e1lkoz\u00e1si tan\u00e1csad\u00e1s"},"content":{"rendered":"<p style=\"text-align: justify\"><div class=\"responsive-tabs\">\n<h2 class=\"tabtitle\"><strong>Egy\u00e9ni \u00e9letm\u00f3d tan\u00e1csad\u00e1s az Eg\u00e9szs\u00e9gfejleszt\u00e9si K\u00f6zpontban<\/strong><\/h2>\n<div class=\"tabcontent\">\n<\/p>\n<p><img loading=\"lazy\" decoding=\"async\" class=\"wp-image-6957 alignleft\" src=\"https:\/\/semmelweis.hu\/csaladbarat\/files\/2025\/01\/sport-composition-with-colorful-elements-400x286.jpg\" alt=\"\" width=\"312\" height=\"223\" srcset=\"https:\/\/semmelweis.hu\/csaladbarat\/files\/2025\/01\/sport-composition-with-colorful-elements-400x286.jpg 400w, https:\/\/semmelweis.hu\/csaladbarat\/files\/2025\/01\/sport-composition-with-colorful-elements-1024x731.jpg 1024w, https:\/\/semmelweis.hu\/csaladbarat\/files\/2025\/01\/sport-composition-with-colorful-elements-768x549.jpg 768w, https:\/\/semmelweis.hu\/csaladbarat\/files\/2025\/01\/sport-composition-with-colorful-elements-1536x1097.jpg 1536w, https:\/\/semmelweis.hu\/csaladbarat\/files\/2025\/01\/sport-composition-with-colorful-elements-2048x1463.jpg 2048w, https:\/\/semmelweis.hu\/csaladbarat\/files\/2025\/01\/sport-composition-with-colorful-elements-753x538.jpg 753w\" sizes=\"auto, (max-width: 312px) 100vw, 312px\" \/><\/p>\n<p style=\"text-align: justify\">A Semmelweis Egyetem egyik f\u0151 c\u00e9lja az egyetemi polg\u00e1rok eg\u00e9szs\u00e9gi \u00e1llapot\u00e1nak \u00e9s eg\u00e9szs\u00e9gmagatart\u00e1s\u00e1nak a jav\u00edt\u00e1sa. A Csal\u00e1dbar\u00e1t Egyetem Program keret\u00e9ben az Eg\u00e9szs\u00e9gfejleszt\u00e9si\u00a0K\u00f6zpont szakemberei egy\u00e9ni \u00e9letm\u00f3d tan\u00e1csad\u00e1st biztos\u00edtanak.\u00a0<\/p>\n<p style=\"text-align: justify\">Az els\u0151 tan\u00e1csad\u00e1s sor\u00e1n a szakemberek felm\u00e9rik eg\u00e9szs\u00e9gi \u00e1llapot\u00e1t \u00e9s professzion\u00e1lis test\u00f6sszet\u00e9tel-elemz\u00e9st v\u00e9geznek Inbody 270 k\u00e9sz\u00fcl\u00e9kkel, majd egy <strong>komplex eg\u00e9szs\u00e9gtervet \u00e1ll\u00edtanak \u00f6ssze<\/strong>. Ez tartalmazhat t\u00e1pl\u00e1lkoz\u00e1si tan\u00e1csad\u00e1st, \u00e9trendtervez\u00e9st, meghat\u00e1rozott id\u0151k\u00f6z\u00f6nk\u00e9nt konzult\u00e1ci\u00f3s lehet\u0151s\u00e9get okleveles t\u00e1pl\u00e1lkoz\u00e1studom\u00e1nyi szakemberrel, illetve dietetikussal, tov\u00e1bb\u00e1 egy\u00e9ni vagy csoportos mozg\u00e1sprogramot is.<\/p>\n<p style=\"text-align: justify\">A konzult\u00e1ci\u00f3ra online \u00e9s szem\u00e9lyesen is van lehet\u0151s\u00e9g, melyhez id\u0151pontfoglal\u00e1s sz\u00fcks\u00e9ges. A konzult\u00e1ci\u00f3hoz kapcsol\u00f3d\u00f3 minden tov\u00e1bbi inform\u00e1ci\u00f3 el\u00e9rhet\u0151 a <a href=\"https:\/\/semmelweis.hu\/egeszsegfejlesztes\/online-egeszsegszolgaltatasok\/egyeni-tanacsadas\/\">bejelentkez\u00e9si fel\u00fcletre<\/a>\u00a0kattintva.<\/p>\n<\/div><\/div>\n","protected":false},"excerpt":{"rendered":"<p>A Semmelweis Egyetem egyik f\u0151 c\u00e9lja az egyetemi polg\u00e1rok eg\u00e9szs\u00e9gi \u00e1llapot\u00e1nak \u00e9s eg\u00e9szs\u00e9gmagatart\u00e1s\u00e1nak a jav\u00edt\u00e1sa. A Csal\u00e1dbar\u00e1t Egyetem Program keret\u00e9ben az Eg\u00e9szs\u00e9gfejleszt\u00e9si\u00a0K\u00f6zpont szakemberei egy\u00e9ni \u00e9letm\u00f3d tan\u00e1csad\u00e1st biztos\u00edtanak.\u00a0 Az els\u0151 tan\u00e1csad\u00e1s sor\u00e1n a szakemberek felm\u00e9rik eg\u00e9szs\u00e9gi \u00e1llapot\u00e1t \u00e9s professzion\u00e1lis test\u00f6sszet\u00e9tel-elemz\u00e9st v\u00e9geznek Inbody 270 k\u00e9sz\u00fcl\u00e9kkel, majd egy komplex eg\u00e9szs\u00e9gtervet \u00e1ll\u00edtanak \u00f6ssze. Ez tartalmazhat t\u00e1pl\u00e1lkoz\u00e1si tan\u00e1csad\u00e1st, \u00e9trendtervez\u00e9st, meghat\u00e1rozott &hellip;<\/p>\n","protected":false},"author":101174,"featured_media":6957,"parent":6434,"menu_order":3,"comment_status":"closed","ping_status":"closed","template":"","meta":{"_acf_changed":false,"footnotes":""},"categories":[],"tags":[],"class_list":["post-6435","page","type-page","status-publish","has-post-thumbnail","hentry"],"acf":[],"_links":{"self":[{"href":"https:\/\/semmelweis.hu\/csaladbarat\/wp-json\/wp\/v2\/pages\/6435","targetHints":{"allow":["GET"]}}],"collection":[{"href":"https:\/\/semmelweis.hu\/csaladbarat\/wp-json\/wp\/v2\/pages"}],"about":[{"href":"https:\/\/semmelweis.hu\/csaladbarat\/wp-json\/wp\/v2\/types\/page"}],"author":[{"embeddable":true,"href":"https:\/\/semmelweis.hu\/csaladbarat\/wp-json\/wp\/v2\/users\/101174"}],"replies":[{"embeddable":true,"href":"https:\/\/semmelweis.hu\/csaladbarat\/wp-json\/wp\/v2\/comments?post=6435"}],"version-history":[{"count":10,"href":"https:\/\/semmelweis.hu\/csaladbarat\/wp-json\/wp\/v2\/pages\/6435\/revisions"}],"predecessor-version":[{"id":11558,"href":"https:\/\/semmelweis.hu\/csaladbarat\/wp-json\/wp\/v2\/pages\/6435\/revisions\/11558"}],"up":[{"embeddable":true,"href":"https:\/\/semmelweis.hu\/csaladbarat\/wp-json\/wp\/v2\/pages\/6434"}],"wp:featuredmedia":[{"embeddable":true,"href":"https:\/\/semmelweis.hu\/csaladbarat\/wp-json\/wp\/v2\/media\/6957"}],"wp:attachment":[{"href":"https:\/\/semmelweis.hu\/csaladbarat\/wp-json\/wp\/v2\/media?parent=6435"}],"wp:term":[{"taxonomy":"category","embeddable":true,"href":"https:\/\/semmelweis.hu\/csaladbarat\/wp-json\/wp\/v2\/categories?post=6435"},{"taxonomy":"post_tag","embeddable":true,"href":"https:\/\/semmelweis.hu\/csaladbarat\/wp-json\/wp\/v2\/tags?post=6435"}],"curies":[{"name":"wp","href":"https:\/\/api.w.org\/{rel}","templated":true}]}}