{"id":62,"date":"2020-10-21T14:36:11","date_gmt":"2020-10-21T12:36:11","guid":{"rendered":"https:\/\/semmelweis.hu\/csaladbarat\/?page_id=62"},"modified":"2025-01-29T12:25:29","modified_gmt":"2025-01-29T11:25:29","slug":"eletpalya-modellek","status":"publish","type":"page","link":"https:\/\/semmelweis.hu\/csaladbarat\/tamogatas\/eletpalya-modellek\/","title":{"rendered":"\u00c9letp\u00e1lya modellek"},"content":{"rendered":"<p style=\"text-align: justify\">A Semmelweis Egyetem az elm\u00falt \u00e9vekben t\u00f6bb \u00e9letp\u00e1lyamodellt is elind\u00edtott, mivel mind az oktat\u00e1s-kutat\u00e1s, mind a betegell\u00e1t\u00e1s ter\u00e9n strat\u00e9giai c\u00e9l a munkaer\u0151 megtart\u00e1sa \u00e9s megbecs\u00fcl\u00e9se.\u00a0Int\u00e9zm\u00e9ny\u00fcnk betegell\u00e1t\u00e1sban bet\u00f6lt\u00f6tt meghat\u00e1roz\u00f3 szerepe, eg\u00e9szs\u00e9g\u00fcgyi szakdolgoz\u00f3ink jelent\u0151s l\u00e9tsz\u00e1ma ok\u00e1n fontos c\u00e9lkit\u0171z\u00e9s\u00fcnk a n\u0151v\u00e9rhi\u00e1ny enyh\u00edt\u00e9se \u00e9s a szakdolgoz\u00f3i elv\u00e1ndorl\u00e1s megf\u00e9kez\u00e9se. Ennek \u00e9rdek\u00e9ben eddig h\u00e1rom ter\u00fcleten ind\u00edtottunk el <a href=\"https:\/\/semmelweis.hu\/human\/2020\/02\/13\/tajekoztato-a-humaneroforrasmegtartasi-es-fejlesztesi-koncepcio-vegrehajtasanak-folytatasarol\/\" target=\"_blank\" rel=\"noopener noreferrer\">\u00e9letp\u00e1lyamodellt<\/a>:<\/p>\n<ul style=\"list-style-type: square\">\n<li style=\"text-align: justify\">A 2016-ban elind\u00edtott <strong>szakdolgoz\u00f3i \u00e9letp\u00e1lyamodell<\/strong> biztos\u00edtja, hogy a Klinikai K\u00f6zpont al\u00e1 tartoz\u00f3 szervezeti egys\u00e9gekben h\u00e1romm\u0171szakos munkarendben dolgoz\u00f3, legal\u00e1bb \u201eC\u201d fizet\u00e9si oszt\u00e1lyba sorolt munkat\u00e1rsak illetm\u00e9nye a mindenkori szakdolgoz\u00f3i b\u00e9rt\u00e1bla szerinti illetm\u00e9nyt 10 %-kal, a legal\u00e1bb \u00f6t \u00e9ve folyamatosan a Semmelweis Egyetem k\u00f6zalkalmazotti \u00e1llom\u00e1ny\u00e1ban l\u00e9v\u0151 eg\u00e9szs\u00e9g\u00fcgyi szakdolgoz\u00f3k eset\u00e9ben 15 %-kal meghaladja.<\/li>\n<li style=\"text-align: justify\">2019. augusztus 1-je \u00f3ta az Egyetem h\u00e1rom <strong>korasz\u00fcl\u00f6tt intenz\u00edv<\/strong> (PIC\/NIC) oszt\u00e1ly\u00e1n dolgoz\u00f3 eg\u00e9szs\u00e9g\u00fcgyi szakdolgoz\u00f3k \u00e1tlagosan 25-30 %-os illetm\u00e9nyemel\u00e9sben r\u00e9szes\u00fclnek, amely differenci\u00e1ltan, az \u00e9rintett klinik\u00e1k vezet\u0151inek \u00e9rt\u00e9kel\u00e9se \u00e9s d\u00f6nt\u00e9se alapj\u00e1n, az adott ter\u00fcleten (PIC\/NIC) t\u00f6rt\u00e9n\u0151 foglalkoztat\u00e1s idej\u00e9re t\u00f6rt\u00e9nik.<\/li>\n<\/ul>\n<p style=\"text-align: justify\">Az <strong>oktat\u00e1s-kutat\u00e1s ter\u00fclet\u00e9n<\/strong> 2017-ben ind\u00edtottuk el az egyetemi \u00e9letp\u00e1lyamodellt. Az \u00c1ltal\u00e1nos Orvostudom\u00e1nyi Karon, a Fogorvostudom\u00e1nyi Karon \u00e9s a Gy\u00f3gyszer\u00e9sztudom\u00e1nyi Karon az \u00e9letp\u00e1lyamodell biztos\u00edtja, hogy az oktat\u00f3i, kutat\u00f3i, tan\u00e1ri munkak\u00f6r\u00f6kben foglalkoztatott k\u00f6zalkalmazottak az oktat\u00f3i\/kutat\u00f3i\/tan\u00e1ri illetm\u00e9nyt\u00e1bla szerinti garant\u00e1lt illetm\u00e9ny\u00fckh\u00f6z k\u00e9pest 207.000 Ft \u00f6sszeggel magasabb illetm\u00e9nyben r\u00e9szes\u00fclnek. Az Eg\u00e9szs\u00e9g\u00fcgyi K\u00f6zszolg\u00e1lati Karon, az Eg\u00e9szs\u00e9gtudom\u00e1nyi Karon, a Pet\u0151 Andr\u00e1s Karon, valamint a k\u00f6zponti ter\u00fcleteken oktat\u00f3i, kutat\u00f3i \u00e9s tan\u00e1ri munkak\u00f6rben, tov\u00e1bb\u00e1 a k\u00f6nyvt\u00e1rban \u00e9s lev\u00e9lt\u00e1rban kultur\u00e1lis k\u00f6zalkalmazotti munkak\u00f6r\u00f6kben dolgoz\u00f3 egyetemi munkat\u00e1rsak tekintet\u00e9ben a fent eml\u00edtett h\u00e1rom karhoz hasonl\u00f3, de kisebb m\u00e9rt\u00e9k\u0171 (a garant\u00e1lt illetm\u00e9nyhez k\u00e9pest 100 000 Ft-tal n\u00f6velt \u00f6sszeg\u0171 illetm\u00e9nyt eredm\u00e9nyez\u0151) b\u00e9remel\u00e9s ker\u00fclt bevezet\u00e9sre.<\/p>\n","protected":false},"excerpt":{"rendered":"<p>A Semmelweis Egyetem az elm\u00falt \u00e9vekben t\u00f6bb \u00e9letp\u00e1lyamodellt is elind\u00edtott, mivel mind az oktat\u00e1s-kutat\u00e1s, mind a betegell\u00e1t\u00e1s ter\u00e9n strat\u00e9giai c\u00e9l a munkaer\u0151 megtart\u00e1sa \u00e9s megbecs\u00fcl\u00e9se.\u00a0Int\u00e9zm\u00e9ny\u00fcnk betegell\u00e1t\u00e1sban bet\u00f6lt\u00f6tt meghat\u00e1roz\u00f3 szerepe, eg\u00e9szs\u00e9g\u00fcgyi szakdolgoz\u00f3ink jelent\u0151s l\u00e9tsz\u00e1ma ok\u00e1n fontos c\u00e9lkit\u0171z\u00e9s\u00fcnk a n\u0151v\u00e9rhi\u00e1ny enyh\u00edt\u00e9se \u00e9s a szakdolgoz\u00f3i elv\u00e1ndorl\u00e1s megf\u00e9kez\u00e9se. Ennek \u00e9rdek\u00e9ben eddig h\u00e1rom ter\u00fcleten ind\u00edtottunk el <a href=\"https:\/\/semmelweis.hu\/human\/2020\/02\/13\/tajekoztato-a-humaneroforrasmegtartasi-es-fejlesztesi-koncepcio-vegrehajtasanak-folytatasarol\/\" target=\"_blank\" rel=\"noopener noreferrer\">\u00e9letp\u00e1lyamodellt<\/a> : A 2016-ban elind\u00edtott &hellip;<\/p>\n","protected":false},"author":12,"featured_media":0,"parent":6486,"menu_order":0,"comment_status":"closed","ping_status":"closed","template":"template-fullwidth.php","meta":{"_acf_changed":false,"footnotes":""},"categories":[],"tags":[],"class_list":["post-62","page","type-page","status-publish","hentry"],"acf":[],"_links":{"self":[{"href":"https:\/\/semmelweis.hu\/csaladbarat\/wp-json\/wp\/v2\/pages\/62","targetHints":{"allow":["GET"]}}],"collection":[{"href":"https:\/\/semmelweis.hu\/csaladbarat\/wp-json\/wp\/v2\/pages"}],"about":[{"href":"https:\/\/semmelweis.hu\/csaladbarat\/wp-json\/wp\/v2\/types\/page"}],"author":[{"embeddable":true,"href":"https:\/\/semmelweis.hu\/csaladbarat\/wp-json\/wp\/v2\/users\/12"}],"replies":[{"embeddable":true,"href":"https:\/\/semmelweis.hu\/csaladbarat\/wp-json\/wp\/v2\/comments?post=62"}],"version-history":[{"count":5,"href":"https:\/\/semmelweis.hu\/csaladbarat\/wp-json\/wp\/v2\/pages\/62\/revisions"}],"predecessor-version":[{"id":3761,"href":"https:\/\/semmelweis.hu\/csaladbarat\/wp-json\/wp\/v2\/pages\/62\/revisions\/3761"}],"up":[{"embeddable":true,"href":"https:\/\/semmelweis.hu\/csaladbarat\/wp-json\/wp\/v2\/pages\/6486"}],"wp:attachment":[{"href":"https:\/\/semmelweis.hu\/csaladbarat\/wp-json\/wp\/v2\/media?parent=62"}],"wp:term":[{"taxonomy":"category","embeddable":true,"href":"https:\/\/semmelweis.hu\/csaladbarat\/wp-json\/wp\/v2\/categories?post=62"},{"taxonomy":"post_tag","embeddable":true,"href":"https:\/\/semmelweis.hu\/csaladbarat\/wp-json\/wp\/v2\/tags?post=62"}],"curies":[{"name":"wp","href":"https:\/\/api.w.org\/{rel}","templated":true}]}}