{"id":34,"date":"2020-10-21T13:43:25","date_gmt":"2020-10-21T11:43:25","guid":{"rendered":"https:\/\/semmelweis.hu\/csaladbarat\/?page_id=34"},"modified":"2025-02-24T08:29:14","modified_gmt":"2025-02-24T07:29:14","slug":"semmelweis-kartya","status":"publish","type":"page","link":"https:\/\/semmelweis.hu\/csaladbarat\/semmelweis-kartya\/","title":{"rendered":"Semmelweis K\u00e1rtya"},"content":{"rendered":"<div class=\"responsive-tabs\">\n<h2 class=\"tabtitle\">Hol \u00e9rhetem el a Semmelweis K\u00e1rty\u00e1mat?<\/h2>\n<div class=\"tabcontent\">\n\n<p><img loading=\"lazy\" decoding=\"async\" class=\"wp-image-7003 aligncenter\" src=\"https:\/\/semmelweis.hu\/csaladbarat\/files\/2025\/01\/HOGYAN-HASZNALJAM-A-SEMMELWEIS-KARTYAMAT-2-283x400.png\" alt=\"\" width=\"530\" height=\"749\" srcset=\"https:\/\/semmelweis.hu\/csaladbarat\/files\/2025\/01\/HOGYAN-HASZNALJAM-A-SEMMELWEIS-KARTYAMAT-2-283x400.png 283w, https:\/\/semmelweis.hu\/csaladbarat\/files\/2025\/01\/HOGYAN-HASZNALJAM-A-SEMMELWEIS-KARTYAMAT-2-724x1024.png 724w, https:\/\/semmelweis.hu\/csaladbarat\/files\/2025\/01\/HOGYAN-HASZNALJAM-A-SEMMELWEIS-KARTYAMAT-2-768x1086.png 768w, https:\/\/semmelweis.hu\/csaladbarat\/files\/2025\/01\/HOGYAN-HASZNALJAM-A-SEMMELWEIS-KARTYAMAT-2-1086x1536.png 1086w, https:\/\/semmelweis.hu\/csaladbarat\/files\/2025\/01\/HOGYAN-HASZNALJAM-A-SEMMELWEIS-KARTYAMAT-2-753x1065.png 753w, https:\/\/semmelweis.hu\/csaladbarat\/files\/2025\/01\/HOGYAN-HASZNALJAM-A-SEMMELWEIS-KARTYAMAT-2.png 1414w\" sizes=\"auto, (max-width: 530px) 100vw, 530px\" \/><\/p>\n<p style=\"text-align: justify\">\n<\/div><h2 class=\"tabtitle\">\u00c1ltal\u00e1nos inform\u00e1ci\u00f3k<\/h2>\n<div class=\"tabcontent\">\n<\/p>\n<h1 style=\"text-align: center\"><span style=\"color: #ff0000\">K\u00e9rd\u00e9s eset\u00e9n keresse munkat\u00e1rsainkat a semmelweis.kartya@semmelweis.hu e-mail c\u00edmen!<\/span><\/h1>\n<h1 style=\"text-align: justify\">Hogyan m\u0171k\u00f6dik a Semmelweis K\u00e1rtya?<\/h1>\n<p style=\"text-align: justify\">A Semmelweis K\u00e1rtya olyan egyedi azonos\u00edt\u00f3val, QR k\u00f3ddal \u00e9s vonalk\u00f3ddal ell\u00e1tott virtu\u00e1lis \u00e9s ig\u00e9ny szerint plasztik k\u00e1rtya, ami hozz\u00e1f\u00e9r\u00e9st biztos\u00edt a Csal\u00e1dbar\u00e1t Egyetem Program szolg\u00e1ltat\u00e1saihoz.\u00a0<\/p>\n<div class=\"keretes w-100\" style=\"text-align: justify\">\n<p>Az egyetemi polg\u00e1rok a k\u00e1rtya egyedi azonos\u00edt\u00f3j\u00e1val igazolhatj\u00e1k, hogy jogosultak a programban el\u00e9rhet\u0151 <span style=\"font-size: 1rem\"><a href=\"https:\/\/semmelweis.hu\/csaladbarat\/egeszsegugyi-ellatas\/szurovizsgalatok\/\">eg\u00e9szs\u00e9g\u00fcgyi<\/a>, illetve<\/span><span style=\"font-size: 1rem\">\u00a0<\/span><a href=\"https:\/\/semmelweis.hu\/csaladbarat\/egeszsegugyi-ellatas\/mentalis-egeszseget-tamogato-programok\/\" target=\"_blank\" rel=\"noopener\">ment\u00e1lhigi\u00e9n\u00e9s szolg\u00e1ltat\u00e1sokra, <\/a><span style=\"font-size: 1rem\">valamint a szerz\u0151d\u00e9ses partnerekn\u00e9l a sport, kult\u00fara \u00e9s egy\u00e9b ter\u00fcleteken el\u00e9rhet\u0151 <a href=\"https:\/\/semmelweis.hu\/csaladbarat\/kedvezmenyek\/\" target=\"_blank\" rel=\"noopener\">kedvezm\u00e9nyekre, szolg\u00e1ltat\u00e1sokra<\/a>.<\/span><\/p>\n<\/div>\n<h6 style=\"text-align: justify\">Az egyetemi munkat\u00e1rsakat <strong>a pr\u00f3baid\u0151 letelt\u00e9t<\/strong> <strong>k\u00f6vet\u0151en e-mailben \u00e9rtes\u00edtj\u00fck<\/strong> (a lev\u00e9l az al\u00e1bbi email c\u00edmr\u0151l \u00e9rkezik: noreply@mail.ugyfelkartya.hu) a virtu\u00e1lis k\u00e1rtya aktiv\u00e1l\u00e1s\u00e1r\u00f3l. A hallgat\u00f3k a f\u00e9l\u00e9v els\u0151 fel\u00e9ben \u00fagyszint\u00e9n e-mailben juthatnak hozz\u00e1 k\u00e1rty\u00e1jukhoz.<\/h6>\n<p style=\"text-align: justify\">A felhaszn\u00e1l\u00f3 a regisztr\u00e1ci\u00f3t meger\u0151s\u00edt\u0151 e-mailben tal\u00e1l egy linket, melyre kattintva be tud l\u00e9pni a\u00a0 <a href=\"https:\/\/kartya.semmelweis.hu\/belepes\">Semmelweis K\u00e1rtya webes fel\u00fclet\u00e9re<\/a>. <strong><a href=\"https:\/\/kartya.semmelweis.hu\/hozzaferesi_jogosultsag_ellenorzese\">IDE<\/a> kattintva ellen\u0151rizheti, hogy Semmelweis K\u00e1rty\u00e1ja l\u00e9tre lett-e hozva.<\/strong> Az alkalmaz\u00e1sban szem\u00e9lyes adatok, adatkezel\u00e9si t\u00e1j\u00e9koztat\u00f3, k\u00e1rtyaszab\u00e1lyzat, valamint a kedvezm\u00e9nyek list\u00e1ja tal\u00e1lhat\u00f3.<\/p>\n<div class=\"fontos_div\" style=\"text-align: justify\">\n<p>A k\u00e1rtya a munkaviszony, illetve a hallgat\u00f3i jogviszony megsz\u0171n\u00e9s\u00e9nek napj\u00e1ig \u00e9rv\u00e9nyes.<\/p>\n<\/div>\n<p style=\"text-align: justify\">A Semmelweis Egyetem alumnusai sz\u00e1m\u00e1ra is van lehet\u0151s\u00e9g Semmelweis K\u00e1rtya ig\u00e9nyl\u00e9s\u00e9re. \u0150k bord\u00f3, az Alumni Igazgat\u00f3s\u00e1g log\u00f3j\u00e1val ell\u00e1tott k\u00e1rty\u00e1t kapnak. Az \u00fcgyint\u00e9z\u00e9st <a href=\"https:\/\/semmelweis.hu\/alumni\/alumni-halozat\/alumninetwork\/\" target=\"_blank\" rel=\"noopener\">IDE <\/a>kattintva kezdheti el.<\/p>\n<p style=\"text-align: justify\">A Semmelweis K\u00e1rtya elveszt\u00e9s\u00e9t be kell jelenteni a <a href=\"mailto:csaladbarat@semmelweis-univ.hu\">semmelweis.kartya@semmelweis.hu<\/a> c\u00edmen, ahol egy\u00fattal \u00faj k\u00e1rty\u00e1t is lehet ig\u00e9nyelni.<\/p>\n<p style=\"text-align: justify\">Tov\u00e1bbi k\u00e9rd\u00e9sek eset\u00e9n k\u00e9rj\u00fck, b\u00f6ng\u00e9sszen a Gyakran Ism\u00e9telt K\u00e9rd\u00e9sek f\u00fclben, vagy \u00edrjon a <a href=\"mailto:csaladbarat@semmelweis-univ.hu\">semmelweis.kartya@semmelweis.hu<\/a> email c\u00edmre.\u00a0<\/p>\n<p>A K\u00e1rtya Szab\u00e1lyzat <a href=\"https:\/\/semmelweis.hu\/csaladbarat\/files\/2024\/11\/Kartya-szabalyzat.pdf\">IDE<\/a> kattintva \u00e9rhete\u0151 el.\u00a0<\/p>\n<p style=\"text-align: justify\">\n<\/div><h2 class=\"tabtitle\">Gyakori k\u00e9rd\u00e9sek<\/h2>\n<div class=\"tabcontent\">\n<\/p>\n<h1 style=\"text-align: justify\">Gyakran ism\u00e9telt K\u00e9rd\u00e9sek<\/h1>\n<h5 style=\"text-align: justify\">Lej\u00e1rt a pr\u00f3baid\u0151m\/h\u00f3napok \u00f3ta tart az oktat\u00e1s, m\u00e9gsem kaptam Semmelweis K\u00e1rty\u00e1t. Mi a teend\u0151m?<\/h5>\n<p style=\"text-align: justify\">Amennyiben jogosult Semmelweis K\u00e1rty\u00e1ra (vagyis dolgoz\u00f3, hallgat\u00f3), \u00fagy automatikusan elk\u00e9sz\u00edtj\u00fck virtu\u00e1lis k\u00e1rty\u00e1j\u00e1t, melyr\u0151l e-mailben \u00e9rtes\u00edtj\u00fck. El\u0151fordulhat, hogy a regisztr\u00e1ci\u00f3t meger\u0151s\u00edt\u0151 e-mail elkeveredik. <strong>Ilyen esetben<\/strong>\u00a0<strong><a href=\"https:\/\/kartya.semmelweis.hu\/hozzaferesi_jogosultsag_ellenorzese\">IDE<\/a> kattintva \u00d6n is ellen\u0151rizheti, hogy Semmelweis k\u00e1rty\u00e1ja l\u00e9tre lett-e hozva. <\/strong>A bel\u00e9p\u00e9s sor\u00e1n felmer\u00fclt probl\u00e9m\u00e1t k\u00e9rj\u00fck jelezze a <a href=\"mailto:csaladbarat@semmelweis-univ.hu\">semmelweis.kartya@semmelweis.hu<\/a> c\u00edmen.\u00a0<\/p>\n<h5 style=\"text-align: justify\">A k\u00e1rty\u00e1hoz tartoz\u00f3 mobil applik\u00e1ci\u00f3t honnan tudom let\u00f6lteni?<\/h5>\n<p style=\"text-align: justify\">A Semmelweis K\u00e1rtya alkalmaz\u00e1st <a href=\"https:\/\/kartya.semmelweis.hu\/\/\">mobiltelefonj\u00e1ra is le tudja t\u00f6lteni<\/a>, \u00edgy virtu\u00e1lis k\u00e1rty\u00e1ja mindig \u00d6nn\u00e9l lesz.<\/p>\n<h5 style=\"text-align: justify\">Szeretn\u00e9k plasztik k\u00e1rty\u00e1t. Hogyan tudom ig\u00e9nyelni?<\/h5>\n<p style=\"text-align: justify\">A <a href=\"mailto:csaladbarat@semmelweis-univ.hu\">semmelweis.kartya@semmelweis.hu<\/a> e-mail c\u00edmen ig\u00e9nyelhet plasztik k\u00e1rty\u00e1t. A dolgoz\u00f3k t\u00fcrkiz, a hallgat\u00f3k k\u00e9k, az alumnusok bord\u00f3 sz\u00edn\u0171 k\u00e1rty\u00e1t kapnak.\u00a0<\/p>\n<h5 style=\"text-align: justify\">Rendelkeztem hallgat\u00f3i k\u00e1rty\u00e1val, de ma m\u00e1r munkaviszonyom van az egyetemmel. \u00daj k\u00e1rty\u00e1ra lesz sz\u00fcks\u00e9gem?<\/h5>\n<p style=\"text-align: justify\">A hallgat\u00f3i k\u00e1rty\u00e1t a hallgat\u00f3i jogviszony v\u00e9g\u00e9vel inaktiv\u00e1ljuk, a l\u00e9trej\u00f6tt munkajogviszonyra tekintettel a pr\u00f3baid\u0151 lej\u00e1rta ut\u00e1n automatikusan \u00fajat hozunk l\u00e9tre.<\/p>\n<h5 style=\"text-align: justify\">Alumnusok is jogosultak Semmelweis K\u00e1rty\u00e1ra?<\/h5>\n<p style=\"text-align: justify\">A Semmelweis Egyetem alumnusai sz\u00e1m\u00e1ra is van lehet\u0151s\u00e9g Semmelweis K\u00e1rtya ig\u00e9nyl\u00e9s\u00e9re. Az \u00fcgyint\u00e9z\u00e9st\u00a0<a href=\"https:\/\/semmelweis.hu\/alumni\/alumni-halozat\/alumninetwork\/\">ITT<\/a> kezdheti el.\u00a0 K\u00e9rj\u00fck, amennyiben \u00d6n egykori egyetemi hallgat\u00f3k\u00e9nt imm\u00e1r az egyetem munkat\u00e1rsa, els\u0151sorban a dolgoz\u00f3i k\u00e1rty\u00e1t vegye ig\u00e9nybe. Ha nem kapott e-mailben \u00e9rtes\u00edt\u00e9st a k\u00e1rtya aktiv\u00e1l\u00e1s\u00e1r\u00f3l, k\u00e9rj\u00fck jelezze a <a href=\"mailto:csaladbarat@semmelweis-univ.hu\">csaladbarat@semmelweis.hu<\/a>\u00a0email c\u00edmen. Ennek az\u00e9rt is van jelent\u0151ss\u00e9ge, mert a dolgoz\u00f3i k\u00e1rty\u00e1val t\u00f6bbf\u00e9le szolg\u00e1ltat\u00e1st \u00e9s kedvezm\u00e9nyt vehet ig\u00e9nybe.<\/p>\n<h5 style=\"text-align: justify\">Doktorandusz vagyok, \u00e9n is ig\u00e9nyelhetek Semmelweis K\u00e1rty\u00e1t?<\/h5>\n<p style=\"text-align: justify\">Igen, amennyiben az egyetemmel akt\u00edv hallgat\u00f3i jogviszonyban \u00e1ll.<\/p>\n<h5 style=\"text-align: justify\">Pr\u00f3baid\u0151 alatt kaphatok Semmelweis K\u00e1rty\u00e1t?<\/h5>\n<p style=\"text-align: justify\">Az egyetem munkav\u00e1llal\u00f3i a jelenlegi elj\u00e1r\u00e1srend \u00e9rtelm\u00e9ben csak a pr\u00f3baid\u0151 lej\u00e1rt\u00e1t k\u00f6vet\u0151en kaphatnak Semmelweis K\u00e1rty\u00e1t.<\/p>\n<h5 style=\"text-align: justify\">Elveszett a Semmelweis K\u00e1rty\u00e1m, mi a teend\u0151?<\/h5>\n<p style=\"text-align: justify\">Amennyiben elveszett a plasztik k\u00e1rty\u00e1ja, a\u00a0<a href=\"mailto:csaladbarat@semmelweis-univ.hu\" target=\"_blank\" rel=\"noopener\">semmelweis.kartya@semmelweis.hu<\/a>\u00a0email c\u00edmen tudja bejelenteni, \u00e9s ig\u00e9ny szerint \u00fajat k\u00e9rni. Ha a virtu\u00e1lis k\u00e1rty\u00e1ja PIN k\u00f3dj\u00e1t felejtette el, akkor a\u00a0<a href=\"https:\/\/kartya.semmelweis.hu\/\/\" target=\"_blank\" rel=\"noopener\">kartya.semmelweis.hu<\/a>\u00a0oldalon tud \u00fajat ig\u00e9nyelni.<\/p>\n<h5 style=\"text-align: justify\">Szerz\u0151d\u00e9ses kapcsolatban \u00e1llok a Semmelweis Egyetemmel. Kaphatok Semmelweis K\u00e1rty\u00e1t?<\/h5>\n<p style=\"text-align: justify\">A Csal\u00e1dbar\u00e1t Egyetem Program, \u00e9s \u00edgy a Semmelweis K\u00e1rtya kiz\u00e1r\u00f3lag az egyetem munkat\u00e1rsait, hallgat\u00f3it, valamint alumnusait illeti meg. Szerz\u0151d\u00e9ses jogviszony eset\u00e9ben nem kaphat k\u00e1rty\u00e1t.<\/p>\n<h5 style=\"text-align: justify\">\u00c9szrev\u00e9teleim, javaslataim vannak a Csal\u00e1dbar\u00e1t Egyetem Programmal kapcsolatban. Hov\u00e1 k\u00fcldhetem el azokat?<\/h5>\n<p style=\"text-align: justify\">\u00d6r\u00f6mmel vessz\u00fck \u00e9szrev\u00e9teleit, javaslatait, melyeket a <a href=\"mailto:csaladbarat@semmelweis-univ.hu\" target=\"_blank\" rel=\"noopener\">semmelweis.kartya@semmelweis.hu<\/a>\u00a0c\u00edmen v\u00e1runk.<\/p>\n<p style=\"text-align: justify\"><\/div><\/div><\/p>\n","protected":false},"excerpt":{"rendered":"<p>K\u00e9rd\u00e9s eset\u00e9n keresse munkat\u00e1rsainkat a semmelweis.kartya@semmelweis.hu e-mail c\u00edmen! Hogyan m\u0171k\u00f6dik a Semmelweis K\u00e1rtya? A Semmelweis K\u00e1rtya olyan egyedi azonos\u00edt\u00f3val, QR k\u00f3ddal \u00e9s vonalk\u00f3ddal ell\u00e1tott virtu\u00e1lis \u00e9s ig\u00e9ny szerint plasztik k\u00e1rtya, ami hozz\u00e1f\u00e9r\u00e9st biztos\u00edt a Csal\u00e1dbar\u00e1t Egyetem Program szolg\u00e1ltat\u00e1saihoz.\u00a0 Az egyetemi polg\u00e1rok a k\u00e1rtya egyedi azonos\u00edt\u00f3j\u00e1val igazolhatj\u00e1k, hogy jogosultak a programban el\u00e9rhet\u0151 <a href=\"https:\/\/semmelweis.hu\/csaladbarat\/egeszsegugyi-ellatas\/szurovizsgalatok\/\">eg\u00e9szs\u00e9g\u00fcgyi<\/a> , illetve\u00a0 <a href=\"https:\/\/semmelweis.hu\/csaladbarat\/egeszsegugyi-ellatas\/mentalis-egeszseget-tamogato-programok\/\" target=\"_blank\" rel=\"noopener\">ment\u00e1lhigi\u00e9n\u00e9s szolg\u00e1ltat\u00e1sokra, <\/a> valamint a &hellip;<\/p>\n","protected":false},"author":12,"featured_media":0,"parent":0,"menu_order":1,"comment_status":"closed","ping_status":"closed","template":"","meta":{"_acf_changed":false,"footnotes":""},"categories":[],"tags":[],"class_list":["post-34","page","type-page","status-publish","hentry"],"acf":[],"_links":{"self":[{"href":"https:\/\/semmelweis.hu\/csaladbarat\/wp-json\/wp\/v2\/pages\/34","targetHints":{"allow":["GET"]}}],"collection":[{"href":"https:\/\/semmelweis.hu\/csaladbarat\/wp-json\/wp\/v2\/pages"}],"about":[{"href":"https:\/\/semmelweis.hu\/csaladbarat\/wp-json\/wp\/v2\/types\/page"}],"author":[{"embeddable":true,"href":"https:\/\/semmelweis.hu\/csaladbarat\/wp-json\/wp\/v2\/users\/12"}],"replies":[{"embeddable":true,"href":"https:\/\/semmelweis.hu\/csaladbarat\/wp-json\/wp\/v2\/comments?post=34"}],"version-history":[{"count":12,"href":"https:\/\/semmelweis.hu\/csaladbarat\/wp-json\/wp\/v2\/pages\/34\/revisions"}],"predecessor-version":[{"id":7923,"href":"https:\/\/semmelweis.hu\/csaladbarat\/wp-json\/wp\/v2\/pages\/34\/revisions\/7923"}],"wp:attachment":[{"href":"https:\/\/semmelweis.hu\/csaladbarat\/wp-json\/wp\/v2\/media?parent=34"}],"wp:term":[{"taxonomy":"category","embeddable":true,"href":"https:\/\/semmelweis.hu\/csaladbarat\/wp-json\/wp\/v2\/categories?post=34"},{"taxonomy":"post_tag","embeddable":true,"href":"https:\/\/semmelweis.hu\/csaladbarat\/wp-json\/wp\/v2\/tags?post=34"}],"curies":[{"name":"wp","href":"https:\/\/api.w.org\/{rel}","templated":true}]}}