{"id":15892,"date":"2023-05-17T13:35:27","date_gmt":"2023-05-17T11:35:27","guid":{"rendered":"https:\/\/semmelweis.hu\/corefacility\/?page_id=15892"},"modified":"2024-03-01T13:42:27","modified_gmt":"2024-03-01T12:42:27","slug":"bioinformatics-lab","status":"publish","type":"page","link":"https:\/\/semmelweis.hu\/corefacility\/home\/bioinformatics-lab\/","title":{"rendered":"Bioinformatics Lab"},"content":{"rendered":"<div class=\"keretes\" style=\"border-left: 6px solid #4d9de0 !important\">\n<p><strong>Head of Core Facility<br \/>\n<\/strong>Bence K\u00e1roly \u00c1gg, MD, PhD<\/p>\n<p><strong>Core Facility Address<br \/>\n<\/strong>Department of Pharmacology and Pharmacotherapy<br \/>\nNagyv\u00e1rad t\u00e9r 4.<br \/>\n1089\u00a0<span style=\"font-size: 1rem\">Budapest<\/span><\/p>\n<p><strong>Contact E-mail<br \/>\n<\/strong>to: Ariel Czak\u00f3<br \/>\n<a href=\"mailto:czako.ariel@semmeilweis.hu\">czako.ariel@semmeilweis.hu<\/a><br \/>\ncc: Bence K\u00e1roly \u00c1gg, MD, PhD<br \/>\n<a href=\"mailto:agg.bence@semmelweis.hu\" target=\"_blank\" rel=\"noopener\">agg.bence@semmelweis.hu<\/a><\/p>\n<p><strong>Number of staff<br \/>\n<\/strong>13<\/p>\n<p><strong>Quality Control<br \/>\n<\/strong>ISO 9001<\/p>\n<\/div>\n<h4><strong>What we offer<\/strong><\/h4>\n<ul style=\"list-style-type: square\">\n<li>Network theoretical microRNA target prediction<\/li>\n<li>Analysis of adverse event report databases<\/li>\n<\/ul>\n<h4><strong>Why work with us<\/strong><\/h4>\n<ul style=\"list-style-type: square\">\n<li>Our network-theory and\/or machine learning-based methodologies could enable drug target discovery<\/li>\n<li>Prediction of toxicity of drug candidates<\/li>\n<\/ul>\n<h4><strong>equipment<\/strong><\/h4>\n<ul style=\"list-style-type: square\">\n<li>In our lab, hardware infrastructure and human resources (bioinformaticians) are available for network theoretical and machine learning-based analyses<\/li>\n<\/ul>\n<h4><strong>References<\/strong><\/h4>\n<ul style=\"list-style-type: square\">\n<li><a href=\"http:\/\/www.ncbi.nlm.nih.gov\/pmc\/articles\/pmc9561003\/\" target=\"_blank\" rel=\"noopener\">http:\/\/www.ncbi.nlm.nih.gov\/pmc\/articles\/pmc9561003\/<\/a><\/li>\n<li><a href=\"http:\/\/www.ncbi.nlm.nih.gov\/pmc\/articles\/pmc9438144\/\" target=\"_blank\" rel=\"noopener\">http:\/\/www.ncbi.nlm.nih.gov\/pmc\/articles\/pmc9438144\/<\/a><\/li>\n<\/ul>\n<p>&nbsp;<\/p>\n<p><img loading=\"lazy\" decoding=\"async\" class=\"\" src=\"https:\/\/semmelweis.hu\/corefacility\/files\/2023\/06\/Bioinformatics-analysis-of-RNA-sequencing-datasets-e1685698693495.jpg\" alt=\"Bioinformatics analysis of RNA sequencing datasets\" width=\"933\" height=\"523\" \/><\/p>\n","protected":false},"excerpt":{"rendered":"<p>Head of Core Facility Bence K\u00e1roly \u00c1gg, MD, PhD Core Facility Address Department of Pharmacology and Pharmacotherapy Nagyv\u00e1rad t\u00e9r 4. 1089\u00a0Budapest Contact E-mail to: Ariel Czak\u00f3 <a href=\"mailto:czako.ariel@semmeilweis.hu\">czako.ariel@semmeilweis.hu<\/a> cc: Bence K\u00e1roly \u00c1gg, MD, PhD <a href=\"mailto:agg.bence@semmelweis.hu\" target=\"_blank\" rel=\"noopener\">agg.bence@semmelweis.hu<\/a> Number of staff 13 Quality Control ISO 9001 What we offer Network theoretical microRNA target prediction Analysis of adverse event report databases Why &hellip;<\/p>\n","protected":false},"author":102026,"featured_media":15900,"parent":14502,"menu_order":0,"comment_status":"closed","ping_status":"closed","template":"template-fullwidth.php","meta":{"_acf_changed":false,"footnotes":""},"categories":[15,22],"tags":[33],"class_list":["post-15892","page","type-page","status-publish","has-post-thumbnail","hentry","category-core-facility","category-drug-targetting-toxicology-pharmacovigilance","tag-analysis"],"acf":[],"_links":{"self":[{"href":"https:\/\/semmelweis.hu\/corefacility\/wp-json\/wp\/v2\/pages\/15892","targetHints":{"allow":["GET"]}}],"collection":[{"href":"https:\/\/semmelweis.hu\/corefacility\/wp-json\/wp\/v2\/pages"}],"about":[{"href":"https:\/\/semmelweis.hu\/corefacility\/wp-json\/wp\/v2\/types\/page"}],"author":[{"embeddable":true,"href":"https:\/\/semmelweis.hu\/corefacility\/wp-json\/wp\/v2\/users\/102026"}],"replies":[{"embeddable":true,"href":"https:\/\/semmelweis.hu\/corefacility\/wp-json\/wp\/v2\/comments?post=15892"}],"version-history":[{"count":11,"href":"https:\/\/semmelweis.hu\/corefacility\/wp-json\/wp\/v2\/pages\/15892\/revisions"}],"predecessor-version":[{"id":16498,"href":"https:\/\/semmelweis.hu\/corefacility\/wp-json\/wp\/v2\/pages\/15892\/revisions\/16498"}],"up":[{"embeddable":true,"href":"https:\/\/semmelweis.hu\/corefacility\/wp-json\/wp\/v2\/pages\/14502"}],"wp:featuredmedia":[{"embeddable":true,"href":"https:\/\/semmelweis.hu\/corefacility\/wp-json\/wp\/v2\/media\/15900"}],"wp:attachment":[{"href":"https:\/\/semmelweis.hu\/corefacility\/wp-json\/wp\/v2\/media?parent=15892"}],"wp:term":[{"taxonomy":"category","embeddable":true,"href":"https:\/\/semmelweis.hu\/corefacility\/wp-json\/wp\/v2\/categories?post=15892"},{"taxonomy":"post_tag","embeddable":true,"href":"https:\/\/semmelweis.hu\/corefacility\/wp-json\/wp\/v2\/tags?post=15892"}],"curies":[{"name":"wp","href":"https:\/\/api.w.org\/{rel}","templated":true}]}}