{"id":15608,"date":"2023-04-28T13:34:07","date_gmt":"2023-04-28T11:34:07","guid":{"rendered":"https:\/\/semmelweis.hu\/corefacility\/?page_id=15608"},"modified":"2024-11-07T15:23:49","modified_gmt":"2024-11-07T14:23:49","slug":"cell-culture-and-cell-sorting-core","status":"publish","type":"page","link":"https:\/\/semmelweis.hu\/corefacility\/home\/cell-culture-and-cell-sorting-core\/","title":{"rendered":"Cell culture and Cell Sorting Core"},"content":{"rendered":"<div class=\"keretes\" style=\"border-left: 6px solid #4d9de0 !important\">\n<p><strong>Head of Core Facility<br \/>\n<\/strong>Anik\u00f3 G\u00f6rbe PhD<\/p>\n<p><strong>Core Facility Address<br \/>\n<\/strong>Department of Pharmacology and Pharmacotherapy<br \/>\nNagyv\u00e1rad t\u00e9r 4.<br \/>\n1089 Budapest<\/p>\n<p><strong>Contact E-mails<br \/>\n<\/strong>to: Anik\u00f3 G\u00f6rbe PhD<br \/>\n<a href=\"mailto:gorbe.aniko@semmelweis.hu\" target=\"_blank\" rel=\"noopener\">gorbe.aniko@semmelweis.hu<\/a><br \/>\nbc: Zsolt Istv\u00e1n Koml\u00f3si Dr.\u00a0<br \/>\n<a href=\"mailto:komlosi.zsolt@semmelweis.hu\">komlosi.zsolt@semmelweis.hu<\/a><\/p>\n<p><strong>Number of staff<br \/>\n<\/strong>5<\/p>\n<p><strong>Quality Control<br \/>\n<\/strong>ISO 9001<\/p>\n<\/div>\n<h4><strong>What we offer<\/strong><\/h4>\n<ul style=\"list-style-type: square\">\n<li>There is an opportunity for culture and investigation of different types of cardiomyocytes and other cell cultures<\/li>\n<li>Drug toxicity, viability, apoptosis, and other molecular assays can be performed in the cultures using molecular biology instruments<\/li>\n<li>Fluorescence-based sorting is available on a new generation chip-based sorter<\/li>\n<\/ul>\n<p>&nbsp;<\/p>\n<h4><strong>Why work with us<\/strong><\/h4>\n<p>The primary objectives of the cell culture core facility are:<\/p>\n<ul style=\"list-style-type: square\">\n<li>to use innovative R&amp;D platforms based on in vitro experimental models for the treatment of ischemic heart disease and heart failure, to identify therapeutic molecular targets<\/li>\n<li>to detect hidden cardiotoxicity of drug therapies<\/li>\n<li>to perform oncopharmacological research<\/li>\n<li>to operate a cell-derived exosome isolation platform, fluorescence-based cell sorting<\/li>\n<\/ul>\n<p>&nbsp;<\/p>\n<h4><strong>OUR equipments<\/strong><\/h4>\n<ul style=\"list-style-type: square\">\n<li>Laminar hoods for primary cells and cell lines<br \/>\nseparately standard CO2 incubator<\/li>\n<li>Tri-gas incubator (hypoxic chamber)<\/li>\n<li>Thermo Varioscan LUX multimode microplate reader<\/li>\n<li>Autoclave, Tuttnauer<\/li>\n<li>VACUSAFE Aspiration System<\/li>\n<li>Sony LE-SH800SFP instrument<\/li>\n<\/ul>\n<p>&nbsp;<\/p>\n<h4><strong>References<\/strong><\/h4>\n<ul style=\"list-style-type: square\">\n<li><a href=\"http:\/\/www.ncbi.nlm.nih.gov\/pmc\/articles\/pmc8602362\/\" target=\"_blank\" rel=\"noopener\">http:\/\/www.ncbi.nlm.nih.gov\/pmc\/articles\/pmc8602362\/<\/a><\/li>\n<li><a href=\"http:\/\/www.ncbi.nlm.nih.gov\/pmc\/articles\/pmc8508629\/\" target=\"_blank\" rel=\"noopener\">http:\/\/www.ncbi.nlm.nih.gov\/pmc\/articles\/pmc8508629\/<\/a><\/li>\n<li><a href=\"https:\/\/pubmed.ncbi.nlm.nih.gov\/34959166\/\" target=\"_blank\" rel=\"noopener\">https:\/\/pubmed.ncbi.nlm.nih.gov\/34959166\/<\/a><\/li>\n<li><a href=\"https:\/\/pubmed.ncbi.nlm.nih.gov\/32827678\/\" target=\"_blank\" rel=\"noopener\">https:\/\/pubmed.ncbi.nlm.nih.gov\/32827678\/<\/a><\/li>\n<li><a href=\"https:\/\/pubmed.ncbi.nlm.nih.gov\/27403231\/\" target=\"_blank\" rel=\"noopener\">https:\/\/pubmed.ncbi.nlm.nih.gov\/27403231\/<\/a><\/li>\n<\/ul>\n","protected":false},"excerpt":{"rendered":"<p>Head of Core Facility Anik\u00f3 G\u00f6rbe PhD Core Facility Address Department of Pharmacology and Pharmacotherapy Nagyv\u00e1rad t\u00e9r 4. 1089 Budapest Contact E-mails to: Anik\u00f3 G\u00f6rbe PhD <a href=\"mailto:gorbe.aniko@semmelweis.hu\" target=\"_blank\" rel=\"noopener\">gorbe.aniko@semmelweis.hu<\/a> bc: Zsolt Istv\u00e1n Koml\u00f3si Dr.\u00a0 <a href=\"mailto:komlosi.zsolt@semmelweis.hu\">komlosi.zsolt@semmelweis.hu<\/a> Number of staff 5 Quality Control ISO 9001 What we offer There is an opportunity for culture and investigation of different types of cardiomyocytes &hellip;<\/p>\n","protected":false},"author":102026,"featured_media":15396,"parent":14502,"menu_order":0,"comment_status":"closed","ping_status":"closed","template":"template-fullwidth.php","meta":{"_acf_changed":false,"footnotes":""},"categories":[15,22],"tags":[],"class_list":["post-15608","page","type-page","status-publish","has-post-thumbnail","hentry","category-core-facility","category-drug-targetting-toxicology-pharmacovigilance"],"acf":[],"_links":{"self":[{"href":"https:\/\/semmelweis.hu\/corefacility\/wp-json\/wp\/v2\/pages\/15608","targetHints":{"allow":["GET"]}}],"collection":[{"href":"https:\/\/semmelweis.hu\/corefacility\/wp-json\/wp\/v2\/pages"}],"about":[{"href":"https:\/\/semmelweis.hu\/corefacility\/wp-json\/wp\/v2\/types\/page"}],"author":[{"embeddable":true,"href":"https:\/\/semmelweis.hu\/corefacility\/wp-json\/wp\/v2\/users\/102026"}],"replies":[{"embeddable":true,"href":"https:\/\/semmelweis.hu\/corefacility\/wp-json\/wp\/v2\/comments?post=15608"}],"version-history":[{"count":10,"href":"https:\/\/semmelweis.hu\/corefacility\/wp-json\/wp\/v2\/pages\/15608\/revisions"}],"predecessor-version":[{"id":16504,"href":"https:\/\/semmelweis.hu\/corefacility\/wp-json\/wp\/v2\/pages\/15608\/revisions\/16504"}],"up":[{"embeddable":true,"href":"https:\/\/semmelweis.hu\/corefacility\/wp-json\/wp\/v2\/pages\/14502"}],"wp:featuredmedia":[{"embeddable":true,"href":"https:\/\/semmelweis.hu\/corefacility\/wp-json\/wp\/v2\/media\/15396"}],"wp:attachment":[{"href":"https:\/\/semmelweis.hu\/corefacility\/wp-json\/wp\/v2\/media?parent=15608"}],"wp:term":[{"taxonomy":"category","embeddable":true,"href":"https:\/\/semmelweis.hu\/corefacility\/wp-json\/wp\/v2\/categories?post=15608"},{"taxonomy":"post_tag","embeddable":true,"href":"https:\/\/semmelweis.hu\/corefacility\/wp-json\/wp\/v2\/tags?post=15608"}],"curies":[{"name":"wp","href":"https:\/\/api.w.org\/{rel}","templated":true}]}}