{"id":1737,"date":"2025-11-27T09:00:14","date_gmt":"2025-11-27T08:00:14","guid":{"rendered":"https:\/\/semmelweis.hu\/cadavercourse\/?page_id=1737"},"modified":"2025-11-30T11:23:03","modified_gmt":"2025-11-30T10:23:03","slug":"prof-lazar-davidovic","status":"publish","type":"page","link":"https:\/\/semmelweis.hu\/cadavercourse\/oktatok\/prof-lazar-davidovic\/","title":{"rendered":"Prof. Lazar Davidovic"},"content":{"rendered":"<p><img loading=\"lazy\" decoding=\"async\" class=\"size-medium wp-image-1507 alignright\" src=\"https:\/\/semmelweis.hu\/cadavercourse\/files\/2025\/11\/Kepernyofoto-2025-11-10-13.36.09-1-266x400.png\" alt=\"\" width=\"266\" height=\"400\" srcset=\"https:\/\/semmelweis.hu\/cadavercourse\/files\/2025\/11\/Kepernyofoto-2025-11-10-13.36.09-1-266x400.png 266w, https:\/\/semmelweis.hu\/cadavercourse\/files\/2025\/11\/Kepernyofoto-2025-11-10-13.36.09-1.png 623w\" sizes=\"auto, (max-width: 266px) 100vw, 266px\" \/>A Belgr\u00e1di Egyetem \u00e9rseb\u00e9szeti professzora \u00e9s a Szerbiai Klinikai K\u00f6zpont \u00e9r- \u00e9s endovaszkul\u00e1ris seb\u00e9szeti klinik\u00e1j\u00e1nak vezet\u0151je. Szakter\u00fclete a hasi aorta aneurizma rupt\u00far\u00e1ja \u00e9s a mellkasi-hasi aortaseb\u00e9szet.<\/p>\n","protected":false},"excerpt":{"rendered":"<p>A Belgr\u00e1di Egyetem \u00e9rseb\u00e9szeti professzora \u00e9s a Szerbiai Klinikai K\u00f6zpont \u00e9r- \u00e9s endovaszkul\u00e1ris seb\u00e9szeti klinik\u00e1j\u00e1nak vezet\u0151je. Szakter\u00fclete a hasi aorta aneurizma rupt\u00far\u00e1ja \u00e9s a mellkasi-hasi aortaseb\u00e9szet.<\/p>\n","protected":false},"author":102572,"featured_media":1501,"parent":1747,"menu_order":0,"comment_status":"closed","ping_status":"closed","template":"template-fullwidth.php","meta":{"_acf_changed":false,"footnotes":""},"categories":[62,64],"tags":[],"class_list":["post-1737","page","type-page","status-publish","has-post-thumbnail","hentry","category-ersebeszet","category-klinikus-oktatok"],"acf":[],"_links":{"self":[{"href":"https:\/\/semmelweis.hu\/cadavercourse\/wp-json\/wp\/v2\/pages\/1737","targetHints":{"allow":["GET"]}}],"collection":[{"href":"https:\/\/semmelweis.hu\/cadavercourse\/wp-json\/wp\/v2\/pages"}],"about":[{"href":"https:\/\/semmelweis.hu\/cadavercourse\/wp-json\/wp\/v2\/types\/page"}],"author":[{"embeddable":true,"href":"https:\/\/semmelweis.hu\/cadavercourse\/wp-json\/wp\/v2\/users\/102572"}],"replies":[{"embeddable":true,"href":"https:\/\/semmelweis.hu\/cadavercourse\/wp-json\/wp\/v2\/comments?post=1737"}],"version-history":[{"count":1,"href":"https:\/\/semmelweis.hu\/cadavercourse\/wp-json\/wp\/v2\/pages\/1737\/revisions"}],"predecessor-version":[{"id":1738,"href":"https:\/\/semmelweis.hu\/cadavercourse\/wp-json\/wp\/v2\/pages\/1737\/revisions\/1738"}],"up":[{"embeddable":true,"href":"https:\/\/semmelweis.hu\/cadavercourse\/wp-json\/wp\/v2\/pages\/1747"}],"wp:featuredmedia":[{"embeddable":true,"href":"https:\/\/semmelweis.hu\/cadavercourse\/wp-json\/wp\/v2\/media\/1501"}],"wp:attachment":[{"href":"https:\/\/semmelweis.hu\/cadavercourse\/wp-json\/wp\/v2\/media?parent=1737"}],"wp:term":[{"taxonomy":"category","embeddable":true,"href":"https:\/\/semmelweis.hu\/cadavercourse\/wp-json\/wp\/v2\/categories?post=1737"},{"taxonomy":"post_tag","embeddable":true,"href":"https:\/\/semmelweis.hu\/cadavercourse\/wp-json\/wp\/v2\/tags?post=1737"}],"curies":[{"name":"wp","href":"https:\/\/api.w.org\/{rel}","templated":true}]}}

<p><img loading="lazy" decoding="async" class="size-medium wp-image-1507 alignright" src="https://semmelweis.hu/cadavercourse/files/2025/11/Kepernyofoto-2025-11-10-13.36.09-1-266x400.png" alt="" width="266" height="400" srcset="https://semmelweis.hu/cadavercourse/files/2025/11/Kepernyofoto-2025-11-10-13.36.09-1-266x400.png 266w, https://semmelweis.hu/cadavercourse/files/2025/11/Kepernyofoto-2025-11-10-13.36.09-1.png 623w" sizes="auto, (max-width: 266px) 100vw, 266px" />A Belgrádi Egyetem érsebészeti professzora és a Szerbiai Klinikai Központ ér- és endovaszkuláris sebészeti klinikájának vezetője. Szakterülete a hasi aorta aneurizma ruptúrája és a mellkasi-hasi aortasebészet.</p>

<p>A Belgrádi Egyetem érsebészeti professzora és a Szerbiai Klinikai Központ ér- és endovaszkuláris sebészeti klinikájának vezetője. Szakterülete a hasi aorta aneurizma ruptúrája és a mellkasi-hasi aortasebészet.</p>
