{"id":1723,"date":"2025-11-27T14:32:15","date_gmt":"2025-11-27T13:32:15","guid":{"rendered":"https:\/\/semmelweis.hu\/cadavercourse\/?page_id=1723"},"modified":"2025-11-28T08:02:01","modified_gmt":"2025-11-28T07:02:01","slug":"dr-cseko-andras","status":"publish","type":"page","link":"https:\/\/semmelweis.hu\/cadavercourse\/oktatok\/dr-cseko-andras\/","title":{"rendered":"Dr. Cs\u00e9k\u00f3 Andr\u00e1s"},"content":{"rendered":"<p><img loading=\"lazy\" decoding=\"async\" class=\"size-medium wp-image-1562 alignright\" src=\"https:\/\/semmelweis.hu\/cadavercourse\/files\/2025\/11\/Andras-Cseko-MD_picture-265x400.jpeg\" alt=\"\" width=\"265\" height=\"400\" srcset=\"https:\/\/semmelweis.hu\/cadavercourse\/files\/2025\/11\/Andras-Cseko-MD_picture-265x400.jpeg 265w, https:\/\/semmelweis.hu\/cadavercourse\/files\/2025\/11\/Andras-Cseko-MD_picture-679x1024.jpeg 679w, https:\/\/semmelweis.hu\/cadavercourse\/files\/2025\/11\/Andras-Cseko-MD_picture-768x1158.jpeg 768w, https:\/\/semmelweis.hu\/cadavercourse\/files\/2025\/11\/Andras-Cseko-MD_picture-753x1135.jpeg 753w, https:\/\/semmelweis.hu\/cadavercourse\/files\/2025\/11\/Andras-Cseko-MD_picture.jpeg 806w\" sizes=\"auto, (max-width: 265px) 100vw, 265px\" \/>Cs\u00e9k\u00f3 Andr\u00e1s 2022-ben kiv\u00e1l\u00f3 min\u0151s\u00edt\u00e9ssel szerezte meg aneszteziol\u00f3giai \u00e9s intenz\u00edv ter\u00e1pi\u00e1s szakvizsg\u00e1j\u00e1t. Sz\u00e9les k\u00f6r\u0171 tapasztalattal rendelkezik mind a k\u00f3rh\u00e1zi, mind a prehospit\u00e1lis s\u00fcrg\u0151ss\u00e9gi orvosl\u00e1s ter\u00e9n.<\/p>\n<p>Jelenleg aneszteziol\u00f3gusk\u00e9nt \u00e9s s\u00fcrg\u0151ss\u00e9gi konzult\u00e1nsk\u00e9nt dolgozik a \u00c9szak-Pesti Centrumk\u00f3rh\u00e1z \u2013 Honv\u00e9d K\u00f3rh\u00e1z S\u00fcrg\u0151ss\u00e9gi Oszt\u00e1ly\u00e1n, ahol egyetemi \u00e9s posztgradu\u00e1lis oktat\u00e1sban is r\u00e9szt vesz, bele\u00e9rtve a szimul\u00e1ci\u00f3alap\u00fa k\u00e9pz\u00e9st \u00e9s a protokollok kidolgoz\u00e1s\u00e1t. 2024 \u00f3ta az orsz\u00e1gos Ment\u0151szolg\u00e1latn\u00e1l is dolgozik s\u00fcrg\u0151ss\u00e9gi orvosk\u00e9nt, 2025 \u00f3ta pedig a Magyar L\u00e9giment\u0151 Szolg\u00e1latn\u00e1l HEMS orvosk\u00e9nt.<\/p>\n<p>A Semmelweis Egyetem ment\u0151s k\u00e9pz\u00e9si programj\u00e1ban tan\u00edt elm\u00e9leti intenz\u00edv ter\u00e1pi\u00e1t, \u00e9s teljes jog\u00fa ERC oktat\u00f3 az Eur\u00f3pai Traumatol\u00f3giai Tanfolyamon.<\/p>\n<p>F\u0151 szakmai \u00e9rdekl\u0151d\u00e9si ter\u00fcletei a prehospit\u00e1lis kritikus ell\u00e1t\u00e1s, a traumakezel\u00e9s, a l\u00e9g\u00fatmenedzsment \u00e9s a szimul\u00e1ci\u00f3alap\u00fa orvosi oktat\u00e1s.<\/p>\n","protected":false},"excerpt":{"rendered":"<p>Cs\u00e9k\u00f3 Andr\u00e1s 2022-ben kiv\u00e1l\u00f3 min\u0151s\u00edt\u00e9ssel szerezte meg aneszteziol\u00f3giai \u00e9s intenz\u00edv ter\u00e1pi\u00e1s szakvizsg\u00e1j\u00e1t. Sz\u00e9les k\u00f6r\u0171 tapasztalattal rendelkezik mind a k\u00f3rh\u00e1zi, mind a prehospit\u00e1lis s\u00fcrg\u0151ss\u00e9gi orvosl\u00e1s ter\u00e9n. Jelenleg aneszteziol\u00f3gusk\u00e9nt \u00e9s s\u00fcrg\u0151ss\u00e9gi konzult\u00e1nsk\u00e9nt dolgozik a \u00c9szak-Pesti Centrumk\u00f3rh\u00e1z \u2013 Honv\u00e9d K\u00f3rh\u00e1z S\u00fcrg\u0151ss\u00e9gi Oszt\u00e1ly\u00e1n, ahol egyetemi \u00e9s posztgradu\u00e1lis oktat\u00e1sban is r\u00e9szt vesz, bele\u00e9rtve a szimul\u00e1ci\u00f3alap\u00fa k\u00e9pz\u00e9st \u00e9s a protokollok kidolgoz\u00e1s\u00e1t. &hellip;<\/p>\n","protected":false},"author":102572,"featured_media":1584,"parent":1747,"menu_order":0,"comment_status":"closed","ping_status":"closed","template":"template-fullwidth.php","meta":{"_acf_changed":false,"footnotes":""},"categories":[64,54],"tags":[],"class_list":["post-1723","page","type-page","status-publish","has-post-thumbnail","hentry","category-klinikus-oktatok","category-legut"],"acf":[],"_links":{"self":[{"href":"https:\/\/semmelweis.hu\/cadavercourse\/wp-json\/wp\/v2\/pages\/1723","targetHints":{"allow":["GET"]}}],"collection":[{"href":"https:\/\/semmelweis.hu\/cadavercourse\/wp-json\/wp\/v2\/pages"}],"about":[{"href":"https:\/\/semmelweis.hu\/cadavercourse\/wp-json\/wp\/v2\/types\/page"}],"author":[{"embeddable":true,"href":"https:\/\/semmelweis.hu\/cadavercourse\/wp-json\/wp\/v2\/users\/102572"}],"replies":[{"embeddable":true,"href":"https:\/\/semmelweis.hu\/cadavercourse\/wp-json\/wp\/v2\/comments?post=1723"}],"version-history":[{"count":1,"href":"https:\/\/semmelweis.hu\/cadavercourse\/wp-json\/wp\/v2\/pages\/1723\/revisions"}],"predecessor-version":[{"id":1724,"href":"https:\/\/semmelweis.hu\/cadavercourse\/wp-json\/wp\/v2\/pages\/1723\/revisions\/1724"}],"up":[{"embeddable":true,"href":"https:\/\/semmelweis.hu\/cadavercourse\/wp-json\/wp\/v2\/pages\/1747"}],"wp:featuredmedia":[{"embeddable":true,"href":"https:\/\/semmelweis.hu\/cadavercourse\/wp-json\/wp\/v2\/media\/1584"}],"wp:attachment":[{"href":"https:\/\/semmelweis.hu\/cadavercourse\/wp-json\/wp\/v2\/media?parent=1723"}],"wp:term":[{"taxonomy":"category","embeddable":true,"href":"https:\/\/semmelweis.hu\/cadavercourse\/wp-json\/wp\/v2\/categories?post=1723"},{"taxonomy":"post_tag","embeddable":true,"href":"https:\/\/semmelweis.hu\/cadavercourse\/wp-json\/wp\/v2\/tags?post=1723"}],"curies":[{"name":"wp","href":"https:\/\/api.w.org\/{rel}","templated":true}]}}

Dr. Csékó András

<p><img loading="lazy" decoding="async" class="size-medium wp-image-1562 alignright" src="https://semmelweis.hu/cadavercourse/files/2025/11/Andras-Cseko-MD_picture-265x400.jpeg" alt="" width="265" height="400" srcset="https://semmelweis.hu/cadavercourse/files/2025/11/Andras-Cseko-MD_picture-265x400.jpeg 265w, https://semmelweis.hu/cadavercourse/files/2025/11/Andras-Cseko-MD_picture-679x1024.jpeg 679w, https://semmelweis.hu/cadavercourse/files/2025/11/Andras-Cseko-MD_picture-768x1158.jpeg 768w, https://semmelweis.hu/cadavercourse/files/2025/11/Andras-Cseko-MD_picture-753x1135.jpeg 753w, https://semmelweis.hu/cadavercourse/files/2025/11/Andras-Cseko-MD_picture.jpeg 806w" sizes="auto, (max-width: 265px) 100vw, 265px" />Csékó András 2022-ben kiváló minősítéssel szerezte meg aneszteziológiai és intenzív terápiás szakvizsgáját. Széles körű tapasztalattal rendelkezik mind a kórházi, mind a prehospitális sürgősségi orvoslás terén.</p>
<p>Jelenleg aneszteziológusként és sürgősségi konzultánsként dolgozik a Észak-Pesti Centrumkórház – Honvéd Kórház Sürgősségi Osztályán, ahol egyetemi és posztgraduális oktatásban is részt vesz, beleértve a szimulációalapú képzést és a protokollok kidolgozását. 2024 óta az országos Mentőszolgálatnál is dolgozik sürgősségi orvosként, 2025 óta pedig a Magyar Légimentő Szolgálatnál HEMS orvosként.</p>
<p>A Semmelweis Egyetem mentős képzési programjában tanít elméleti intenzív terápiát, és teljes jogú ERC oktató az Európai Traumatológiai Tanfolyamon.</p>
<p>Fő szakmai érdeklődési területei a prehospitális kritikus ellátás, a traumakezelés, a légútmenedzsment és a szimulációalapú orvosi oktatás.</p>

<p>Csékó András 2022-ben kiváló minősítéssel szerezte meg aneszteziológiai és intenzív terápiás szakvizsgáját. Széles körű tapasztalattal rendelkezik mind a kórházi, mind a prehospitális sürgősségi orvoslás terén. Jelenleg aneszteziológusként és sürgősségi konzultánsként dolgozik a Észak-Pesti Centrumkórház – Honvéd Kórház Sürgősségi Osztályán, ahol egyetemi és posztgraduális oktatásban is részt vesz, beleértve a szimulációalapú képzést és a protokollok kidolgozását. &hellip;</p>
