{"id":1721,"date":"2025-11-27T14:32:15","date_gmt":"2025-11-27T13:32:15","guid":{"rendered":"https:\/\/semmelweis.hu\/cadavercourse\/?page_id=1721"},"modified":"2025-11-28T08:04:04","modified_gmt":"2025-11-28T07:04:04","slug":"dr-erdelyi-laszlo-sandor-phd","status":"publish","type":"page","link":"https:\/\/semmelweis.hu\/cadavercourse\/oktatok\/dr-erdelyi-laszlo-sandor-phd\/","title":{"rendered":"Dr. Erd\u00e9lyi L\u00e1szl\u00f3 S\u00e1ndor PhD"},"content":{"rendered":"<p><img loading=\"lazy\" decoding=\"async\" class=\"size-medium wp-image-1575 alignright\" src=\"https:\/\/semmelweis.hu\/cadavercourse\/files\/2025\/11\/Laszlo-Sandor-Erdelyi-MD-PhD-DESAIC_picture-265x400.jpg\" alt=\"\" width=\"265\" height=\"400\" srcset=\"https:\/\/semmelweis.hu\/cadavercourse\/files\/2025\/11\/Laszlo-Sandor-Erdelyi-MD-PhD-DESAIC_picture-265x400.jpg 265w, https:\/\/semmelweis.hu\/cadavercourse\/files\/2025\/11\/Laszlo-Sandor-Erdelyi-MD-PhD-DESAIC_picture.jpg 661w\" sizes=\"auto, (max-width: 265px) 100vw, 265px\" \/>Erd\u00e9lyi L\u00e1szl\u00f3 S\u00e1ndor 2015-ben szerezte meg doktori c\u00edm\u00e9t, 2020-ban pedig megszerezte az aneszteziol\u00f3giai \u00e9s intenz\u00edv ter\u00e1pi\u00e1s szakvizsg\u00e1t. Ugyanebben az \u00e9vben megszerezte a <em>Diploma in Anaesthesiology and Intensive Care (EDAIC)<\/em> k\u00e9pes\u00edt\u00e9st .<\/p>\n<p>Jelenleg adjunktus \u00e9s konzult\u00e1ns a Gottsegen Gy\u00f6rgy Nemzeti Kardiovaszkul\u00e1ris Int\u00e9zet feln\u0151tt kardiovaszkul\u00e1ris intenz\u00edv oszt\u00e1ly\u00e1n, valamint k\u00fcls\u0151 el\u0151ad\u00f3 a Semmelweis Egyetem Aneszteziol\u00f3giai \u00e9s Intenz\u00edv Ter\u00e1pi\u00e1s Tansz\u00e9k\u00e9n. Kor\u00e1bban klinikai szakorvosk\u00e9nt \u00e9s oktat\u00f3k\u00e9nt dolgozott az egyetem Aneszteziol\u00f3giai \u00e9s Intenz\u00edv Ter\u00e1pi\u00e1s Tansz\u00e9k\u00e9n.<\/p>\n<p>2013 \u00f3ta a Magyar L\u00e9giment\u0151 Szolg\u00e1latn\u00e1l dolgozik s\u00fcrg\u0151ss\u00e9gi orvosk\u00e9nt, \u00e9s t\u00f6bb \u00e9ves tapasztalattal rendelkezik az Orsz\u00e1gos Ment\u0151szolg\u00e1latn\u00e1l. Akad\u00e9miai h\u00e1ttere mag\u00e1ban foglalja a kutat\u00e1st \u00e9s oktat\u00e1st a Semmelweis Egyetem \u00c9lettani Int\u00e9zet\u00e9ben \u00e9s az MTA\u2013SE Molekul\u00e1ris Fiziol\u00f3giai Kutat\u00f3csoportban.<\/p>\n<p>F\u0151 szakmai \u00e9rdekl\u0151d\u00e9si ter\u00fcletei a kardiovaszkul\u00e1ris intenz\u00edv ell\u00e1t\u00e1s, a magas kock\u00e1zat\u00fa betegek aneszt\u00e9zi\u00e1ja, a l\u00e9g\u00fatmenedzsment \u00e9s az orvosok oktat\u00e1sa.<\/p>\n","protected":false},"excerpt":{"rendered":"<p>Erd\u00e9lyi L\u00e1szl\u00f3 S\u00e1ndor 2015-ben szerezte meg doktori c\u00edm\u00e9t, 2020-ban pedig megszerezte az aneszteziol\u00f3giai \u00e9s intenz\u00edv ter\u00e1pi\u00e1s szakvizsg\u00e1t. Ugyanebben az \u00e9vben megszerezte a Diploma in Anaesthesiology and Intensive Care (EDAIC) k\u00e9pes\u00edt\u00e9st . Jelenleg adjunktus \u00e9s konzult\u00e1ns a Gottsegen Gy\u00f6rgy Nemzeti Kardiovaszkul\u00e1ris Int\u00e9zet feln\u0151tt kardiovaszkul\u00e1ris intenz\u00edv oszt\u00e1ly\u00e1n, valamint k\u00fcls\u0151 el\u0151ad\u00f3 a Semmelweis Egyetem Aneszteziol\u00f3giai \u00e9s Intenz\u00edv Ter\u00e1pi\u00e1s &hellip;<\/p>\n","protected":false},"author":102572,"featured_media":1585,"parent":1747,"menu_order":0,"comment_status":"closed","ping_status":"closed","template":"template-fullwidth.php","meta":{"_acf_changed":false,"footnotes":""},"categories":[64,54],"tags":[],"class_list":["post-1721","page","type-page","status-publish","has-post-thumbnail","hentry","category-klinikus-oktatok","category-legut"],"acf":[],"_links":{"self":[{"href":"https:\/\/semmelweis.hu\/cadavercourse\/wp-json\/wp\/v2\/pages\/1721","targetHints":{"allow":["GET"]}}],"collection":[{"href":"https:\/\/semmelweis.hu\/cadavercourse\/wp-json\/wp\/v2\/pages"}],"about":[{"href":"https:\/\/semmelweis.hu\/cadavercourse\/wp-json\/wp\/v2\/types\/page"}],"author":[{"embeddable":true,"href":"https:\/\/semmelweis.hu\/cadavercourse\/wp-json\/wp\/v2\/users\/102572"}],"replies":[{"embeddable":true,"href":"https:\/\/semmelweis.hu\/cadavercourse\/wp-json\/wp\/v2\/comments?post=1721"}],"version-history":[{"count":1,"href":"https:\/\/semmelweis.hu\/cadavercourse\/wp-json\/wp\/v2\/pages\/1721\/revisions"}],"predecessor-version":[{"id":1722,"href":"https:\/\/semmelweis.hu\/cadavercourse\/wp-json\/wp\/v2\/pages\/1721\/revisions\/1722"}],"up":[{"embeddable":true,"href":"https:\/\/semmelweis.hu\/cadavercourse\/wp-json\/wp\/v2\/pages\/1747"}],"wp:featuredmedia":[{"embeddable":true,"href":"https:\/\/semmelweis.hu\/cadavercourse\/wp-json\/wp\/v2\/media\/1585"}],"wp:attachment":[{"href":"https:\/\/semmelweis.hu\/cadavercourse\/wp-json\/wp\/v2\/media?parent=1721"}],"wp:term":[{"taxonomy":"category","embeddable":true,"href":"https:\/\/semmelweis.hu\/cadavercourse\/wp-json\/wp\/v2\/categories?post=1721"},{"taxonomy":"post_tag","embeddable":true,"href":"https:\/\/semmelweis.hu\/cadavercourse\/wp-json\/wp\/v2\/tags?post=1721"}],"curies":[{"name":"wp","href":"https:\/\/api.w.org\/{rel}","templated":true}]}}

Dr. Erdélyi László Sándor PhD

<p><img loading="lazy" decoding="async" class="size-medium wp-image-1575 alignright" src="https://semmelweis.hu/cadavercourse/files/2025/11/Laszlo-Sandor-Erdelyi-MD-PhD-DESAIC_picture-265x400.jpg" alt="" width="265" height="400" srcset="https://semmelweis.hu/cadavercourse/files/2025/11/Laszlo-Sandor-Erdelyi-MD-PhD-DESAIC_picture-265x400.jpg 265w, https://semmelweis.hu/cadavercourse/files/2025/11/Laszlo-Sandor-Erdelyi-MD-PhD-DESAIC_picture.jpg 661w" sizes="auto, (max-width: 265px) 100vw, 265px" />Erdélyi László Sándor 2015-ben szerezte meg doktori címét, 2020-ban pedig megszerezte az aneszteziológiai és intenzív terápiás szakvizsgát. Ugyanebben az évben megszerezte a <em>Diploma in Anaesthesiology and Intensive Care (EDAIC)</em> képesítést .</p>
<p>Jelenleg adjunktus és konzultáns a Gottsegen György Nemzeti Kardiovaszkuláris Intézet felnőtt kardiovaszkuláris intenzív osztályán, valamint külső előadó a Semmelweis Egyetem Aneszteziológiai és Intenzív Terápiás Tanszékén. Korábban klinikai szakorvosként és oktatóként dolgozott az egyetem Aneszteziológiai és Intenzív Terápiás Tanszékén.</p>
<p>2013 óta a Magyar Légimentő Szolgálatnál dolgozik sürgősségi orvosként, és több éves tapasztalattal rendelkezik az Országos Mentőszolgálatnál. Akadémiai háttere magában foglalja a kutatást és oktatást a Semmelweis Egyetem Élettani Intézetében és az MTA–SE Molekuláris Fiziológiai Kutatócsoportban.</p>
<p>Fő szakmai érdeklődési területei a kardiovaszkuláris intenzív ellátás, a magas kockázatú betegek anesztéziája, a légútmenedzsment és az orvosok oktatása.</p>

<p>Erdélyi László Sándor 2015-ben szerezte meg doktori címét, 2020-ban pedig megszerezte az aneszteziológiai és intenzív terápiás szakvizsgát. Ugyanebben az évben megszerezte a Diploma in Anaesthesiology and Intensive Care (EDAIC) képesítést . Jelenleg adjunktus és konzultáns a Gottsegen György Nemzeti Kardiovaszkuláris Intézet felnőtt kardiovaszkuláris intenzív osztályán, valamint külső előadó a Semmelweis Egyetem Aneszteziológiai és Intenzív Terápiás &hellip;</p>
