{"id":1718,"date":"2025-11-27T14:32:16","date_gmt":"2025-11-27T13:32:16","guid":{"rendered":"https:\/\/semmelweis.hu\/cadavercourse\/?page_id=1718"},"modified":"2025-11-28T08:00:52","modified_gmt":"2025-11-28T07:00:52","slug":"dr-fabry-szabolcs","status":"publish","type":"page","link":"https:\/\/semmelweis.hu\/cadavercourse\/oktatok\/dr-fabry-szabolcs\/","title":{"rendered":"Dr. F\u00e1bry Szabolcs"},"content":{"rendered":"<p><img loading=\"lazy\" decoding=\"async\" class=\"size-medium wp-image-1581 alignright\" src=\"https:\/\/semmelweis.hu\/cadavercourse\/files\/2025\/11\/Szabolcs-Fabry-MD-DESAIC_picture-265x400.jpg\" alt=\"\" width=\"265\" height=\"400\" srcset=\"https:\/\/semmelweis.hu\/cadavercourse\/files\/2025\/11\/Szabolcs-Fabry-MD-DESAIC_picture-265x400.jpg 265w, https:\/\/semmelweis.hu\/cadavercourse\/files\/2025\/11\/Szabolcs-Fabry-MD-DESAIC_picture-680x1024.jpg 680w, https:\/\/semmelweis.hu\/cadavercourse\/files\/2025\/11\/Szabolcs-Fabry-MD-DESAIC_picture-768x1157.jpg 768w, https:\/\/semmelweis.hu\/cadavercourse\/files\/2025\/11\/Szabolcs-Fabry-MD-DESAIC_picture-1019x1536.jpg 1019w, https:\/\/semmelweis.hu\/cadavercourse\/files\/2025\/11\/Szabolcs-Fabry-MD-DESAIC_picture-753x1135.jpg 753w, https:\/\/semmelweis.hu\/cadavercourse\/files\/2025\/11\/Szabolcs-Fabry-MD-DESAIC_picture.jpg 1028w\" sizes=\"auto, (max-width: 265px) 100vw, 265px\" \/>F\u00e1bry Szabolcs 2014-ben v\u00e9gzett a Semmelweis Egyetemen, \u00e9s az\u00f3ta a<strong> Semmelweis Egyetem Aneszteziol\u00f3giai \u00e9s Intenz\u00edv Ter\u00e1pi\u00e1s Klinik\u00e1n<\/strong> dolgozik. H\u00e1rom \u00e9vet t\u00f6lt\u00f6tt az Orsz\u00e1gos Ment\u0151szolg\u00e1latn\u00e1l a prehospit\u00e1lis ell\u00e1t\u00e1sban.<\/p>\n<p>2020-ban szerezte meg az Orsz\u00e1gos Szakvizsgabizotts\u00e1g \u00e1ltal kiadott aneszteziol\u00f3giai \u00e9s intenz\u00edv ter\u00e1pi\u00e1s szakvizsg\u00e1t, 2022-ben pedig az <em>European Diploma in Anaesthesiology and Intensive Care <\/em>min\u0151s\u00edt\u00e9st.<\/p>\n<p>Diplom\u00e1ja megszerz\u00e9se \u00f3ta programvezet\u0151k\u00e9nt akt\u00edvan r\u00e9szt vesz az alapk\u00e9pz\u00e9sben, \u00e9s sz\u00e9les k\u00f6r\u0171 tapasztalatot szerzett a posztgradu\u00e1lis k\u00e9pz\u00e9sben.\u00a0<\/p>\n","protected":false},"excerpt":{"rendered":"<p>F\u00e1bry Szabolcs 2014-ben v\u00e9gzett a Semmelweis Egyetemen, \u00e9s az\u00f3ta a Semmelweis Egyetem Aneszteziol\u00f3giai \u00e9s Intenz\u00edv Ter\u00e1pi\u00e1s Klinik\u00e1n dolgozik. H\u00e1rom \u00e9vet t\u00f6lt\u00f6tt az Orsz\u00e1gos Ment\u0151szolg\u00e1latn\u00e1l a prehospit\u00e1lis ell\u00e1t\u00e1sban. 2020-ban szerezte meg az Orsz\u00e1gos Szakvizsgabizotts\u00e1g \u00e1ltal kiadott aneszteziol\u00f3giai \u00e9s intenz\u00edv ter\u00e1pi\u00e1s szakvizsg\u00e1t, 2022-ben pedig az European Diploma in Anaesthesiology and Intensive Care min\u0151s\u00edt\u00e9st. Diplom\u00e1ja megszerz\u00e9se \u00f3ta programvezet\u0151k\u00e9nt &hellip;<\/p>\n","protected":false},"author":102572,"featured_media":1586,"parent":1747,"menu_order":0,"comment_status":"closed","ping_status":"closed","template":"template-fullwidth.php","meta":{"_acf_changed":false,"footnotes":""},"categories":[64,54],"tags":[],"class_list":["post-1718","page","type-page","status-publish","has-post-thumbnail","hentry","category-klinikus-oktatok","category-legut"],"acf":[],"_links":{"self":[{"href":"https:\/\/semmelweis.hu\/cadavercourse\/wp-json\/wp\/v2\/pages\/1718","targetHints":{"allow":["GET"]}}],"collection":[{"href":"https:\/\/semmelweis.hu\/cadavercourse\/wp-json\/wp\/v2\/pages"}],"about":[{"href":"https:\/\/semmelweis.hu\/cadavercourse\/wp-json\/wp\/v2\/types\/page"}],"author":[{"embeddable":true,"href":"https:\/\/semmelweis.hu\/cadavercourse\/wp-json\/wp\/v2\/users\/102572"}],"replies":[{"embeddable":true,"href":"https:\/\/semmelweis.hu\/cadavercourse\/wp-json\/wp\/v2\/comments?post=1718"}],"version-history":[{"count":2,"href":"https:\/\/semmelweis.hu\/cadavercourse\/wp-json\/wp\/v2\/pages\/1718\/revisions"}],"predecessor-version":[{"id":1720,"href":"https:\/\/semmelweis.hu\/cadavercourse\/wp-json\/wp\/v2\/pages\/1718\/revisions\/1720"}],"up":[{"embeddable":true,"href":"https:\/\/semmelweis.hu\/cadavercourse\/wp-json\/wp\/v2\/pages\/1747"}],"wp:featuredmedia":[{"embeddable":true,"href":"https:\/\/semmelweis.hu\/cadavercourse\/wp-json\/wp\/v2\/media\/1586"}],"wp:attachment":[{"href":"https:\/\/semmelweis.hu\/cadavercourse\/wp-json\/wp\/v2\/media?parent=1718"}],"wp:term":[{"taxonomy":"category","embeddable":true,"href":"https:\/\/semmelweis.hu\/cadavercourse\/wp-json\/wp\/v2\/categories?post=1718"},{"taxonomy":"post_tag","embeddable":true,"href":"https:\/\/semmelweis.hu\/cadavercourse\/wp-json\/wp\/v2\/tags?post=1718"}],"curies":[{"name":"wp","href":"https:\/\/api.w.org\/{rel}","templated":true}]}}

Dr. Fábry Szabolcs

<p><img loading="lazy" decoding="async" class="size-medium wp-image-1581 alignright" src="https://semmelweis.hu/cadavercourse/files/2025/11/Szabolcs-Fabry-MD-DESAIC_picture-265x400.jpg" alt="" width="265" height="400" srcset="https://semmelweis.hu/cadavercourse/files/2025/11/Szabolcs-Fabry-MD-DESAIC_picture-265x400.jpg 265w, https://semmelweis.hu/cadavercourse/files/2025/11/Szabolcs-Fabry-MD-DESAIC_picture-680x1024.jpg 680w, https://semmelweis.hu/cadavercourse/files/2025/11/Szabolcs-Fabry-MD-DESAIC_picture-768x1157.jpg 768w, https://semmelweis.hu/cadavercourse/files/2025/11/Szabolcs-Fabry-MD-DESAIC_picture-1019x1536.jpg 1019w, https://semmelweis.hu/cadavercourse/files/2025/11/Szabolcs-Fabry-MD-DESAIC_picture-753x1135.jpg 753w, https://semmelweis.hu/cadavercourse/files/2025/11/Szabolcs-Fabry-MD-DESAIC_picture.jpg 1028w" sizes="auto, (max-width: 265px) 100vw, 265px" />Fábry Szabolcs 2014-ben végzett a Semmelweis Egyetemen, és azóta a<strong> Semmelweis Egyetem Aneszteziológiai és Intenzív Terápiás Klinikán</strong> dolgozik. Három évet töltött az Országos Mentőszolgálatnál a prehospitális ellátásban.</p>
<p>2020-ban szerezte meg az Országos Szakvizsgabizottság által kiadott aneszteziológiai és intenzív terápiás szakvizsgát, 2022-ben pedig az <em>European Diploma in Anaesthesiology and Intensive Care </em>minősítést.</p>
<p>Diplomája megszerzése óta programvezetőként aktívan részt vesz az alapképzésben, és széles körű tapasztalatot szerzett a posztgraduális képzésben. </p>

<p>Fábry Szabolcs 2014-ben végzett a Semmelweis Egyetemen, és azóta a Semmelweis Egyetem Aneszteziológiai és Intenzív Terápiás Klinikán dolgozik. Három évet töltött az Országos Mentőszolgálatnál a prehospitális ellátásban. 2020-ban szerezte meg az Országos Szakvizsgabizottság által kiadott aneszteziológiai és intenzív terápiás szakvizsgát, 2022-ben pedig az European Diploma in Anaesthesiology and Intensive Care minősítést. Diplomája megszerzése óta programvezetőként &hellip;</p>
