{"id":1707,"date":"2025-11-27T12:00:49","date_gmt":"2025-11-27T11:00:49","guid":{"rendered":"https:\/\/semmelweis.hu\/cadavercourse\/?page_id=1707"},"modified":"2025-11-30T11:19:46","modified_gmt":"2025-11-30T10:19:46","slug":"dr-torok-klara-phd","status":"publish","type":"page","link":"https:\/\/semmelweis.hu\/cadavercourse\/oktatok\/dr-torok-klara-phd\/","title":{"rendered":"Dr. T\u00f6r\u00f6k Kl\u00e1ra PhD"},"content":{"rendered":"<p class=\"p1\"><span style=\"font-family: Montserrat\"><img loading=\"lazy\" decoding=\"async\" class=\"size-medium wp-image-1321 alignright\" src=\"https:\/\/semmelweis.hu\/cadavercourse\/files\/2025\/11\/Torok_Klara-282x400.jpg\" alt=\"\" width=\"282\" height=\"400\" srcset=\"https:\/\/semmelweis.hu\/cadavercourse\/files\/2025\/11\/Torok_Klara-282x400.jpg 282w, https:\/\/semmelweis.hu\/cadavercourse\/files\/2025\/11\/Torok_Klara-723x1024.jpg 723w, https:\/\/semmelweis.hu\/cadavercourse\/files\/2025\/11\/Torok_Klara.jpg 751w\" sizes=\"auto, (max-width: 282px) 100vw, 282px\" \/>T\u00f6r\u00f6k Kl\u00e1ra 2003-ban v\u00e9gzett a Semmelweis Egyetem \u00c1ltal\u00e1nos Orvostudom\u00e1nyi Kar\u00e1n. \u00c1ltal\u00e1nos seb\u00e9szeti szakvizsg\u00e1j\u00e1t 2008-ban, mellkasseb\u00e9szeti szakvizsg\u00e1j\u00e1t 2012-ben szerezte meg. <\/span><\/p>\n<p class=\"p1\"><span style=\"font-family: Montserrat\">2012 \u00f3ta az Orsz\u00e1gos Onkol\u00f3giai Int\u00e9zet Mellkasseb\u00e9szeti K\u00f6zpontj\u00e1nak, 2014-t\u0151l pedig a <strong>Semmelweis Egyetem Mellkasseb\u00e9szeti Klinik\u00e1<\/strong>j\u00e1nak szakorvosa. Szakmai \u00e9rdekl\u0151d\u00e9s\u00e9nek k\u00f6z\u00e9ppontj\u00e1ban a t\u00fcd\u0151- \u00e9s g\u00e1tori daganatok seb\u00e9szi kezel\u00e9se, valamint a minim\u00e1lisan invaz\u00edv mellkasseb\u00e9szeti technik\u00e1k (VATS, robotseb\u00e9szet) \u00e1llnak. Be\u00fcltet\u0151 seb\u00e9szk\u00e9nt r\u00e9szt vesz a <strong>hazai t\u00fcd\u0151transzplant\u00e1ci\u00f3s program<\/strong>ban. Nemzetk\u00f6zi tapasztalatait t\u00f6bb eur\u00f3pai k\u00e9pz\u00e9sen szerezte, k\u00f6zt\u00fck laryngo-trachealis seb\u00e9szeti kurzusokon, VATS szegmentekt\u00f3mia- \u00e9s robotseb\u00e9szeti tr\u00e9ningeken, valamint a b\u00e9csi t\u00fcd\u0151transzplant\u00e1ci\u00f3s centrumban t\u00f6lt\u00f6tt tanulm\u00e1ny\u00fat sor\u00e1n. Tudom\u00e1nyos munk\u00e1ja a t\u00fcd\u0151daganatok immunol\u00f3giai jellemz\u00e9s\u00e9re, a KRAS-mut\u00e1ns adenocarcinom\u00e1k \u00e9s a neuroendokrin t\u00fcd\u0151tumorok immunfenot\u00edpus\u00e1nak vizsg\u00e1lat\u00e1ra ir\u00e1nyul. 2025-ben PhD fokozatot szerzett. Oktat\u00f3k\u00e9nt 2014 \u00f3ta r\u00e9szt vesz az orvostanhallgat\u00f3k mellkasseb\u00e9szeti gyakorlati k\u00e9pz\u00e9s\u00e9ben.<\/span><\/p>\n","protected":false},"excerpt":{"rendered":"<p>T\u00f6r\u00f6k Kl\u00e1ra 2003-ban v\u00e9gzett a Semmelweis Egyetem \u00c1ltal\u00e1nos Orvostudom\u00e1nyi Kar\u00e1n. \u00c1ltal\u00e1nos seb\u00e9szeti szakvizsg\u00e1j\u00e1t 2008-ban, mellkasseb\u00e9szeti szakvizsg\u00e1j\u00e1t 2012-ben szerezte meg. 2012 \u00f3ta az Orsz\u00e1gos Onkol\u00f3giai Int\u00e9zet Mellkasseb\u00e9szeti K\u00f6zpontj\u00e1nak, 2014-t\u0151l pedig a Semmelweis Egyetem Mellkasseb\u00e9szeti Klinik\u00e1j\u00e1nak szakorvosa. Szakmai \u00e9rdekl\u0151d\u00e9s\u00e9nek k\u00f6z\u00e9ppontj\u00e1ban a t\u00fcd\u0151- \u00e9s g\u00e1tori daganatok seb\u00e9szi kezel\u00e9se, valamint a minim\u00e1lisan invaz\u00edv mellkasseb\u00e9szeti technik\u00e1k (VATS, robotseb\u00e9szet) \u00e1llnak. Be\u00fcltet\u0151 &hellip;<\/p>\n","protected":false},"author":102572,"featured_media":1493,"parent":1747,"menu_order":0,"comment_status":"closed","ping_status":"closed","template":"template-fullwidth.php","meta":{"_acf_changed":false,"footnotes":""},"categories":[64,58],"tags":[],"class_list":["post-1707","page","type-page","status-publish","has-post-thumbnail","hentry","category-klinikus-oktatok","category-mellkassebeszet"],"acf":[],"_links":{"self":[{"href":"https:\/\/semmelweis.hu\/cadavercourse\/wp-json\/wp\/v2\/pages\/1707","targetHints":{"allow":["GET"]}}],"collection":[{"href":"https:\/\/semmelweis.hu\/cadavercourse\/wp-json\/wp\/v2\/pages"}],"about":[{"href":"https:\/\/semmelweis.hu\/cadavercourse\/wp-json\/wp\/v2\/types\/page"}],"author":[{"embeddable":true,"href":"https:\/\/semmelweis.hu\/cadavercourse\/wp-json\/wp\/v2\/users\/102572"}],"replies":[{"embeddable":true,"href":"https:\/\/semmelweis.hu\/cadavercourse\/wp-json\/wp\/v2\/comments?post=1707"}],"version-history":[{"count":1,"href":"https:\/\/semmelweis.hu\/cadavercourse\/wp-json\/wp\/v2\/pages\/1707\/revisions"}],"predecessor-version":[{"id":1708,"href":"https:\/\/semmelweis.hu\/cadavercourse\/wp-json\/wp\/v2\/pages\/1707\/revisions\/1708"}],"up":[{"embeddable":true,"href":"https:\/\/semmelweis.hu\/cadavercourse\/wp-json\/wp\/v2\/pages\/1747"}],"wp:featuredmedia":[{"embeddable":true,"href":"https:\/\/semmelweis.hu\/cadavercourse\/wp-json\/wp\/v2\/media\/1493"}],"wp:attachment":[{"href":"https:\/\/semmelweis.hu\/cadavercourse\/wp-json\/wp\/v2\/media?parent=1707"}],"wp:term":[{"taxonomy":"category","embeddable":true,"href":"https:\/\/semmelweis.hu\/cadavercourse\/wp-json\/wp\/v2\/categories?post=1707"},{"taxonomy":"post_tag","embeddable":true,"href":"https:\/\/semmelweis.hu\/cadavercourse\/wp-json\/wp\/v2\/tags?post=1707"}],"curies":[{"name":"wp","href":"https:\/\/api.w.org\/{rel}","templated":true}]}}

Dr. Török Klára PhD

<p class="p1"><span style="font-family: Montserrat"><img loading="lazy" decoding="async" class="size-medium wp-image-1321 alignright" src="https://semmelweis.hu/cadavercourse/files/2025/11/Torok_Klara-282x400.jpg" alt="" width="282" height="400" srcset="https://semmelweis.hu/cadavercourse/files/2025/11/Torok_Klara-282x400.jpg 282w, https://semmelweis.hu/cadavercourse/files/2025/11/Torok_Klara-723x1024.jpg 723w, https://semmelweis.hu/cadavercourse/files/2025/11/Torok_Klara.jpg 751w" sizes="auto, (max-width: 282px) 100vw, 282px" />Török Klára 2003-ban végzett a Semmelweis Egyetem Általános Orvostudományi Karán. Általános sebészeti szakvizsgáját 2008-ban, mellkassebészeti szakvizsgáját 2012-ben szerezte meg. </span></p>
<p class="p1"><span style="font-family: Montserrat">2012 óta az Országos Onkológiai Intézet Mellkassebészeti Központjának, 2014-től pedig a <strong>Semmelweis Egyetem Mellkassebészeti Kliniká</strong>jának szakorvosa. Szakmai érdeklődésének középpontjában a tüdő- és gátori daganatok sebészi kezelése, valamint a minimálisan invazív mellkassebészeti technikák (VATS, robotsebészet) állnak. Beültető sebészként részt vesz a <strong>hazai tüdőtranszplantációs program</strong>ban. Nemzetközi tapasztalatait több európai képzésen szerezte, köztük laryngo-trachealis sebészeti kurzusokon, VATS szegmentektómia- és robotsebészeti tréningeken, valamint a bécsi tüdőtranszplantációs centrumban töltött tanulmányút során. Tudományos munkája a tüdődaganatok immunológiai jellemzésére, a KRAS-mutáns adenocarcinomák és a neuroendokrin tüdőtumorok immunfenotípusának vizsgálatára irányul. 2025-ben PhD fokozatot szerzett. Oktatóként 2014 óta részt vesz az orvostanhallgatók mellkassebészeti gyakorlati képzésében.</span></p>

<p>Török Klára 2003-ban végzett a Semmelweis Egyetem Általános Orvostudományi Karán. Általános sebészeti szakvizsgáját 2008-ban, mellkassebészeti szakvizsgáját 2012-ben szerezte meg. 2012 óta az Országos Onkológiai Intézet Mellkassebészeti Központjának, 2014-től pedig a Semmelweis Egyetem Mellkassebészeti Klinikájának szakorvosa. Szakmai érdeklődésének középpontjában a tüdő- és gátori daganatok sebészi kezelése, valamint a minimálisan invazív mellkassebészeti technikák (VATS, robotsebészet) állnak. Beültető &hellip;</p>
