{"id":1705,"date":"2025-11-27T13:00:28","date_gmt":"2025-11-27T12:00:28","guid":{"rendered":"https:\/\/semmelweis.hu\/cadavercourse\/?page_id=1705"},"modified":"2025-11-30T11:19:35","modified_gmt":"2025-11-30T10:19:35","slug":"dr-radeczky-peter-phd","status":"publish","type":"page","link":"https:\/\/semmelweis.hu\/cadavercourse\/oktatok\/dr-radeczky-peter-phd\/","title":{"rendered":"Dr. Radeczky P\u00e9ter PhD"},"content":{"rendered":"<p class=\"p1\"><img loading=\"lazy\" decoding=\"async\" class=\"size-medium wp-image-1326 alignright\" src=\"https:\/\/semmelweis.hu\/cadavercourse\/files\/2025\/11\/Radeczky_P-267x400.jpg\" alt=\"\" width=\"267\" height=\"400\" srcset=\"https:\/\/semmelweis.hu\/cadavercourse\/files\/2025\/11\/Radeczky_P-267x400.jpg 267w, https:\/\/semmelweis.hu\/cadavercourse\/files\/2025\/11\/Radeczky_P.jpg 634w\" sizes=\"auto, (max-width: 267px) 100vw, 267px\" \/>Radeczky P\u00e9ter 2013-ban szerzett \u00e1ltal\u00e1nos orvosi diplom\u00e1t. 2019-ben mellkasseb\u00e9szetb\u0151l sikeres szakvizsg\u00e1t tett. 2022-ben PhD fokozatot, 2023-ban eg\u00e9szs\u00e9g\u00fcgyi menedzser diplom\u00e1t szerzett. 2025-ben elv\u00e9gezte a<em> Clinical Science Scholars at Semmelweis Program at Harvard University<\/em> k\u00e9pz\u00e9st, valamint megszerezte <em>Fellowship of the Unified European Board of Thoracic Surgery (FUEBTS)<\/em> min\u0151s\u00edt\u00e9st.<\/p>\n<p class=\"p1\">2013-t\u00f3l az Orsz\u00e1gos Onkol\u00f3giai Int\u00e9zet Mellkasseb\u00e9szeti Oszt\u00e1ly\u00e1n dolgozik, jelenleg f\u0151orvosi beoszt\u00e1sban. 2017-t\u0151l a Semmelweis Egyetem Mellkasseb\u00e9szeti Klinik\u00e1j\u00e1n is dolgozik, jelenleg a Klinika igazgat\u00f3helyettese. R\u00e9szt vesz a gradu\u00e1lis \u00e9s postgradu\u00e1lis k\u00e9pz\u00e9sben magyar, angol \u00e9s n\u00e9met nyelven.<\/p>\n<p class=\"p3\"><span class=\"s2\">A Mellkasseb\u00e9szeti Klinika 2022-ban kapcsol\u00f3dott be a <\/span><span class=\"s3\">Semmelweis Egyetem Anat\u00f3miai, Sz\u00f6vet- \u00e9s Fejl\u0151d\u00e9stani mellkasseb\u00e9szeti hands-on kad\u00e1ver kurzusok szervez\u00e9s\u00e9be \u00e9s lebonyol\u00edt\u00e1s\u00e1ba. <\/span><\/p>\n<p class=\"p4\">2022-ben a k\u00e9pz\u00e9seket megel\u0151z\u0151 a mellkasseb\u00e9szeti k\u00e9pz\u00e9sekhez sz\u00fcks\u00e9ges speci\u00e1lis eszk\u00f6z\u00f6k beszerz\u00e9s\u00e9t k\u00e9sz\u00edtette el\u0151 \u00e9s bonyol\u00edtotta le.<\/p>\n<p class=\"p1\">A 2024-ben indult mellkasseb\u00e9szeti hands-on tr\u00e9ningek oktat\u00f3ja a kezdetekt\u0151l.<\/p>\n","protected":false},"excerpt":{"rendered":"<p>Radeczky P\u00e9ter 2013-ban szerzett \u00e1ltal\u00e1nos orvosi diplom\u00e1t. 2019-ben mellkasseb\u00e9szetb\u0151l sikeres szakvizsg\u00e1t tett. 2022-ben PhD fokozatot, 2023-ban eg\u00e9szs\u00e9g\u00fcgyi menedzser diplom\u00e1t szerzett. 2025-ben elv\u00e9gezte a Clinical Science Scholars at Semmelweis Program at Harvard University k\u00e9pz\u00e9st, valamint megszerezte Fellowship of the Unified European Board of Thoracic Surgery (FUEBTS) min\u0151s\u00edt\u00e9st. 2013-t\u00f3l az Orsz\u00e1gos Onkol\u00f3giai Int\u00e9zet Mellkasseb\u00e9szeti Oszt\u00e1ly\u00e1n dolgozik, jelenleg &hellip;<\/p>\n","protected":false},"author":102572,"featured_media":1531,"parent":1747,"menu_order":0,"comment_status":"closed","ping_status":"closed","template":"template-fullwidth.php","meta":{"_acf_changed":false,"footnotes":""},"categories":[64,58],"tags":[],"class_list":["post-1705","page","type-page","status-publish","has-post-thumbnail","hentry","category-klinikus-oktatok","category-mellkassebeszet"],"acf":[],"_links":{"self":[{"href":"https:\/\/semmelweis.hu\/cadavercourse\/wp-json\/wp\/v2\/pages\/1705","targetHints":{"allow":["GET"]}}],"collection":[{"href":"https:\/\/semmelweis.hu\/cadavercourse\/wp-json\/wp\/v2\/pages"}],"about":[{"href":"https:\/\/semmelweis.hu\/cadavercourse\/wp-json\/wp\/v2\/types\/page"}],"author":[{"embeddable":true,"href":"https:\/\/semmelweis.hu\/cadavercourse\/wp-json\/wp\/v2\/users\/102572"}],"replies":[{"embeddable":true,"href":"https:\/\/semmelweis.hu\/cadavercourse\/wp-json\/wp\/v2\/comments?post=1705"}],"version-history":[{"count":1,"href":"https:\/\/semmelweis.hu\/cadavercourse\/wp-json\/wp\/v2\/pages\/1705\/revisions"}],"predecessor-version":[{"id":1706,"href":"https:\/\/semmelweis.hu\/cadavercourse\/wp-json\/wp\/v2\/pages\/1705\/revisions\/1706"}],"up":[{"embeddable":true,"href":"https:\/\/semmelweis.hu\/cadavercourse\/wp-json\/wp\/v2\/pages\/1747"}],"wp:featuredmedia":[{"embeddable":true,"href":"https:\/\/semmelweis.hu\/cadavercourse\/wp-json\/wp\/v2\/media\/1531"}],"wp:attachment":[{"href":"https:\/\/semmelweis.hu\/cadavercourse\/wp-json\/wp\/v2\/media?parent=1705"}],"wp:term":[{"taxonomy":"category","embeddable":true,"href":"https:\/\/semmelweis.hu\/cadavercourse\/wp-json\/wp\/v2\/categories?post=1705"},{"taxonomy":"post_tag","embeddable":true,"href":"https:\/\/semmelweis.hu\/cadavercourse\/wp-json\/wp\/v2\/tags?post=1705"}],"curies":[{"name":"wp","href":"https:\/\/api.w.org\/{rel}","templated":true}]}}

Dr. Radeczky Péter PhD

<p class="p1"><img loading="lazy" decoding="async" class="size-medium wp-image-1326 alignright" src="https://semmelweis.hu/cadavercourse/files/2025/11/Radeczky_P-267x400.jpg" alt="" width="267" height="400" srcset="https://semmelweis.hu/cadavercourse/files/2025/11/Radeczky_P-267x400.jpg 267w, https://semmelweis.hu/cadavercourse/files/2025/11/Radeczky_P.jpg 634w" sizes="auto, (max-width: 267px) 100vw, 267px" />Radeczky Péter 2013-ban szerzett általános orvosi diplomát. 2019-ben mellkassebészetből sikeres szakvizsgát tett. 2022-ben PhD fokozatot, 2023-ban egészségügyi menedzser diplomát szerzett. 2025-ben elvégezte a<em> Clinical Science Scholars at Semmelweis Program at Harvard University</em> képzést, valamint megszerezte <em>Fellowship of the Unified European Board of Thoracic Surgery (FUEBTS)</em> minősítést.</p>
<p class="p1">2013-tól az Országos Onkológiai Intézet Mellkassebészeti Osztályán dolgozik, jelenleg főorvosi beosztásban. 2017-től a Semmelweis Egyetem Mellkassebészeti Klinikáján is dolgozik, jelenleg a Klinika igazgatóhelyettese. Részt vesz a graduális és postgraduális képzésben magyar, angol és német nyelven.</p>
<p class="p3"><span class="s2">A Mellkassebészeti Klinika 2022-ban kapcsolódott be a </span><span class="s3">Semmelweis Egyetem Anatómiai, Szövet- és Fejlődéstani mellkassebészeti hands-on kadáver kurzusok szervezésébe és lebonyolításába. </span></p>
<p class="p4">2022-ben a képzéseket megelőző a mellkassebészeti képzésekhez szükséges speciális eszközök beszerzését készítette elő és bonyolította le.</p>
<p class="p1">A 2024-ben indult mellkassebészeti hands-on tréningek oktatója a kezdetektől.</p>

<p>Radeczky Péter 2013-ban szerzett általános orvosi diplomát. 2019-ben mellkassebészetből sikeres szakvizsgát tett. 2022-ben PhD fokozatot, 2023-ban egészségügyi menedzser diplomát szerzett. 2025-ben elvégezte a Clinical Science Scholars at Semmelweis Program at Harvard University képzést, valamint megszerezte Fellowship of the Unified European Board of Thoracic Surgery (FUEBTS) minősítést. 2013-tól az Országos Onkológiai Intézet Mellkassebészeti Osztályán dolgozik, jelenleg &hellip;</p>
