{"id":1702,"date":"2025-11-27T14:21:56","date_gmt":"2025-11-27T13:21:56","guid":{"rendered":"https:\/\/semmelweis.hu\/cadavercourse\/?page_id=1702"},"modified":"2025-11-28T08:03:31","modified_gmt":"2025-11-28T07:03:31","slug":"dr-berczi-mate","status":"publish","type":"page","link":"https:\/\/semmelweis.hu\/cadavercourse\/oktatok\/dr-berczi-mate\/","title":{"rendered":"Dr. Berczi M\u00e1t\u00e9"},"content":{"rendered":"<p><span style=\"font-weight: 400\"><img loading=\"lazy\" decoding=\"async\" class=\"size-medium wp-image-1578 alignright\" src=\"https:\/\/semmelweis.hu\/cadavercourse\/files\/2025\/11\/Mate-Berczi-MD-DESAIC_picture-265x400.jpg\" alt=\"\" width=\"265\" height=\"400\" srcset=\"https:\/\/semmelweis.hu\/cadavercourse\/files\/2025\/11\/Mate-Berczi-MD-DESAIC_picture-265x400.jpg 265w, https:\/\/semmelweis.hu\/cadavercourse\/files\/2025\/11\/Mate-Berczi-MD-DESAIC_picture-679x1024.jpg 679w, https:\/\/semmelweis.hu\/cadavercourse\/files\/2025\/11\/Mate-Berczi-MD-DESAIC_picture-768x1158.jpg 768w, https:\/\/semmelweis.hu\/cadavercourse\/files\/2025\/11\/Mate-Berczi-MD-DESAIC_picture-1019x1536.jpg 1019w, https:\/\/semmelweis.hu\/cadavercourse\/files\/2025\/11\/Mate-Berczi-MD-DESAIC_picture-1358x2048.jpg 1358w, https:\/\/semmelweis.hu\/cadavercourse\/files\/2025\/11\/Mate-Berczi-MD-DESAIC_picture-753x1135.jpg 753w, https:\/\/semmelweis.hu\/cadavercourse\/files\/2025\/11\/Mate-Berczi-MD-DESAIC_picture.jpg 1560w\" sizes=\"auto, (max-width: 265px) 100vw, 265px\" \/><\/span>Berczi M\u00e1t\u00e9 a <strong>Semmelweis Egyetem Aneszteziol\u00f3giai \u00e9s Intenz\u00edv Ter\u00e1pi\u00e1s Tansz\u00e9k<\/strong>\u00e9n dolgozik. 2022-ben szerezte meg aneszteziol\u00f3giai \u00e9s intenz\u00edv ter\u00e1pi\u00e1s szakvizsg\u00e1j\u00e1t, 2024-ben pedig elnyerte <strong><em>European Diploma in Anaesthesiology and Intensive Care (EDAIC)<\/em><\/strong> -min\u0151s\u00edt\u00e9st<strong>.<\/strong> Emellett a<strong> Magyar L\u00e9giment\u0151 Szolg\u00e1lat<\/strong> helikopteres ment\u0151szolg\u00e1lat\u00e1nak (HEMS) orvosak\u00e9nt is dolgozik, tov\u00e1bb\u00e1 r\u00e9szmunkaid\u0151ben az Orsz\u00e1gos Ment\u0151szolg\u00e1latn\u00e1l.<\/p>\n<p>A tansz\u00e9k oktat\u00e1si bizotts\u00e1g\u00e1nak tagjak\u00e9nt felel\u0151s az oktat\u00f3k k\u00e9pz\u00e9s\u00e9\u00e9rt \u00e9s a tansz\u00e9k fejleszt\u00e9s\u00e9\u00e9rt, valamint r\u00e9szt vesz a <strong><em>Simulation Masterclass<\/em><\/strong> szervez\u00e9s\u00e9ben, egy posztgradu\u00e1lis oktat\u00f3k\u00e9pz\u0151 programban, amely a kiv\u00e1l\u00f3 orvosi szimul\u00e1ci\u00f3t t\u00e1mogatja. ERC-tan\u00fas\u00edtv\u00e1nnyal rendelkez\u0151 oktat\u00f3 (<strong>ALS, EPALS, ETC<\/strong>).<\/p>\n<p>Jelenleg a Semmelweis Egyetemen doktor\u00e1l, kutat\u00e1si ter\u00fclete a pulmonalis emb\u00f3lia egy\u00e9nre szabott trombolitikus ter\u00e1pi\u00e1ja.<\/p>\n<p>F\u0151 szakmai \u00e9rdekl\u0151d\u00e9si ter\u00fcletei a neh\u00e9z l\u00e9g\u00fati kezel\u00e9s, az orvosi szimul\u00e1ci\u00f3, a fejlett v\u00e9rz\u00e9scsillap\u00edt\u00e1s \u00e9s a point-of-care ultrahang.<\/p>\n","protected":false},"excerpt":{"rendered":"<p>Berczi M\u00e1t\u00e9 a Semmelweis Egyetem Aneszteziol\u00f3giai \u00e9s Intenz\u00edv Ter\u00e1pi\u00e1s Tansz\u00e9k\u00e9n dolgozik. 2022-ben szerezte meg aneszteziol\u00f3giai \u00e9s intenz\u00edv ter\u00e1pi\u00e1s szakvizsg\u00e1j\u00e1t, 2024-ben pedig elnyerte European Diploma in Anaesthesiology and Intensive Care (EDAIC) -min\u0151s\u00edt\u00e9st. Emellett a Magyar L\u00e9giment\u0151 Szolg\u00e1lat helikopteres ment\u0151szolg\u00e1lat\u00e1nak (HEMS) orvosak\u00e9nt is dolgozik, tov\u00e1bb\u00e1 r\u00e9szmunkaid\u0151ben az Orsz\u00e1gos Ment\u0151szolg\u00e1latn\u00e1l. A tansz\u00e9k oktat\u00e1si bizotts\u00e1g\u00e1nak tagjak\u00e9nt felel\u0151s az oktat\u00f3k &hellip;<\/p>\n","protected":false},"author":102572,"featured_media":1583,"parent":1747,"menu_order":0,"comment_status":"closed","ping_status":"closed","template":"template-fullwidth.php","meta":{"_acf_changed":false,"footnotes":""},"categories":[64,54],"tags":[],"class_list":["post-1702","page","type-page","status-publish","has-post-thumbnail","hentry","category-klinikus-oktatok","category-legut"],"acf":[],"_links":{"self":[{"href":"https:\/\/semmelweis.hu\/cadavercourse\/wp-json\/wp\/v2\/pages\/1702","targetHints":{"allow":["GET"]}}],"collection":[{"href":"https:\/\/semmelweis.hu\/cadavercourse\/wp-json\/wp\/v2\/pages"}],"about":[{"href":"https:\/\/semmelweis.hu\/cadavercourse\/wp-json\/wp\/v2\/types\/page"}],"author":[{"embeddable":true,"href":"https:\/\/semmelweis.hu\/cadavercourse\/wp-json\/wp\/v2\/users\/102572"}],"replies":[{"embeddable":true,"href":"https:\/\/semmelweis.hu\/cadavercourse\/wp-json\/wp\/v2\/comments?post=1702"}],"version-history":[{"count":4,"href":"https:\/\/semmelweis.hu\/cadavercourse\/wp-json\/wp\/v2\/pages\/1702\/revisions"}],"predecessor-version":[{"id":1776,"href":"https:\/\/semmelweis.hu\/cadavercourse\/wp-json\/wp\/v2\/pages\/1702\/revisions\/1776"}],"up":[{"embeddable":true,"href":"https:\/\/semmelweis.hu\/cadavercourse\/wp-json\/wp\/v2\/pages\/1747"}],"wp:featuredmedia":[{"embeddable":true,"href":"https:\/\/semmelweis.hu\/cadavercourse\/wp-json\/wp\/v2\/media\/1583"}],"wp:attachment":[{"href":"https:\/\/semmelweis.hu\/cadavercourse\/wp-json\/wp\/v2\/media?parent=1702"}],"wp:term":[{"taxonomy":"category","embeddable":true,"href":"https:\/\/semmelweis.hu\/cadavercourse\/wp-json\/wp\/v2\/categories?post=1702"},{"taxonomy":"post_tag","embeddable":true,"href":"https:\/\/semmelweis.hu\/cadavercourse\/wp-json\/wp\/v2\/tags?post=1702"}],"curies":[{"name":"wp","href":"https:\/\/api.w.org\/{rel}","templated":true}]}}

Dr. Berczi Máté

<p><span style="font-weight: 400"><img loading="lazy" decoding="async" class="size-medium wp-image-1578 alignright" src="https://semmelweis.hu/cadavercourse/files/2025/11/Mate-Berczi-MD-DESAIC_picture-265x400.jpg" alt="" width="265" height="400" srcset="https://semmelweis.hu/cadavercourse/files/2025/11/Mate-Berczi-MD-DESAIC_picture-265x400.jpg 265w, https://semmelweis.hu/cadavercourse/files/2025/11/Mate-Berczi-MD-DESAIC_picture-679x1024.jpg 679w, https://semmelweis.hu/cadavercourse/files/2025/11/Mate-Berczi-MD-DESAIC_picture-768x1158.jpg 768w, https://semmelweis.hu/cadavercourse/files/2025/11/Mate-Berczi-MD-DESAIC_picture-1019x1536.jpg 1019w, https://semmelweis.hu/cadavercourse/files/2025/11/Mate-Berczi-MD-DESAIC_picture-1358x2048.jpg 1358w, https://semmelweis.hu/cadavercourse/files/2025/11/Mate-Berczi-MD-DESAIC_picture-753x1135.jpg 753w, https://semmelweis.hu/cadavercourse/files/2025/11/Mate-Berczi-MD-DESAIC_picture.jpg 1560w" sizes="auto, (max-width: 265px) 100vw, 265px" /></span>Berczi Máté a <strong>Semmelweis Egyetem Aneszteziológiai és Intenzív Terápiás Tanszék</strong>én dolgozik. 2022-ben szerezte meg aneszteziológiai és intenzív terápiás szakvizsgáját, 2024-ben pedig elnyerte <strong><em>European Diploma in Anaesthesiology and Intensive Care (EDAIC)</em></strong> -minősítést<strong>.</strong> Emellett a<strong> Magyar Légimentő Szolgálat</strong> helikopteres mentőszolgálatának (HEMS) orvosaként is dolgozik, továbbá részmunkaidőben az Országos Mentőszolgálatnál.</p>
<p>A tanszék oktatási bizottságának tagjaként felelős az oktatók képzéséért és a tanszék fejlesztéséért, valamint részt vesz a <strong><em>Simulation Masterclass</em></strong> szervezésében, egy posztgraduális oktatóképző programban, amely a kiváló orvosi szimulációt támogatja. ERC-tanúsítvánnyal rendelkező oktató (<strong>ALS, EPALS, ETC</strong>).</p>
<p>Jelenleg a Semmelweis Egyetemen doktorál, kutatási területe a pulmonalis embólia egyénre szabott trombolitikus terápiája.</p>
<p>Fő szakmai érdeklődési területei a nehéz légúti kezelés, az orvosi szimuláció, a fejlett vérzéscsillapítás és a point-of-care ultrahang.</p>

<p>Berczi Máté a Semmelweis Egyetem Aneszteziológiai és Intenzív Terápiás Tanszékén dolgozik. 2022-ben szerezte meg aneszteziológiai és intenzív terápiás szakvizsgáját, 2024-ben pedig elnyerte European Diploma in Anaesthesiology and Intensive Care (EDAIC) -minősítést. Emellett a Magyar Légimentő Szolgálat helikopteres mentőszolgálatának (HEMS) orvosaként is dolgozik, továbbá részmunkaidőben az Országos Mentőszolgálatnál. A tanszék oktatási bizottságának tagjaként felelős az oktatók &hellip;</p>
