{"id":1700,"date":"2025-11-27T14:32:16","date_gmt":"2025-11-27T13:32:16","guid":{"rendered":"https:\/\/semmelweis.hu\/cadavercourse\/?page_id=1700"},"modified":"2025-11-28T07:59:30","modified_gmt":"2025-11-28T06:59:30","slug":"dr-hauser-balazs-phd","status":"publish","type":"page","link":"https:\/\/semmelweis.hu\/cadavercourse\/oktatok\/dr-hauser-balazs-phd\/","title":{"rendered":"Dr. Hauser Bal\u00e1zs PhD"},"content":{"rendered":"<h6 class=\"p1\"><img loading=\"lazy\" decoding=\"async\" class=\"size-medium wp-image-1633 alignright\" src=\"https:\/\/semmelweis.hu\/cadavercourse\/files\/2025\/11\/Balazs-Hauser-MD-PhD-FERC-289x400.jpg\" alt=\"\" width=\"289\" height=\"400\" srcset=\"https:\/\/semmelweis.hu\/cadavercourse\/files\/2025\/11\/Balazs-Hauser-MD-PhD-FERC-289x400.jpg 289w, https:\/\/semmelweis.hu\/cadavercourse\/files\/2025\/11\/Balazs-Hauser-MD-PhD-FERC-739x1024.jpg 739w, https:\/\/semmelweis.hu\/cadavercourse\/files\/2025\/11\/Balazs-Hauser-MD-PhD-FERC-768x1064.jpg 768w, https:\/\/semmelweis.hu\/cadavercourse\/files\/2025\/11\/Balazs-Hauser-MD-PhD-FERC-1109x1536.jpg 1109w, https:\/\/semmelweis.hu\/cadavercourse\/files\/2025\/11\/Balazs-Hauser-MD-PhD-FERC-1479x2048.jpg 1479w, https:\/\/semmelweis.hu\/cadavercourse\/files\/2025\/11\/Balazs-Hauser-MD-PhD-FERC-753x1043.jpg 753w, https:\/\/semmelweis.hu\/cadavercourse\/files\/2025\/11\/Balazs-Hauser-MD-PhD-FERC-scaled.jpg 1848w\" sizes=\"auto, (max-width: 289px) 100vw, 289px\" \/>Hauser Bal\u00e1zs az <strong>Aneszteziol\u00f3giai \u00e9s Intenz\u00edv Ter\u00e1pi\u00e1s Tansz\u00e9k<\/strong>, valamint az <strong>Aneszteziol\u00f3giai \u00e9s Perioperat\u00edv Betegell\u00e1t\u00e1si Int\u00e9zet<\/strong> docense, ahol a gyermekgy\u00f3gy\u00e1szati aneszteziol\u00f3giai szolg\u00e1latot vezeti.<br \/>\nAneszteziol\u00f3giai \u00e9s intenz\u00edv ter\u00e1pi\u00e1s, s\u00fcrg\u0151ss\u00e9gi orvostudom\u00e1nyi, gyermekgy\u00f3gy\u00e1szati intenz\u00edv ter\u00e1pi\u00e1s \u00e9s gyermekgy\u00f3gy\u00e1szati s\u00fcrg\u0151ss\u00e9gi orvostudom\u00e1nyi szakvizsg\u00e1val rendelkezik. T\u00f6bb \u00e9vnyi kritikus ell\u00e1t\u00e1ssal kapcsolatos kutat\u00e1s ut\u00e1n a n\u00e9metorsz\u00e1gi Ulm Egyetem nagy\u00e1llat-laborat\u00f3rium\u00e1ban, a Semmelweis Egyetemen szerzett PhD fokozatot, disszert\u00e1ci\u00f3j\u00e1t a \u00fajra\u00e9lesztett endotox\u00e9mi\u00e1s sert\u00e9smodellek k\u00eds\u00e9rleti ter\u00e1pi\u00e1ir\u00f3l \u00edrta.<br \/>\nT\u00f6bb \u00e9vtizede vesz r\u00e9szt egyetemi \u00e9s posztgradu\u00e1lis oktat\u00e1sban, az <strong>ERC EPALS<\/strong> tanfolyam nemzeti kurzusigazgat\u00f3ja, valamint feln\u0151tt \u00e9s gyermek l\u00e9g\u00fatmenedzsmentet oktat.<br \/>\nT\u00f6bb nemzetk\u00f6zi t\u00e1rsas\u00e1g (<strong>ESAIC, ESPA, ERC, ESICM<\/strong>) tagja, valamint a <strong>Magyar Gyermekaneszteziol\u00f3giai \u00e9s Intenz\u00edv Ter\u00e1pi\u00e1s T\u00e1rsas\u00e1g<\/strong>, a <strong>Magyar Aneszteziol\u00f3giai \u00e9s Intenz\u00edv Ter\u00e1pi\u00e1s T\u00e1rsas\u00e1g<\/strong> \u00e9s a<strong> Magyar \u00dajra\u00e9leszt\u00e9si Tan\u00e1cs<\/strong> eln\u00f6ks\u00e9g\u00e9nek tagja.<\/h6>\n","protected":false},"excerpt":{"rendered":"<p>Hauser Bal\u00e1zs az Aneszteziol\u00f3giai \u00e9s Intenz\u00edv Ter\u00e1pi\u00e1s Tansz\u00e9k, valamint az Aneszteziol\u00f3giai \u00e9s Perioperat\u00edv Betegell\u00e1t\u00e1si Int\u00e9zet docense, ahol a gyermekgy\u00f3gy\u00e1szati aneszteziol\u00f3giai szolg\u00e1latot vezeti. Aneszteziol\u00f3giai \u00e9s intenz\u00edv ter\u00e1pi\u00e1s, s\u00fcrg\u0151ss\u00e9gi orvostudom\u00e1nyi, gyermekgy\u00f3gy\u00e1szati intenz\u00edv ter\u00e1pi\u00e1s \u00e9s gyermekgy\u00f3gy\u00e1szati s\u00fcrg\u0151ss\u00e9gi orvostudom\u00e1nyi szakvizsg\u00e1val rendelkezik. T\u00f6bb \u00e9vnyi kritikus ell\u00e1t\u00e1ssal kapcsolatos kutat\u00e1s ut\u00e1n a n\u00e9metorsz\u00e1gi Ulm Egyetem nagy\u00e1llat-laborat\u00f3rium\u00e1ban, a Semmelweis Egyetemen szerzett PhD fokozatot, &hellip;<\/p>\n","protected":false},"author":102572,"featured_media":1635,"parent":1747,"menu_order":0,"comment_status":"closed","ping_status":"closed","template":"template-fullwidth.php","meta":{"_acf_changed":false,"footnotes":""},"categories":[64,54],"tags":[],"class_list":["post-1700","page","type-page","status-publish","has-post-thumbnail","hentry","category-klinikus-oktatok","category-legut"],"acf":[],"_links":{"self":[{"href":"https:\/\/semmelweis.hu\/cadavercourse\/wp-json\/wp\/v2\/pages\/1700","targetHints":{"allow":["GET"]}}],"collection":[{"href":"https:\/\/semmelweis.hu\/cadavercourse\/wp-json\/wp\/v2\/pages"}],"about":[{"href":"https:\/\/semmelweis.hu\/cadavercourse\/wp-json\/wp\/v2\/types\/page"}],"author":[{"embeddable":true,"href":"https:\/\/semmelweis.hu\/cadavercourse\/wp-json\/wp\/v2\/users\/102572"}],"replies":[{"embeddable":true,"href":"https:\/\/semmelweis.hu\/cadavercourse\/wp-json\/wp\/v2\/comments?post=1700"}],"version-history":[{"count":1,"href":"https:\/\/semmelweis.hu\/cadavercourse\/wp-json\/wp\/v2\/pages\/1700\/revisions"}],"predecessor-version":[{"id":1701,"href":"https:\/\/semmelweis.hu\/cadavercourse\/wp-json\/wp\/v2\/pages\/1700\/revisions\/1701"}],"up":[{"embeddable":true,"href":"https:\/\/semmelweis.hu\/cadavercourse\/wp-json\/wp\/v2\/pages\/1747"}],"wp:featuredmedia":[{"embeddable":true,"href":"https:\/\/semmelweis.hu\/cadavercourse\/wp-json\/wp\/v2\/media\/1635"}],"wp:attachment":[{"href":"https:\/\/semmelweis.hu\/cadavercourse\/wp-json\/wp\/v2\/media?parent=1700"}],"wp:term":[{"taxonomy":"category","embeddable":true,"href":"https:\/\/semmelweis.hu\/cadavercourse\/wp-json\/wp\/v2\/categories?post=1700"},{"taxonomy":"post_tag","embeddable":true,"href":"https:\/\/semmelweis.hu\/cadavercourse\/wp-json\/wp\/v2\/tags?post=1700"}],"curies":[{"name":"wp","href":"https:\/\/api.w.org\/{rel}","templated":true}]}}

Dr. Hauser Balázs PhD

<h6 class="p1"><img loading="lazy" decoding="async" class="size-medium wp-image-1633 alignright" src="https://semmelweis.hu/cadavercourse/files/2025/11/Balazs-Hauser-MD-PhD-FERC-289x400.jpg" alt="" width="289" height="400" srcset="https://semmelweis.hu/cadavercourse/files/2025/11/Balazs-Hauser-MD-PhD-FERC-289x400.jpg 289w, https://semmelweis.hu/cadavercourse/files/2025/11/Balazs-Hauser-MD-PhD-FERC-739x1024.jpg 739w, https://semmelweis.hu/cadavercourse/files/2025/11/Balazs-Hauser-MD-PhD-FERC-768x1064.jpg 768w, https://semmelweis.hu/cadavercourse/files/2025/11/Balazs-Hauser-MD-PhD-FERC-1109x1536.jpg 1109w, https://semmelweis.hu/cadavercourse/files/2025/11/Balazs-Hauser-MD-PhD-FERC-1479x2048.jpg 1479w, https://semmelweis.hu/cadavercourse/files/2025/11/Balazs-Hauser-MD-PhD-FERC-753x1043.jpg 753w, https://semmelweis.hu/cadavercourse/files/2025/11/Balazs-Hauser-MD-PhD-FERC-scaled.jpg 1848w" sizes="auto, (max-width: 289px) 100vw, 289px" />Hauser Balázs az <strong>Aneszteziológiai és Intenzív Terápiás Tanszék</strong>, valamint az <strong>Aneszteziológiai és Perioperatív Betegellátási Intézet</strong> docense, ahol a gyermekgyógyászati aneszteziológiai szolgálatot vezeti.<br />
Aneszteziológiai és intenzív terápiás, sürgősségi orvostudományi, gyermekgyógyászati intenzív terápiás és gyermekgyógyászati sürgősségi orvostudományi szakvizsgával rendelkezik. Több évnyi kritikus ellátással kapcsolatos kutatás után a németországi Ulm Egyetem nagyállat-laboratóriumában, a Semmelweis Egyetemen szerzett PhD fokozatot, disszertációját a újraélesztett endotoxémiás sertésmodellek kísérleti terápiáiról írta.<br />
Több évtizede vesz részt egyetemi és posztgraduális oktatásban, az <strong>ERC EPALS</strong> tanfolyam nemzeti kurzusigazgatója, valamint felnőtt és gyermek légútmenedzsmentet oktat.<br />
Több nemzetközi társaság (<strong>ESAIC, ESPA, ERC, ESICM</strong>) tagja, valamint a <strong>Magyar Gyermekaneszteziológiai és Intenzív Terápiás Társaság</strong>, a <strong>Magyar Aneszteziológiai és Intenzív Terápiás Társaság</strong> és a<strong> Magyar Újraélesztési Tanács</strong> elnökségének tagja.</h6>

<p>Hauser Balázs az Aneszteziológiai és Intenzív Terápiás Tanszék, valamint az Aneszteziológiai és Perioperatív Betegellátási Intézet docense, ahol a gyermekgyógyászati aneszteziológiai szolgálatot vezeti. Aneszteziológiai és intenzív terápiás, sürgősségi orvostudományi, gyermekgyógyászati intenzív terápiás és gyermekgyógyászati sürgősségi orvostudományi szakvizsgával rendelkezik. Több évnyi kritikus ellátással kapcsolatos kutatás után a németországi Ulm Egyetem nagyállat-laboratóriumában, a Semmelweis Egyetemen szerzett PhD fokozatot, &hellip;</p>
