{"id":1698,"date":"2025-11-27T14:32:16","date_gmt":"2025-11-27T13:32:16","guid":{"rendered":"https:\/\/semmelweis.hu\/cadavercourse\/?page_id=1698"},"modified":"2025-11-28T08:01:25","modified_gmt":"2025-11-28T07:01:25","slug":"dr_kallai_andras_phd","status":"publish","type":"page","link":"https:\/\/semmelweis.hu\/cadavercourse\/oktatok\/dr_kallai_andras_phd\/","title":{"rendered":"Dr. K\u00e1llai Andr\u00e1s PhD"},"content":{"rendered":"<p><span style=\"font-weight: 400\"><img loading=\"lazy\" decoding=\"async\" class=\"size-medium wp-image-1565 alignright\" src=\"https:\/\/semmelweis.hu\/cadavercourse\/files\/2025\/11\/Andras-Kallai-MD-PhD-EDEC_picture-265x400.jpg\" alt=\"\" width=\"265\" height=\"400\" srcset=\"https:\/\/semmelweis.hu\/cadavercourse\/files\/2025\/11\/Andras-Kallai-MD-PhD-EDEC_picture-265x400.jpg 265w, https:\/\/semmelweis.hu\/cadavercourse\/files\/2025\/11\/Andras-Kallai-MD-PhD-EDEC_picture-679x1024.jpg 679w, https:\/\/semmelweis.hu\/cadavercourse\/files\/2025\/11\/Andras-Kallai-MD-PhD-EDEC_picture-768x1158.jpg 768w, https:\/\/semmelweis.hu\/cadavercourse\/files\/2025\/11\/Andras-Kallai-MD-PhD-EDEC_picture-1019x1536.jpg 1019w, https:\/\/semmelweis.hu\/cadavercourse\/files\/2025\/11\/Andras-Kallai-MD-PhD-EDEC_picture-1358x2048.jpg 1358w, https:\/\/semmelweis.hu\/cadavercourse\/files\/2025\/11\/Andras-Kallai-MD-PhD-EDEC_picture-753x1135.jpg 753w, https:\/\/semmelweis.hu\/cadavercourse\/files\/2025\/11\/Andras-Kallai-MD-PhD-EDEC_picture-scaled.jpg 1698w\" sizes=\"auto, (max-width: 265px) 100vw, 265px\" \/>K\u00e1llai Andr\u00e1s <\/span>2010-ben szerezte meg szakvizsg\u00e1j\u00e1t aneszteziol\u00f3gi\u00e1b\u00f3l \u00e9s intenz\u00edv ter\u00e1pi\u00e1b\u00f3l. A Semmelweis Egyetem Aneszteziol\u00f3giai \u00e9s Intenz\u00edv Ter\u00e1pi\u00e1s Tansz\u00e9k\u00e9n dolgozik.<\/p>\n<p>2014 \u00f3ta kulcsszerepet j\u00e1tszik az intenz\u00edv ter\u00e1pia \u00e9s aneszteziol\u00f3gia alapk\u00e9pz\u00e9s\u00e9ben, magyar, angol \u00e9s n\u00e9met nyelven tan\u00edt. A Tansz\u00e9k oktat\u00e1si bizotts\u00e1g\u00e1nak tagja, valamint t\u00f6bb posztgradu\u00e1lis k\u00e9pz\u00e9sben is r\u00e9szt vesz oktat\u00f3k\u00e9nt.<\/p>\n<p>2024-ben szerzett doktori fokozatot <em>A Flow Cytometry-Based Rapid Method for Determining Bacterial Antibiotic Resistance Profiles<\/em> (\u00c1raml\u00e1sos citometri\u00e1n alapul\u00f3 gyors m\u00f3dszer a bakt\u00e9riumok antibiotikum-rezisztencia profilj\u00e1nak meghat\u00e1roz\u00e1s\u00e1ra) c\u00edm\u0171 disszert\u00e1ci\u00f3j\u00e1val. Az ezt k\u00f6vet\u0151 \u00e9vben megszerezte az <em>European Diploma in Advanced Critical Care Echocardiography &#8211;<\/em>k\u00e9pes\u00edt\u00e9st.\u00a0<\/p>\n<p>F\u0151 \u00e9rdekl\u0151d\u00e9si \u00e9s kutat\u00e1si ter\u00fcletei k\u00f6z\u00e9 tartozik a kritikus \u00e1llapot\u00fa betegek l\u00e9g\u00fatmenedzsmentje, az intenz\u00edv ter\u00e1pi\u00e1s echokardiogr\u00e1fia \u00e9s a v\u00e9rz\u00e9scsillap\u00edt\u00e1s. Koll\u00e9g\u00e1ival jelenleg egy \u00faj protokollt fejleszt ki a pulmonalis emb\u00f3lia egy\u00e9nre szabott, viszkoelasztometri\u00e1val ir\u00e1ny\u00edtott, echokardiogr\u00e1fi\u00e1val kontroll\u00e1lt trombolitikus ter\u00e1pi\u00e1j\u00e1ra.<\/p>\n","protected":false},"excerpt":{"rendered":"<p>K\u00e1llai Andr\u00e1s 2010-ben szerezte meg szakvizsg\u00e1j\u00e1t aneszteziol\u00f3gi\u00e1b\u00f3l \u00e9s intenz\u00edv ter\u00e1pi\u00e1b\u00f3l. A Semmelweis Egyetem Aneszteziol\u00f3giai \u00e9s Intenz\u00edv Ter\u00e1pi\u00e1s Tansz\u00e9k\u00e9n dolgozik. 2014 \u00f3ta kulcsszerepet j\u00e1tszik az intenz\u00edv ter\u00e1pia \u00e9s aneszteziol\u00f3gia alapk\u00e9pz\u00e9s\u00e9ben, magyar, angol \u00e9s n\u00e9met nyelven tan\u00edt. A Tansz\u00e9k oktat\u00e1si bizotts\u00e1g\u00e1nak tagja, valamint t\u00f6bb posztgradu\u00e1lis k\u00e9pz\u00e9sben is r\u00e9szt vesz oktat\u00f3k\u00e9nt. 2024-ben szerzett doktori fokozatot A Flow Cytometry-Based &hellip;<\/p>\n","protected":false},"author":102572,"featured_media":1589,"parent":1747,"menu_order":0,"comment_status":"closed","ping_status":"closed","template":"template-fullwidth.php","meta":{"_acf_changed":false,"footnotes":""},"categories":[64,54],"tags":[],"class_list":["post-1698","page","type-page","status-publish","has-post-thumbnail","hentry","category-klinikus-oktatok","category-legut"],"acf":[],"_links":{"self":[{"href":"https:\/\/semmelweis.hu\/cadavercourse\/wp-json\/wp\/v2\/pages\/1698","targetHints":{"allow":["GET"]}}],"collection":[{"href":"https:\/\/semmelweis.hu\/cadavercourse\/wp-json\/wp\/v2\/pages"}],"about":[{"href":"https:\/\/semmelweis.hu\/cadavercourse\/wp-json\/wp\/v2\/types\/page"}],"author":[{"embeddable":true,"href":"https:\/\/semmelweis.hu\/cadavercourse\/wp-json\/wp\/v2\/users\/102572"}],"replies":[{"embeddable":true,"href":"https:\/\/semmelweis.hu\/cadavercourse\/wp-json\/wp\/v2\/comments?post=1698"}],"version-history":[{"count":1,"href":"https:\/\/semmelweis.hu\/cadavercourse\/wp-json\/wp\/v2\/pages\/1698\/revisions"}],"predecessor-version":[{"id":1699,"href":"https:\/\/semmelweis.hu\/cadavercourse\/wp-json\/wp\/v2\/pages\/1698\/revisions\/1699"}],"up":[{"embeddable":true,"href":"https:\/\/semmelweis.hu\/cadavercourse\/wp-json\/wp\/v2\/pages\/1747"}],"wp:featuredmedia":[{"embeddable":true,"href":"https:\/\/semmelweis.hu\/cadavercourse\/wp-json\/wp\/v2\/media\/1589"}],"wp:attachment":[{"href":"https:\/\/semmelweis.hu\/cadavercourse\/wp-json\/wp\/v2\/media?parent=1698"}],"wp:term":[{"taxonomy":"category","embeddable":true,"href":"https:\/\/semmelweis.hu\/cadavercourse\/wp-json\/wp\/v2\/categories?post=1698"},{"taxonomy":"post_tag","embeddable":true,"href":"https:\/\/semmelweis.hu\/cadavercourse\/wp-json\/wp\/v2\/tags?post=1698"}],"curies":[{"name":"wp","href":"https:\/\/api.w.org\/{rel}","templated":true}]}}

Dr. Kállai András PhD

<p><span style="font-weight: 400"><img loading="lazy" decoding="async" class="size-medium wp-image-1565 alignright" src="https://semmelweis.hu/cadavercourse/files/2025/11/Andras-Kallai-MD-PhD-EDEC_picture-265x400.jpg" alt="" width="265" height="400" srcset="https://semmelweis.hu/cadavercourse/files/2025/11/Andras-Kallai-MD-PhD-EDEC_picture-265x400.jpg 265w, https://semmelweis.hu/cadavercourse/files/2025/11/Andras-Kallai-MD-PhD-EDEC_picture-679x1024.jpg 679w, https://semmelweis.hu/cadavercourse/files/2025/11/Andras-Kallai-MD-PhD-EDEC_picture-768x1158.jpg 768w, https://semmelweis.hu/cadavercourse/files/2025/11/Andras-Kallai-MD-PhD-EDEC_picture-1019x1536.jpg 1019w, https://semmelweis.hu/cadavercourse/files/2025/11/Andras-Kallai-MD-PhD-EDEC_picture-1358x2048.jpg 1358w, https://semmelweis.hu/cadavercourse/files/2025/11/Andras-Kallai-MD-PhD-EDEC_picture-753x1135.jpg 753w, https://semmelweis.hu/cadavercourse/files/2025/11/Andras-Kallai-MD-PhD-EDEC_picture-scaled.jpg 1698w" sizes="auto, (max-width: 265px) 100vw, 265px" />Kállai András </span>2010-ben szerezte meg szakvizsgáját aneszteziológiából és intenzív terápiából. A Semmelweis Egyetem Aneszteziológiai és Intenzív Terápiás Tanszékén dolgozik.</p>
<p>2014 óta kulcsszerepet játszik az intenzív terápia és aneszteziológia alapképzésében, magyar, angol és német nyelven tanít. A Tanszék oktatási bizottságának tagja, valamint több posztgraduális képzésben is részt vesz oktatóként.</p>
<p>2024-ben szerzett doktori fokozatot <em>A Flow Cytometry-Based Rapid Method for Determining Bacterial Antibiotic Resistance Profiles</em> (Áramlásos citometrián alapuló gyors módszer a baktériumok antibiotikum-rezisztencia profiljának meghatározására) című disszertációjával. Az ezt követő évben megszerezte az <em>European Diploma in Advanced Critical Care Echocardiography &#8211;</em>képesítést. </p>
<p>Fő érdeklődési és kutatási területei közé tartozik a kritikus állapotú betegek légútmenedzsmentje, az intenzív terápiás echokardiográfia és a vérzéscsillapítás. Kollégáival jelenleg egy új protokollt fejleszt ki a pulmonalis embólia egyénre szabott, viszkoelasztometriával irányított, echokardiográfiával kontrollált trombolitikus terápiájára.</p>

<p>Kállai András 2010-ben szerezte meg szakvizsgáját aneszteziológiából és intenzív terápiából. A Semmelweis Egyetem Aneszteziológiai és Intenzív Terápiás Tanszékén dolgozik. 2014 óta kulcsszerepet játszik az intenzív terápia és aneszteziológia alapképzésében, magyar, angol és német nyelven tanít. A Tanszék oktatási bizottságának tagja, valamint több posztgraduális képzésben is részt vesz oktatóként. 2024-ben szerzett doktori fokozatot A Flow Cytometry-Based &hellip;</p>
