{"id":9788,"date":"2022-04-28T14:16:58","date_gmt":"2022-04-28T12:16:58","guid":{"rendered":"https:\/\/semmelweis.hu\/borklinika\/?page_id=9788"},"modified":"2024-10-09T10:11:34","modified_gmt":"2024-10-09T08:11:34","slug":"a-magyar-dermatologiai-tarsulat-betegtajekoztato-anyagai","status":"publish","type":"page","link":"https:\/\/semmelweis.hu\/borklinika\/a-betegellatas-fo-profiljai\/a-magyar-dermatologiai-tarsulat-betegtajekoztato-anyagai\/","title":{"rendered":"A Magyar Dermatol\u00f3giai T\u00e1rsulat betegt\u00e1j\u00e9koztat\u00f3 anyagai"},"content":{"rendered":"<p style=\"text-align: justify\">A Magyar Dermatol\u00f3giai T\u00e1rsulat (MDT)<span style=\"color: #000000\"> weboldal\u00e1n <\/span>naprak\u00e9sz \u00e9s hiteles inform\u00e1ci\u00f3k tal\u00e1lhat\u00f3k a gyakori b\u0151rbetegs\u00e9gek (pszori\u00e1zis, melanoma, at\u00f3pi\u00e1s dermatitisz, nem melanoma t\u00edpus\u00fa b\u0151rr\u00e1kok) megel\u0151z\u00e9s\u00e9r\u0151l, felismer\u00e9s\u00e9r\u0151l \u00e9s korszer\u0171 kezel\u00e9s\u00e9r\u0151l, valamint a b\u0151reszt\u00e9tikai kezel\u00e9sek r\u00e9szleteir\u0151l.\u00a0<\/p>\n<p>Tov\u00e1bbi inform\u00e1ci\u00f3\u00e9rt <a href=\"https:\/\/skindex.hu\/?fbclid=IwAR1imHo_SzbJl-lFtlfabsPzeDzoS4XYIxNixuuCGJcwqJiyhYELTXhtaAg\" target=\"_blank\" rel=\"noopener\"><strong>\u2192<\/strong> <strong>kattintson ide\u00a0<\/strong><\/a><\/p>\n<p>&nbsp;<\/p>\n<p>&nbsp;<\/p>\n","protected":false},"excerpt":{"rendered":"<p>A Magyar Dermatol\u00f3giai T\u00e1rsulat (MDT) weboldal\u00e1n naprak\u00e9sz \u00e9s hiteles inform\u00e1ci\u00f3k tal\u00e1lhat\u00f3k a gyakori b\u0151rbetegs\u00e9gek (pszori\u00e1zis, melanoma, at\u00f3pi\u00e1s dermatitisz, nem melanoma t\u00edpus\u00fa b\u0151rr\u00e1kok) megel\u0151z\u00e9s\u00e9r\u0151l, felismer\u00e9s\u00e9r\u0151l \u00e9s korszer\u0171 kezel\u00e9s\u00e9r\u0151l, valamint a b\u0151reszt\u00e9tikai kezel\u00e9sek r\u00e9szleteir\u0151l.\u00a0<br \/>\nTov\u00e1bbi inform\u00e1ci\u00f3\u00e9rt <a href=\"https:\/\/skindex.hu\/?fbclid=IwAR1imHo_SzbJl-lFtlfabsPzeDzoS4XYIxNixuuCGJcwqJiyhYELTXhtaAg\" target=\"_blank\" rel=\"noopener\">\u2192 kattintson ide\u00a0<\/a><br \/>\n&nbsp;<br \/>\n&nbsp;<\/p>\n","protected":false},"author":101244,"featured_media":0,"parent":9,"menu_order":11,"comment_status":"closed","ping_status":"closed","template":"","meta":{"_acf_changed":false,"footnotes":""},"categories":[],"tags":[],"class_list":["post-9788","page","type-page","status-publish","hentry"],"acf":[],"_links":{"self":[{"href":"https:\/\/semmelweis.hu\/borklinika\/wp-json\/wp\/v2\/pages\/9788","targetHints":{"allow":["GET"]}}],"collection":[{"href":"https:\/\/semmelweis.hu\/borklinika\/wp-json\/wp\/v2\/pages"}],"about":[{"href":"https:\/\/semmelweis.hu\/borklinika\/wp-json\/wp\/v2\/types\/page"}],"author":[{"embeddable":true,"href":"https:\/\/semmelweis.hu\/borklinika\/wp-json\/wp\/v2\/users\/101244"}],"replies":[{"embeddable":true,"href":"https:\/\/semmelweis.hu\/borklinika\/wp-json\/wp\/v2\/comments?post=9788"}],"version-history":[{"count":2,"href":"https:\/\/semmelweis.hu\/borklinika\/wp-json\/wp\/v2\/pages\/9788\/revisions"}],"predecessor-version":[{"id":9793,"href":"https:\/\/semmelweis.hu\/borklinika\/wp-json\/wp\/v2\/pages\/9788\/revisions\/9793"}],"up":[{"embeddable":true,"href":"https:\/\/semmelweis.hu\/borklinika\/wp-json\/wp\/v2\/pages\/9"}],"wp:attachment":[{"href":"https:\/\/semmelweis.hu\/borklinika\/wp-json\/wp\/v2\/media?parent=9788"}],"wp:term":[{"taxonomy":"category","embeddable":true,"href":"https:\/\/semmelweis.hu\/borklinika\/wp-json\/wp\/v2\/categories?post=9788"},{"taxonomy":"post_tag","embeddable":true,"href":"https:\/\/semmelweis.hu\/borklinika\/wp-json\/wp\/v2\/tags?post=9788"}],"curies":[{"name":"wp","href":"https:\/\/api.w.org\/{rel}","templated":true}]}}

A Magyar Dermatológiai Társulat betegtájékoztató anyagai

<p style="text-align: justify">A Magyar Dermatológiai Társulat (MDT)<span style="color: #000000"> weboldalán </span>naprakész és hiteles információk találhatók a gyakori bőrbetegségek (pszoriázis, melanoma, atópiás dermatitisz, nem melanoma típusú bőrrákok) megelőzéséről, felismeréséről és korszerű kezeléséről, valamint a bőresztétikai kezelések részleteiről. </p>
<p>További információért <a href="https://skindex.hu/?fbclid=IwAR1imHo_SzbJl-lFtlfabsPzeDzoS4XYIxNixuuCGJcwqJiyhYELTXhtaAg" target="_blank" rel="noopener"><strong>→</strong> <strong>kattintson ide </strong></a></p>
<p>&nbsp;</p>
<p>&nbsp;</p>

<p>A Magyar Dermatológiai Társulat (MDT) weboldalán naprakész és hiteles információk találhatók a gyakori bőrbetegségek (pszoriázis, melanoma, atópiás dermatitisz, nem melanoma típusú bőrrákok) megelőzéséről, felismeréséről és korszerű kezeléséről, valamint a bőresztétikai kezelések részleteiről. <br />
További információért <a href="https://skindex.hu/?fbclid=IwAR1imHo_SzbJl-lFtlfabsPzeDzoS4XYIxNixuuCGJcwqJiyhYELTXhtaAg" target="_blank" rel="noopener">→ kattintson ide </a><br />
&nbsp;<br />
&nbsp;</p>
