{"id":9611,"date":"2022-03-23T08:58:50","date_gmt":"2022-03-23T07:58:50","guid":{"rendered":"https:\/\/semmelweis.hu\/borklinika\/?page_id=9611"},"modified":"2024-03-27T10:12:14","modified_gmt":"2024-03-27T09:12:14","slug":"reszletes-leiras","status":"publish","type":"page","link":"https:\/\/semmelweis.hu\/borklinika\/reszletes-leiras\/","title":{"rendered":"R\u00e9szletes le\u00edr\u00e1s"},"content":{"rendered":"<p>Az alkalmaz\u00e1s haszn\u00e1lat\u00e1r\u00f3l r\u00e9szletesen:<\/p>\n<ol>\n<li>Alkalmaz\u00e1s neve: <a href=\"https:\/\/semmelweis.aip.ai\/\">AIP Derm<\/a><\/li>\n<li>Fejleszt\u0151: <a href=\"https:\/\/www.facebook.com\/aiplabshu\">AIP Medical Holding Zrt.<\/a> (https:\/\/www.aip.ai\/hu\/)<\/li>\n<li>Applik\u00e1ci\u00f3 let\u00f6lt\u00e9s\u00e9re nincs sz\u00fcks\u00e9g! A teledermatol\u00f3giai rendszer egyszer\u0171 webb\u00f6ng\u00e9sz\u0151n el\u00e9rhet\u0151 \u00e9s haszn\u00e1lhat\u00f3. Az alkalmaz\u00e1s a k\u00f6vetkez\u0151 linkr\u0151l el\u00e9rhet\u0151<strong>:<\/strong> <a href=\"https:\/\/semmelweis.aip.ai\/\">https:\/\/semmelweis.aip.ai\/<\/a><\/li>\n<\/ol>\n<p>Hogyan m\u0171k\u00f6dik a mesters\u00e9ges intelligencia alap\u00fa b\u0151rgy\u00f3gy\u00e1szat? Tulajdonk\u00e9ppen beszkennelj\u00fck a betegs\u00e9g\u00fcnket! Amikor valamilyen b\u0151rgy\u00f3gy\u00e1szati probl\u00e9m\u00e1nk van, egyszer\u0171en lefot\u00f3zzuk \u00e9s felt\u00f6ltj\u00fck az arr\u00f3l k\u00e9sz\u00fclt k\u00e9pet &#8211; okostelefonr\u00f3l vagy sz\u00e1m\u00edt\u00f3g\u00e9pen kereszt\u00fcl &#8211; az <a href=\"https:\/\/semmelweis.aip.ai\/\">AIP Derm<\/a> alkalmaz\u00e1sba, ami egy mesters\u00e9ges intelligenci\u00e1val m\u0171k\u00f6d\u0151 professzion\u00e1lis orvosi d\u00f6nt\u00e9st\u00e1mogat\u00e1si rendszer. Fontos ugyanakkor, hogy sosem a mesters\u00e9ges intelligencia d\u00f6nt, hanem csak t\u00e1mogatja, seg\u00edti \u00e9s gyors\u00edtja az orvosi szakv\u00e9lem\u00e9ny kialak\u00edt\u00e1s\u00e1t.<\/p>\n<p>Hogyan tudja haszn\u00e1lni az alkalmaz\u00e1st? Miut\u00e1n a linkre kattintott, a k\u00f6vetkez\u0151 l\u00e9p\u00e9seket kell csin\u00e1lnia:<\/p>\n<ol>\n<li><strong>Fi\u00f3k l\u00e9trehoz\u00e1sa<\/strong>: a legels\u0151 haszn\u00e1lat sor\u00e1n sz\u00fcks\u00e9ges, hogy regisztr\u00e1ljon a rendszerbe, ezt a fi\u00f3k l\u00e9trehoz\u00e1sa ponton tudja megtenni. Ehhez meg kell adnia a nev\u00e9t, \u00e9rv\u00e9nyes e-mail c\u00edm\u00e9t, egy jelsz\u00f3t, illetve el kell fogadnia az \u00c1ltal\u00e1nos Szerz\u0151d\u00e9si Felt\u00e9teleket.\n<ol>\n<li>A jelsz\u00f3nak legal\u00e1bb 8 karakterb\u0151l kell \u00e1llnia. Jegyezze meg jelszav\u00e1t, mert a j\u00f6v\u0151ben ezzel fog hozz\u00e1f\u00e9rni fi\u00f3kj\u00e1hoz. Amennyiben <strong>elfelejti k\u00e9s\u0151bbiekben jelszav\u00e1t, <\/strong>a bejelentkez\u00e9si fel\u00fclet alj\u00e1n a<strong> \u201c<\/strong>Jelsz\u00f3 vissza\u00e1ll\u00edt\u00e1sa\u201d gombbal \u00faj jelsz\u00f3t \u00e1ll\u00edthat be. Az \u00faj jelsz\u00f3t ezut\u00e1n e-mail c\u00edm\u00e9re kapott linken tudja megadni.<\/li>\n<li>Egy e-mail c\u00edmr\u0151l csak egyszer regisztr\u00e1lhat!<\/li>\n<li>A fi\u00f3k l\u00e9trehoz\u00e1s\u00e1n\u00e1l a rendszer a biztons\u00e1g \u00e9rdek\u00e9ben ellen\u0151rzi, hogy \u00f6n nem egy robot-e. Ez egy egyszer\u0171 k\u00e9pfelismer\u0151 teszt, p\u00e9ld\u00e1ul v\u00e1lassza ki azokat a k\u00e9peket, amiken hidakat l\u00e1t.<\/li>\n<\/ol>\n<\/li>\n<li><strong>Alapvet\u0151 adatok regisztr\u00e1ci\u00f3hoz: <\/strong>fi\u00f3kja l\u00e9trehoz\u00e1sa ut\u00e1n meg kell adnia alapvet\u0151 adatait a regisztr\u00e1ci\u00f3hoz: anyja le\u00e1nykori neve, neme, sz\u00fclet\u00e9si d\u00e1tuma, taj k\u00e1rtya sz\u00e1ma, c\u00edme, \u00e9s b\u0151rsz\u00edne. Ezt a rendszer haszn\u00e1lata sor\u00e1n egyszer kell kit\u00f6ltenie, ut\u00e1na az AIP Derm megjegyzi adatait.<\/li>\n<li><strong>\u00daj vizsg\u00e1lat<\/strong>: a rendszerbe bel\u00e9pve a z\u00f6ld sz\u00ednnel jelzett \u201c\u00daj vizsg\u00e1lat\u201d gombra kattintva el is kezdheti a teledermatol\u00f3giai konzult\u00e1ci\u00f3t.\n<ol>\n<li>A vizsg\u00e1lat egy <strong>f\u00e9nyk\u00e9p felt\u00f6lt\u00e9s\u00e9vel<\/strong> kezd\u0151dik. Igyekezzen min\u00e9l jobb min\u0151s\u00e9g\u0171 k\u00e9pet k\u00e9sz\u00edteni a b\u0151relv\u00e1ltoz\u00e1sr\u00f3l. Egy darab vizsg\u00e1lat sor\u00e1n egy fot\u00f3 t\u00f6lthet\u0151 fel. Ha t\u00f6bb b\u0151rprobl\u00e9m\u00e1ja is van, azoknak k\u00fcl\u00f6n vizsg\u00e1latot kell ind\u00edtania.<\/li>\n<li>Pr\u00f3b\u00e1lja meg a k\u00e9pet \u00fagy <strong>elhelyezni a keretben<\/strong>, hogy a b\u0151relv\u00e1ltoz\u00e1s k\u00f6z\u00e9pen legyen. A rendszer seg\u00edt a k\u00e9p k\u00f6r\u00fclv\u00e1g\u00e1s\u00e1ban. Majd nyomja meg a \u201ck\u00f6vetkez\u0151 l\u00e9p\u00e9s gombot\u201d.<\/li>\n<li>Ezut\u00e1n az \u00e1bra seg\u00edts\u00e9g\u00e9vel <strong>jel\u00f6lje be a testr\u00e9szt<\/strong>, ahol k\u00e9sz\u00fclt a k\u00e9p. T\u00f6bb testr\u00e9szt is kiv\u00e1laszthat, ha a panasza t\u00f6bbre kiterjed. Majd nyomja meg a \u201ck\u00f6vetkez\u0151 l\u00e9p\u00e9s gombot\u201d.<\/li>\n<li>A <strong>tov\u00e1bbi k\u00e9rd\u00e9sek<\/strong> f\u00fcl alatt a betegs\u00e9g beazonos\u00edt\u00e1s\u00e1t seg\u00edt\u0151 k\u00e9rd\u00e9seket kell megv\u00e1laszolnia. P\u00e9ld\u00e1ul, hogy a b\u0151r mekkora r\u00e9sz\u00e9t \u00e9rinti a probl\u00e9ma, mi\u00f3ta \u00e1ll fenn a probl\u00e9ma, tapasztal-e viszket\u00e9st, f\u00e1jdalmat, van-e l\u00e1za. Pr\u00f3b\u00e1ljon meg pontosan v\u00e1laszolni a k\u00e9rd\u00e9sekre, majd nyomja meg a \u201ck\u00f6vetkez\u0151 l\u00e9p\u00e9s gombot\u201d.<\/li>\n<li>Az <strong>\u00f6sszefoglal\u00f3<\/strong>ban l\u00e1thatja az \u00f6sszes bevitt adatot. K\u00e9rj\u00fck, ellen\u0151rizze le, mindent j\u00f3l adott-e meg.<\/li>\n<li>Ezut\u00e1n nyomjon a z\u00f6ld <strong>bek\u00fcld\u00e9s <\/strong> Ezzel v\u00e9get is \u00e9rt az \u00d6n feladata. Szakszer\u0171 diagn\u00f3zis\u00e1t \u00e9s kezel\u00e9si javaslat\u00e1t hamarosan megkapja. Amint el\u00e9rhet\u0151, e-mailben \u00e9rtes\u00edtj\u00fck.<\/li>\n<\/ol>\n<\/li>\n<\/ol>\n<p><strong>Mi t\u00f6rt\u00e9nik adataim bek\u00fcld\u00e9se ut\u00e1n?<\/strong><\/p>\n<p>A mesters\u00e9ges intelligencia az erre kijel\u00f6lt szakorvos seg\u00edts\u00e9g\u00e9vel meg\u00e1llap\u00edtja a diagn\u00f3zist. Az AIP Derm eszk\u00f6z a p\u00e1ciens \u00e1ltal bek\u00fcld\u00f6tt k\u00e9p, valamint a mell\u00e9kelt klinikai adatok alapj\u00e1n 700 f\u00e9le b\u0151rbetegs\u00e9get, vagyis az ismert b\u0151rgy\u00f3gy\u00e1szati probl\u00e9m\u00e1k jelent\u0151s r\u00e9sz\u00e9t tudja azonos\u00edtani. A mesters\u00e9ges intelligencia \u00e1ltal fel\u00e1ll\u00edtott el\u0151zetes diagn\u00f3zist <strong>minden esetben b\u0151rgy\u00f3gy\u00e1sz szakorvos hagyja j\u00f3v\u00e1<\/strong>, ugyanakkor a szoftver prioriz\u00e1lja a bej\u00f6v\u0151 eseteket, megadja a differenci\u00e1l diagn\u00f3zist \u00e9s seg\u00edti az orvosi d\u00f6nt\u00e9st.<\/p>\n<p><strong>Mi t\u00f6rt\u00e9nik, miut\u00e1n meg\u00e1llap\u00edtott\u00e1k a diagn\u00f3zist?<\/strong><\/p>\n<p>A kezel\u0151orvos \u00e1ltal fel\u00e1ll\u00edtott diagn\u00f3zis alapj\u00e1n az al\u00e1bbi eredm\u00e9nyek lehets\u00e9gesek: nincs tov\u00e1bbi teend\u0151je, v\u00e9ny n\u00e9lk\u00fcli gy\u00f3gyk\u00e9sz\u00edtm\u00e9ny alkalmaz\u00e1sa sz\u00fcks\u00e9ges, v\u00e9nyk\u00f6teles gy\u00f3gyk\u00e9sz\u00edtm\u00e9ny alkalmaz\u00e1sa sz\u00fcks\u00e9ges (felh\u0151be ker\u00fcl a recept, ami gy\u00f3gyszert\u00e1rban kiv\u00e1lthat\u00f3) vagy szem\u00e9lyes konzult\u00e1ci\u00f3 sz\u00fcks\u00e9ges (a Semmelweis B\u0151rklinik\u00e1n vagy a ter\u00fcletileg illet\u00e9kes szakrendel\u0151ben).<\/p>\n<ol>\n<li><strong>Email az eredm\u00e9nyekr\u0151l: <\/strong>amint az orvos a mesters\u00e9ges intelligencia seg\u00edts\u00e9g\u00e9vel fel\u00e1ll\u00edtja a diagn\u00f3zist, ki\u00e1ll\u00edtja az ambul\u00e1ns lapot a p\u00e1ciensnek. Err\u0151l a p\u00e1cienst e-mailben \u00e9rtes\u00edtj\u00fck.<\/li>\n<li><strong>Eredm\u00e9nyek megtekint\u00e9se<\/strong>: miut\u00e1n megkapta az e-mailt arr\u00f3l, hogy eredm\u00e9nyei k\u00e9szek, l\u00e9pjen be az alkalmaz\u00e1sba email c\u00edme \u00e9s jelszava seg\u00edts\u00e9g\u00e9vel. Az alkalmaz\u00e1son bel\u00fcl az \u201c<strong>ir\u00e1ny\u00edt\u00f3pult<\/strong>\u201d men\u00fc alatt tal\u00e1lja <strong>eseteit<\/strong>. A vizsg\u00e1lat d\u00e1tum\u00e1t \u00e9s a megadott k\u00e9pet mutatja a rendszer, ezek seg\u00edts\u00e9g\u00e9vel tudja ellen\u0151rizni, melyik panasz\u00e1r\u00f3l kapott eredm\u00e9nyt n\u00e9zi \u00e9ppen meg. Az eset mellett l\u00e1tni fogja a \u201cDiagn\u00f3zisa \u00e9s kezel\u00e9si terve elk\u00e9sz\u00fclt\u201d feliratot, ami mellett a \u201cMegtekint\u00e9s\u201d gomb megnyom\u00e1s\u00e1val l\u00e1thatja a r\u00e9szletes kezel\u00e9si tervet \u00e9s diagn\u00f3zist.<\/li>\n<li><strong>Diagn\u00f3zis \u00e9s kezel\u00e9si terv: <\/strong>miut\u00e1n r\u00e1kattintott a megtekint\u00e9s gombra, l\u00e1thatja r\u00e9szletesen a diagn\u00f3zist \u00e9s a kezel\u00e9si tervet.\n<ol>\n<li>\u201cA bek\u00fcld\u00f6tt inform\u00e1ci\u00f3k alapj\u00e1n b\u0151rgy\u00f3gy\u00e1sz szak\u00e9rt\u0151nk a k\u00f6vetkez\u0151 diagn\u00f3zist \u00e1ll\u00edtotta fel\u201d mondat ut\u00e1n l\u00e1thatja az alkalmaz\u00e1s k\u00f6zep\u00e9n a diagn\u00f3zist \u00e9s hozz\u00e1 egy <strong>r\u00f6vid inform\u00e1l\u00f3 r\u00e9szt a betegs\u00e9gr\u0151l<\/strong>. Ezzel szeretn\u00e9nk seg\u00edteni a t\u00e1j\u00e9koz\u00f3d\u00e1st, itt olvashat az orvos \u00e1ltal meg\u00e1llap\u00edtott betegs\u00e9g alapvet\u0151 jellemz\u0151ir\u0151l \u00e9s f\u0151bb t\u00fcneteir\u0151l.<\/li>\n<li><strong>A k\u00f6vetkez\u0151 l\u00e9p\u00e9sek<\/strong>: amennyiben gy\u00f3gyszert vagy kezel\u00e9st \u00edrnak fel \u00f6nnek, a diagn\u00f3zis alatt megl\u00e1tja az orvos \u00e1ltal fel\u00edrt gy\u00f3gyszert, illetve az elv\u00e9gzend\u0151 teend\u0151ket. V\u00e9nyk\u00f6teles gy\u00f3gyszer kiv\u00e1lt\u00e1s\u00e1r\u00f3l olvassa el az al\u00e1bbiakban a gy\u00f3gyszer kiv\u00e1lt\u00e1s\u00e1ra vonatkoz\u00f3 r\u00e9szt.<\/li>\n<li><strong>Hogyan tudok gy\u00f3gyszert kiv\u00e1ltani? &#8211; ell\u00e1t\u00e1s\u00e1hoz kapcsol\u00f3d\u00f3 dokumentumok \u00e9s eRecept<\/strong>: az orvos elektronikus v\u00e9nyt k\u00e9sz\u00edt \u00f6nnek \u00e9s felt\u00f6lti az EESZT-be, azaz Elektronikus Eg\u00e9szs\u00e9g\u00fcgyi Szolg\u00e1ltat\u00e1si T\u00e9rbe. Az \u00d6n sz\u00e1m\u00e1ra fel\u00edrt gy\u00f3gyszert pap\u00edr alap\u00fa recept n\u00e9lk\u00fcl is b\u00e1rmelyik patik\u00e1ban megv\u00e1s\u00e1rolhatja. Ha szem\u00e9lyesen jelenik meg a gy\u00f3gyszert\u00e1rban, vigye mag\u00e1val TAJ-k\u00e1rty\u00e1j\u00e1t \u00e9s szem\u00e9lyazonos\u00edt\u00e1sra alkalmas igazolv\u00e1ny\u00e1t (szem\u00e9lyi igazolv\u00e1ny\u00e1t vagy \u00fatlevel\u00e9t), vagy leolvas\u00e1sra adja \u00e1t e-szem\u00e9lyi igazolv\u00e1ny\u00e1t, melynek adataihoz PIN-k\u00f3dja megad\u00e1s\u00e1val biztos\u00edthat hozz\u00e1f\u00e9r\u00e9st a gy\u00f3gyszert\u00e1ri koll\u00e9g\u00e1nak. A gy\u00f3gyszert\u00e1r r\u00f6gz\u00edti az \u00d6n, mint beteg adatait, majd kiadja a gy\u00f3gyszer\u00e9t. \u00d6n al\u00e1\u00edrja a kiad\u00e1si bizonylatot, melyet a gy\u00f3gyszert\u00e1r meg\u0151riz. Gy\u00f3gyszer\u00e9t meghatalmazott \u00fatj\u00e1n is kiv\u00e1lthatja, illetve \u00d6n is megn\u00e9zheti az EESZT lakoss\u00e1gi port\u00e1lj\u00e1n az E-receptek men\u00fcpont alatt.\n<ol>\n<li><strong>Mi az az EESZT<\/strong>?: az EESZT, vagyis az Elektronikus Eg\u00e9szs\u00e9g\u00fcgyi Szolg\u00e1ltat\u00e1si T\u00e9r a hazai eg\u00e9szs\u00e9g\u00fcgyet \u00f6sszek\u00f6t\u0151 egys\u00e9ges informatikai fel\u00fclet, melyben minden eg\u00e9szs\u00e9g\u00fcgyi inform\u00e1ci\u00f3ja megtal\u00e1lhat\u00f3. Minden felhaszn\u00e1l\u00f3 kiz\u00e1r\u00f3lag a saj\u00e1t eg\u00e9szs\u00e9g\u00fcgyi adatait l\u00e1thatja. A bel\u00e9p\u00e9s az \u00dcgyf\u00e9lkapun kereszt\u00fcl t\u00f6rt\u00e9nik. El\u0151sz\u00f6r be kell l\u00e9pni az \u00dcgyf\u00e9lkapunkba, ehhez meg kell adnunk az \u00fcgyf\u00e9lkapus felhaszn\u00e1l\u00f3 nev\u00fcnket \u00e9s jelszavunkat, majd a TAJ sz\u00e1munk megad\u00e1s\u00e1val bejelentkezhet\u00fcnk az EESZT fel\u00fclet\u00fcnkre. Itt lehet megismerni, el\u00e9rni, let\u00f6lteni a vel\u00fcnk kapcsolatos, ide felt\u00f6lt\u00f6tt eg\u00e9szs\u00e9g\u00fcgyi dokumentumainkat, adatainkat. <a href=\"https:\/\/e-egeszsegugy.gov.hu\/\">https:\/\/e-egeszsegugy.gov.hu\/<\/a><\/li>\n<\/ol>\n<\/li>\n<li><strong>Ambul\u00e1ns lap: <\/strong>amennyiben ambul\u00e1ns lapra \u00e9s egy\u00e9b eg\u00e9szs\u00e9g\u00fcgyi dokumentumaira van sz\u00fcks\u00e9ge, azt szint\u00e9n el\u00e9rheti az EESZT lakoss\u00e1gi port\u00e1lj\u00e1r\u00f3l. az \u201eEll\u00e1t\u00e1sok\u201d men\u00fcponton bel\u00fcl, az \u201eEg\u00e9szs\u00e9g\u00fcgyi \u00e9s betegdokumentumok\u201d almen\u00fcre klikkelve tudja el\u00e9rni \u00e9s let\u00f6lteni \u0151ket.<\/li>\n<li><strong>Kezel\u00e9si el\u0151zm\u00e9nyek k\u00e9s\u0151bbi orvosi vizsg\u00e1lat sor\u00e1n<\/strong>: az EESZT minden olyan orvos sz\u00e1m\u00e1ra biztos\u00edtja az adatok biztons\u00e1gos el\u00e9r\u00e9s\u00e9t, aki a beteg kezel\u0151orvosa, \u00e9s akire vonatkoz\u00f3an a beteg nem korl\u00e1tozta az EESZT-ben t\u00e1rolt adatokhoz t\u00f6rt\u00e9n\u0151 hozz\u00e1f\u00e9r\u00e9si jogosults\u00e1g\u00e1t, \u00edgy az AIP Derm teledermatol\u00f3giai rendszer\u00e9ben l\u00e9v\u0151 vizsg\u00e1lat\u00e1t is l\u00e1tni fogj\u00e1k k\u00e9s\u0151bbi orvosai.<\/li>\n<\/ol>\n<\/li>\n<li><strong>Ut\u00e1nk\u00f6vet\u00e9si vizsg\u00e1lata esed\u00e9kes: <\/strong>amennyiben a b\u0151rgy\u00f3gy\u00e1sz szakorvos \u00fagy l\u00e1tja, hogy a kezel\u00e9s ut\u00e1nk\u00f6vet\u00e9s\u00e9re van sz\u00fcks\u00e9g, ut\u00e1nk\u00f6vet\u00e9si vizsg\u00e1latot \u00fctemezhet be \u00d6nnek. Ebben az esetben l\u00e1tni fogja az ut\u00e1nk\u00f6vet\u00e9si vizsg\u00e1lat d\u00e1tum\u00e1t, ami alatt egy z\u00f6ld h\u00e1tter\u0171 \u201cvizsg\u00e1lat ind\u00edt\u00e1sa\u201d gombra kattintva tudja elind\u00edtani az ut\u00e1nk\u00f6vet\u00e9si vizsg\u00e1latot. Fontos, hogy ne azonnal, hanem csak a megadott id\u0151pontban kezdje el az ut\u00e1nk\u00f6vet\u00e9si vizsg\u00e1latot. Err\u0151l eml\u00e9keztet\u0151 e-mailt is fog kapni. Ez a rendszer biztos\u00edtja, hogy monitorozni tudjuk a gy\u00f3gyul\u00e1s\u00e1t.<\/li>\n<li><strong>Szem\u00e9lyes konzult\u00e1ci\u00f3:<\/strong> amennyiben a szakorvos \u00fagy \u00edt\u00e9li meg, hogy s\u00fcrg\u0151s, illetve szem\u00e9lyes ell\u00e1t\u00e1sra van sz\u00fcks\u00e9ge, szem\u00e9lyes kezel\u00e9st javasolhat. Ilyenkor a ter\u00fclet\u00e9kes illet\u00e9kes b\u0151rgy\u00f3gy\u00e1szhoz kell mennie az orvos \u00e1ltal javasolt id\u0151n bel\u00fcl.<\/li>\n<\/ol>\n<p><strong>Profil Szerkeszt\u00e9se: <\/strong>ha hib\u00e1san adta meg adatait, vagy valamin v\u00e1ltoztatni szeretne, azt az alkalmaz\u00e1son bel\u00fcl a fi\u00f3kom men\u00fcpont alatt tudja megtenni. A m\u00f3dos\u00edt\u00e1sok ut\u00e1n egyszer\u0171en nyomjon r\u00e1 a m\u00f3dos\u00edt\u00e1sok ment\u00e9se gombra.<\/p>\n<p>K\u00f6sz\u00f6nj\u00fck, hogy v\u00e9gigolvasta \u00fatmutat\u00f3nkat \u00e9s szeretettel v\u00e1rjuk teledermatol\u00f3giai konzult\u00e1ci\u00f3ra!<\/p>\n<p>Amennyiben technikai jelleg\u0171 k\u00e9rd\u00e9se van, k\u00e9rj\u00fck h\u00edvja technikai \u00fcgyf\u00e9lszolg\u00e1latunkat a 06-1-9995482 sz\u00e1mon (ORVOSI k\u00e9rd\u00e9sekben koll\u00e9g\u00e1ink NEM tudnak inform\u00e1ci\u00f3t adni)<\/p>\n<p>&nbsp;<\/p>\n","protected":false},"excerpt":{"rendered":"<p>Az alkalmaz\u00e1s haszn\u00e1lat\u00e1r\u00f3l r\u00e9szletesen: Alkalmaz\u00e1s neve: <a href=\"https:\/\/semmelweis.aip.ai\/\">AIP Derm<\/a> Fejleszt\u0151: <a href=\"https:\/\/www.facebook.com\/aiplabshu\">AIP Medical Holding Zrt.<\/a> (https:\/\/www.aip.ai\/hu\/) Applik\u00e1ci\u00f3 let\u00f6lt\u00e9s\u00e9re nincs sz\u00fcks\u00e9g! A teledermatol\u00f3giai rendszer egyszer\u0171 webb\u00f6ng\u00e9sz\u0151n el\u00e9rhet\u0151 \u00e9s haszn\u00e1lhat\u00f3. Az alkalmaz\u00e1s a k\u00f6vetkez\u0151 linkr\u0151l el\u00e9rhet\u0151: <a href=\"https:\/\/semmelweis.aip.ai\/\">https:\/\/semmelweis.aip.ai\/<\/a> Hogyan m\u0171k\u00f6dik a mesters\u00e9ges intelligencia alap\u00fa b\u0151rgy\u00f3gy\u00e1szat? Tulajdonk\u00e9ppen beszkennelj\u00fck a betegs\u00e9g\u00fcnket! Amikor valamilyen b\u0151rgy\u00f3gy\u00e1szati probl\u00e9m\u00e1nk van, egyszer\u0171en lefot\u00f3zzuk \u00e9s felt\u00f6ltj\u00fck az arr\u00f3l k\u00e9sz\u00fclt k\u00e9pet &#8211; okostelefonr\u00f3l vagy sz\u00e1m\u00edt\u00f3g\u00e9pen kereszt\u00fcl &hellip;<\/p>\n","protected":false},"author":101274,"featured_media":0,"parent":0,"menu_order":0,"comment_status":"closed","ping_status":"closed","template":"","meta":{"_acf_changed":false,"footnotes":""},"categories":[],"tags":[],"class_list":["post-9611","page","type-page","status-publish","hentry"],"acf":[],"_links":{"self":[{"href":"https:\/\/semmelweis.hu\/borklinika\/wp-json\/wp\/v2\/pages\/9611","targetHints":{"allow":["GET"]}}],"collection":[{"href":"https:\/\/semmelweis.hu\/borklinika\/wp-json\/wp\/v2\/pages"}],"about":[{"href":"https:\/\/semmelweis.hu\/borklinika\/wp-json\/wp\/v2\/types\/page"}],"author":[{"embeddable":true,"href":"https:\/\/semmelweis.hu\/borklinika\/wp-json\/wp\/v2\/users\/101274"}],"replies":[{"embeddable":true,"href":"https:\/\/semmelweis.hu\/borklinika\/wp-json\/wp\/v2\/comments?post=9611"}],"version-history":[{"count":1,"href":"https:\/\/semmelweis.hu\/borklinika\/wp-json\/wp\/v2\/pages\/9611\/revisions"}],"predecessor-version":[{"id":9612,"href":"https:\/\/semmelweis.hu\/borklinika\/wp-json\/wp\/v2\/pages\/9611\/revisions\/9612"}],"wp:attachment":[{"href":"https:\/\/semmelweis.hu\/borklinika\/wp-json\/wp\/v2\/media?parent=9611"}],"wp:term":[{"taxonomy":"category","embeddable":true,"href":"https:\/\/semmelweis.hu\/borklinika\/wp-json\/wp\/v2\/categories?post=9611"},{"taxonomy":"post_tag","embeddable":true,"href":"https:\/\/semmelweis.hu\/borklinika\/wp-json\/wp\/v2\/tags?post=9611"}],"curies":[{"name":"wp","href":"https:\/\/api.w.org\/{rel}","templated":true}]}}