{"id":690,"date":"2014-05-12T14:00:03","date_gmt":"2014-05-12T12:00:03","guid":{"rendered":"http:\/\/semmelweis.hu\/borklinika\/?page_id=690"},"modified":"2025-06-10T12:00:37","modified_gmt":"2025-06-10T10:00:37","slug":"nekam-alapitvany","status":"publish","type":"page","link":"https:\/\/semmelweis.hu\/borklinika\/magunkrol\/a-klinika-alapitvanyai\/nekam-alapitvany\/","title":{"rendered":"N\u00e9k\u00e1m Alap\u00edtv\u00e1ny"},"content":{"rendered":"<figure id=\"attachment_702\" aria-describedby=\"caption-attachment-702\" style=\"width: 145px\" class=\"wp-caption alignright\"><a href=\"https:\/\/semmelweis.hu\/borklinika\/files\/2015\/06\/nekam_logo.jpg\"><img loading=\"lazy\" decoding=\"async\" class=\"wp-image-702 \" src=\"https:\/\/semmelweis.hu\/borklinika\/files\/2015\/06\/nekam_logo-300x300.jpg\" alt=\"\" width=\"145\" height=\"145\" srcset=\"https:\/\/semmelweis.hu\/borklinika\/files\/2015\/06\/nekam_logo-300x300.jpg 300w, https:\/\/semmelweis.hu\/borklinika\/files\/2015\/06\/nekam_logo-150x150.jpg 150w, https:\/\/semmelweis.hu\/borklinika\/files\/2015\/06\/nekam_logo-299x300.jpg 299w, https:\/\/semmelweis.hu\/borklinika\/files\/2015\/06\/nekam_logo-90x90.jpg 90w, https:\/\/semmelweis.hu\/borklinika\/files\/2015\/06\/nekam_logo.jpg 636w\" sizes=\"auto, (max-width: 145px) 100vw, 145px\" \/><\/a><figcaption id=\"caption-attachment-702\" class=\"wp-caption-text\">A N\u00e9k\u00e1m plakett<\/figcaption><\/figure>\n<p><strong>AZ ALAP\u00cdTV\u00c1NY SZ\u00c9KHELYE:<\/strong><\/p>\n<p style=\"padding-left: 40px\">Semmelweis Egyetem B\u0151r-, Nemik\u00f3rtani \u00e9s B\u0151ronkol\u00f3giai Klinika, 1085 Budapest, M\u00e1ria u. 41.<\/p>\n<p><strong>AZ ALAP\u00cdTV\u00c1NY ADATAI:<\/strong><\/p>\n<p style=\"padding-left: 40px\">K\u00f6zhaszn\u00fas\u00e1gi fokozata: k\u00f6zhaszn\u00fa<br \/>\nAlap\u00edt\u00e1s \u00e9ve: 2005.<br \/>\n<strong>Sz\u00e1mlasz\u00e1m: OTP Bank 11708001-20548678<br \/>\n<\/strong>Ad\u00f3sz\u00e1m: 18185748-1-42<br \/>\nB\u00edr\u00f3s\u00e1gi v\u00e9gz\u00e9s sz\u00e1ma: 12. Pk. 60.029\/2005\/3.<br \/>\nNyilv\u00e1ntart\u00e1si sz\u00e1m: 9460<\/p>\n<p><strong>A KURAT\u00d3RIUM VEZET\u0150 TISZTS\u00c9GVISEL\u0150I:<\/strong><\/p>\n<p style=\"padding-left: 40px\">Prof. Dr. Holl\u00f3 P\u00e9ter &#8211; eln\u00f6k-k\u00e9pvisel\u0151<br \/>\nProf. Dr. S\u00e1rdy Mikl\u00f3s &#8211; eln\u00f6khelyettes<\/p>\n<p><strong>AZ ALAP\u00cdTV\u00c1NY C\u00c9LJA, TEV\u00c9KENYS\u00c9GE:<\/strong><\/p>\n<ul>\n<li style=\"list-style-type: none\">\n<ul>\n<li style=\"text-align: justify\">Az SE B\u0151r-, Nemik\u00f3rtani \u00e9s B\u0151ronkol\u00f3giai Klinik\u00e1n zajl\u00f3 gy\u00f3gy\u00edt\u00e1si, kutat\u00e1si, oktat\u00e1si \u00e9s innov\u00e1ci\u00f3s tev\u00e9kenys\u00e9gek felt\u00e9teleinek jav\u00edt\u00e1sa, hi\u00e1nyz\u00f3 profilok megteremt\u00e9se<\/li>\n<li style=\"text-align: justify\">A B\u0151rklinika ing\u00f3 \u00e9s ingatlan eszk\u00f6z\u00e1llom\u00e1ny\u00e1nak fel\u00faj\u00edt\u00e1sa, moderniz\u00e1l\u00e1sa, a betegell\u00e1t\u00e1s korszer\u0171s\u00edt\u00e9se, \u00faj kezel\u00e9si m\u00f3dok bevezet\u00e9se, ehhez a technikai felt\u00e9telek ki\u00e9p\u00edt\u00e9se<\/li>\n<li style=\"text-align: justify\">Fiatal orvosok hazai \u00e9s k\u00fclf\u00f6ldi k\u00e9pz\u00e9s\u00e9nek el\u0151seg\u00edt\u00e9se<\/li>\n<li style=\"text-align: justify\">A b\u0151rgy\u00f3gy\u00e1szati szakk\u00e9pz\u00e9s h\u00e1zon bel\u00fcli korszer\u0171s\u00edt\u00e9se<\/li>\n<li>A betegell\u00e1t\u00e1s min\u0151s\u00e9g\u00e9nek jav\u00edt\u00e1sa<\/li>\n<\/ul>\n<\/li>\n<\/ul>\n<p style=\"text-align: justify\"><strong><span style=\"color: #333399\"><span style=\"color: #000000\">El\u0151z\u0151 \u00e9vek<\/span>:\u00a0<\/span>\u00a0<\/strong>A N\u00e9k\u00e1m Alap\u00edtv\u00e1ny eddigi m\u0171k\u00f6d\u00e9s\u00e9nek legnagyobb eredm\u00e9nye\u00a0 a Semmelweis Egyetem B\u0151r-, Nemik\u00f3rtani \u00e9s B\u0151ronkol\u00f3giai Klinik\u00e1val k\u00f6z\u00f6s, EGT\/Norv\u00e9g Mechanizmusok finansz\u00edroz\u00e1s\u00fa 0122\/NA\/2008-3\/\u00d6P-4 sz\u00e1m\u00fa p\u00e1ly\u00e1zata, amely 2012-ben sikeresen lez\u00e1rult.<\/p>\n<hr \/>\n<p style=\"text-align: center\"><span style=\"color: #333399\"><strong>K\u00d6ZHASZN\u00daS\u00c1GI JELENT\u00c9S<\/strong><\/span><\/p>\n<p><strong>A N\u00e9k\u00e1m Alap\u00edtv\u00e1ny 2024. \u00e9vi k\u00f6zhaszn\u00fas\u00e1gi jelent\u00e9se, \u00f6sszefoglal\u00f3<\/strong><\/p>\n<p style=\"text-align: justify\">Az Alap\u00edtv\u00e1ny Alap\u00edt\u00f3 Okiratban meghat\u00e1rozott, k\u00f6zhaszn\u00fa c\u00e9ljai:<\/p>\n<ul>\n<li style=\"text-align: justify\">A Semmelweis Egyetem B\u0151r-, Nemik\u00f3rtani \u00e9s B\u0151ronkol\u00f3giai Klinik\u00e1n zajl\u00f3 gy\u00f3gy\u00edt\u00e1si, kutat\u00e1si, oktat\u00e1si \u00e9s innov\u00e1ci\u00f3s tev\u00e9kenys\u00e9gek felt\u00e9teleinek jav\u00edt\u00e1sa, hi\u00e1nyz\u00f3 profilok megteremt\u00e9se<\/li>\n<li style=\"text-align: justify\">A betegell\u00e1t\u00e1s korszer\u0171s\u00edt\u00e9se, \u00faj kezel\u00e9si m\u00f3dok bevezet\u00e9se, ehhez a technikai felt\u00e9telek ki\u00e9p\u00edt\u00e9se<\/li>\n<li style=\"text-align: justify\">Fiatal orvosok hazai \u00e9s k\u00fclf\u00f6ldi k\u00e9pz\u00e9s\u00e9nek el\u0151seg\u00edt\u00e9se<\/li>\n<li style=\"text-align: justify\">A b\u0151rgy\u00f3gy\u00e1szati szakk\u00e9pz\u00e9s h\u00e1zon bel\u00fcli korszer\u0171s\u00edt\u00e9se<\/li>\n<li style=\"text-align: justify\">A betegell\u00e1t\u00e1s min\u0151s\u00e9g\u00e9nek jav\u00edt\u00e1sa<\/li>\n<\/ul>\n<p><strong>2024. \u00e9vi eredm\u00e9ny <\/strong><strong>(adatok e Ft-ban)<\/strong><\/p>\n<p style=\"text-align: justify\">\u00c9ves \u00f6sszes bev\u00e9tel: 17 662<br \/>\nK\u00f6zhaszn\u00fa tev\u00e9kenys\u00e9g r\u00e1ford\u00edt\u00e1sa: 11 218<\/p>\n<p style=\"text-align: justify\">Az Alap\u00edtv\u00e1nynak k\u00f6ztartoz\u00e1sa nincs. Az Alap\u00edtv\u00e1ny a kiad\u00e1sokat az alap\u00edt\u00f3 okiratban megfogalmazott c\u00e9lok megval\u00f3s\u00edt\u00e1s\u00e1ra ford\u00edtotta.<\/p>\n<p style=\"text-align: right\">A N\u00e9k\u00e1m Alap\u00edtv\u00e1ny Kurat\u00f3riuma<\/p>\n<p style=\"text-align: justify\"><span style=\"font-size: 14pt\"><span style=\"color: #333399\"><strong>A N\u00e9k\u00e1m Alap\u00edtv\u00e1ny<\/strong> <strong>k\u00f6sz\u00f6ni mindazok seg\u00edts\u00e9g\u00e9t, akik b\u00e1rmilyen \u00f6sszeggel t\u00e1mogatt\u00e1k, ill. <\/strong><\/span><span style=\"color: #333399\"><strong>szem\u00e9lyi j\u00f6vedelemad\u00f3juk 1 %-\u00e1t felaj\u00e1nlott\u00e1k sz\u00e1m\u00e1ra.<br \/>\n<\/strong><\/span><\/span><span style=\"color: #333399;font-size: 14pt\"><strong>Az Alap\u00edtv\u00e1ny a befolyt \u00f6sszeget \u2013 ez 2024. \u00e9vben 2.301.636,- Ft volt,\u00a0 amely a 2024. \u00e9vi SZJA 1 %-a \u2013 az Alap\u00edt\u00f3 Okiratban meghat\u00e1rozott, k\u00f6zhaszn\u00fa c\u00e9lokra ford\u00edtja.<\/strong><\/span><span style=\"font-size: 14pt\"><span style=\"color: #333399\"><strong>\u00a0<\/strong><\/span><\/span><\/p>\n<p style=\"text-align: justify\"><strong>A N\u00e9k\u00e1m Alap\u00edtv\u00e1ny az al\u00e1bbi k\u00f6zhaszn\u00fa tev\u00e9kenys\u00e9geket v\u00e9gezte 2024. \u00e9vben:<\/strong><\/p>\n<p style=\"text-align: justify\">A N\u00e9k\u00e1m Alap\u00edtv\u00e1ny 2024-ben is folytatta Alap\u00edt\u00f3 Okiratban meghat\u00e1rozott, k\u00f6zhaszn\u00fa tev\u00e9kenys\u00e9g\u00e9t: tov\u00e1bb t\u00e1mogatta a B\u0151rklinik\u00e1t az \u00e9v k\u00f6zben felmer\u00fclt, aktu\u00e1lis ig\u00e9nyek alapj\u00e1n.<\/p>\n<p style=\"text-align: justify\">A mag\u00e1nszem\u00e9lyek \u00e1ltal felaj\u00e1nlott szem\u00e9lyi j\u00f6vedelemad\u00f3 1%-\u00e1t a mindennapi betegell\u00e1t\u00e1shoz\/ oktat\u00e1shoz sz\u00fcks\u00e9ges c\u00e9lokra ford\u00edtottuk: v\u00e9napunkci\u00f3s p\u00e1rna \u00e9s injekci\u00f3s tr\u00e9ner oktat\u00e1shoz, tonerek a mindennapi betegell\u00e1t\u00e1shoz, ajt\u00f3m\u00e1zol\u00e1s \u00e9s fest\u00e9s a m\u0171t\u0151ben, Kahoot B\u0151r\u0150r\u00f6k oktat\u00f3program,\u00a0ragtapaszok, digit\u00e1lis sz\u00e9f fot\u00f3laborba, HIV tesztek.<\/p>\n<p>A B\u0151rklinika sz\u00e1m\u00e1ra napi betegell\u00e1t\u00e1shoz elengedhetetlen\u00fcl sz\u00fcks\u00e9ges orvosi eszk\u00f6z\u00f6ket, orvosi m\u0171szereket biztos\u00edtottunk:<\/p>\n<ul>\n<li>sz\u00f6vettani laborba nagy\u00e9rt\u00e9k\u0171 mikroszk\u00f3p<\/li>\n<li>dermatoszk\u00f3p<\/li>\n<li>seb\u00e9szeti eszk\u00f6z\u00f6k<\/li>\n<li>nagy \u00e9rt\u00e9k\u0171 seb\u00e9szeti v\u00e1g\u00f3eszk\u00f6z,<\/li>\n<li>v\u00e1g\u00f3k\u00e9sz\u00fcl\u00e9khez sz\u00fcks\u00e9ges tartoz\u00e9kok<\/li>\n<li>HIV gyorstesztekhez oldat az STD (Nemibeteg-gondoz\u00f3) K\u00f6zpont napi betegell\u00e1t\u00f3 munk\u00e1j\u00e1nak seg\u00edt\u00e9s\u00e9re<\/li>\n<li>injekci\u00f3 rezidensk\u00e9pz\u00e9sre<\/li>\n<li style=\"text-align: justify\">fot\u00f3laborba betegell\u00e1t\u00e1shoz\/diagnosztik\u00e1hoz speci\u00e1lis f\u00e9nyk\u00e9pez\u0151g\u00e9p, vaku tartoz\u00e9kokkal, akkumul\u00e1tor, t\u00f6lt\u0151 stb., digit\u00e1lis sz\u00e9f<\/li>\n<\/ul>\n<p>Okt\u00e1shoz, tov\u00e1bbk\u00e9pz\u00e9shez:<\/p>\n<ul>\n<li>szakmai konferenci\u00e1n, tov\u00e1bbk\u00e9pz\u00e9seken t\u00f6rt\u00e9n\u0151 r\u00e9szv\u00e9telhez ny\u00fajtottunk seg\u00edts\u00e9get (regisztr\u00e1ci\u00f3s d\u00edj)<\/li>\n<li>oktat\u00e1shoz eszk\u00f6z\u00f6k v\u00e1s\u00e1rl\u00e1sa: injekci\u00f3s tr\u00e9ner, v\u00e9napunkci\u00f3s p\u00e1rna,<\/li>\n<li>speci\u00e1lis VR Programhoz (b\u0151rgy\u00f3gy\u00e1szati szakk\u00e9pz\u00e9shez, orvostanhallgat\u00f3k k\u00e9pz\u00e9s\u00e9hez) oktat\u00e1si eszk\u00f6z\u00f6k: 3D szem\u00fcveg, 3D kamera tartoz\u00e9kokkal, p\u00e1ntok, mem\u00f3riak\u00e1rtya \u00e9s laptop, router, eg\u00e9r<\/li>\n<\/ul>\n<p style=\"text-align: justify\">Fekv\u0151beteg-oszt\u00e1lyokra \u00e1pol\u00e1si eszk\u00f6zt, ambulanci\u00e1ra-rendel\u0151kbe b\u00fatorokat v\u00e1s\u00e1roltunk:<\/p>\n<ul style=\"text-align: justify\">\n<li>betegek sz\u00e1m\u00e1ra mikrohull\u00e1m\u00fa s\u00fct\u0151<\/li>\n<li>gurul\u00f3s kocsi<\/li>\n<li>sz\u00e9k, \u00edr\u00f3asztal<\/li>\n<li>f\u0171t\u0151test<\/li>\n<\/ul>\n<p>Informatikai eszk\u00f6z\u00f6ket v\u00e1s\u00e1roltunk, ezzel biztos\u00edtottuk a napi betegell\u00e1t\u00e1st a B\u0151rklinika ambul\u00e1ns \u00e9s fekv\u0151beteg-oszt\u00e1lyain: s<span style=\"font-size: 1rem\">z\u00e1m\u00edt\u00f3g\u00e9p, <\/span><span style=\"font-size: 1rem\">fest\u00e9kkazett\u00e1k.<\/span><\/p>\n<p>Ezen k\u00edv\u00fcl:<\/p>\n<ul>\n<li>\u00c1sv\u00e1nyvizet biztos\u00edtottunk az STD betegeinek, v\u00edzadagol\u00f3 k\u00e9sz\u00fcl\u00e9khez, amelynek karbantart\u00e1s\u00e1t is v\u00e1llaltuk.<\/li>\n<li>Fest\u00e9st, ajt\u00f3m\u00e1zol\u00e1st finansz\u00edroztunk.<\/li>\n<li>A borklinika.hu honlap \u00e9ves d\u00edj\u00e1t kifizett\u00fck.<\/li>\n<li>A B\u0151r\u0150r\u00f6k rendezv\u00e9nysorozat online j\u00e1t\u00e9k\u00e1nak \u00e9ves d\u00edj\u00e1t kifizett\u00fck.<\/li>\n<li>A titk\u00e1rs\u00e1gi nyomtat\u00f3-f\u00e9nym\u00e1sol\u00f3 \u00fczemeltet\u00e9si k\u00f6lts\u00e9geit Alap\u00edtv\u00e1nyunk \u00e1tv\u00e1llalta ebben az \u00e9vben is.<\/li>\n<li>Mikul\u00e1s csomagokat v\u00e1s\u00e1roltunk, kar\u00e1csonyi rendezv\u00e9nyt t\u00e1mogattunk.<\/li>\n<li style=\"text-align: justify\">A B\u0151rgy\u00f3gy\u00e1szati \u00e9s Venerol\u00f3giai Szeml\u00e9ben, valamint a Semmelweis Egyetem, ill. a B\u0151rklinika honlapj\u00e1n, a N\u00e9k\u00e1m Alap\u00edtv\u00e1ny oldal\u00e1n az elm\u00falt \u00e9vben is ingyenesen megjelentett\u00fck a k\u00f6zhaszn\u00fas\u00e1gi jelent\u00e9st.<\/li>\n<\/ul>\n<p style=\"text-align: justify\">C\u00e9l szerinti adom\u00e1nyok felhaszn\u00e1l\u00e1sa:<\/p>\n<p>A 2024. \u00e9vi c\u00e9l szerinti adom\u00e1nyokat a t\u00e1mogat\u00f3k \u00e1ltal meghat\u00e1rozott c\u00e9lokra ford\u00edtottuk;\u00a0 minden esetben \u00f6sszhangban a N\u00e9k\u00e1m Alap\u00edtv\u00e1ny alap\u00edt\u00f3 okirat\u00e1ban meghat\u00e1rozott, k\u00f6zhaszn\u00fa c\u00e9lok megval\u00f3s\u00edt\u00e1s\u00e1val.<\/p>\n<p>Az \u00e1ltal\u00e1nos, k\u00f6zhaszn\u00fa c\u00e9lokra adott t\u00e1mogat\u00e1sokat is az alap\u00edt\u00f3 okiratban meghat\u00e1rozott, k\u00f6zhaszn\u00fa c\u00e9lokra haszn\u00e1ljuk fel.<br \/>\nA c\u00e9lkit\u0171z\u00e9sek megval\u00f3s\u00edt\u00e1s\u00e1t t\u00e1mogat\u00e1sokb\u00f3l, adom\u00e1nyokb\u00f3l, p\u00e1ly\u00e1zati p\u00e9nzb\u0151l, illetve az egy\u00e9b tev\u00e9kenys\u00e9g bev\u00e9tel\u00e9b\u0151l biztos\u00edtjuk.\u00a0\u00a0<\/p>\n<hr \/>\n<p><strong>A N\u00c9K\u00c1M ALAP\u00cdTV\u00c1NY n\u00e9vad\u00f3ja:<\/strong><\/p>\n<p style=\"text-align: justify\"><em><strong><a href=\"https:\/\/semmelweis.hu\/borklinika\/files\/2019\/01\/4_N\u00e9k\u00e1m-f\u00e9nyk\u00e9p.jpg\"><img loading=\"lazy\" decoding=\"async\" class=\" wp-image-4380 alignleft\" src=\"https:\/\/semmelweis.hu\/borklinika\/files\/2019\/01\/4_N\u00e9k\u00e1m-f\u00e9nyk\u00e9p-214x300.jpg\" alt=\"\" width=\"136\" height=\"191\" srcset=\"https:\/\/semmelweis.hu\/borklinika\/files\/2019\/01\/4_N\u00e9k\u00e1m-f\u00e9nyk\u00e9p-214x300.jpg 214w, https:\/\/semmelweis.hu\/borklinika\/files\/2019\/01\/4_N\u00e9k\u00e1m-f\u00e9nyk\u00e9p-768x1075.jpg 768w, https:\/\/semmelweis.hu\/borklinika\/files\/2019\/01\/4_N\u00e9k\u00e1m-f\u00e9nyk\u00e9p-731x1024.jpg 731w, https:\/\/semmelweis.hu\/borklinika\/files\/2019\/01\/4_N\u00e9k\u00e1m-f\u00e9nyk\u00e9p.jpg 1473w\" sizes=\"auto, (max-width: 136px) 100vw, 136px\" \/><\/a>N\u00e9k\u00e1m Lajos<\/strong><\/em> 1868. j\u00fanius 4-\u00e9n sz\u00fcletett. Az orvostudom\u00e1nyhoz val\u00f3 vonz\u00f3d\u00e1sa nem v\u00e9letlen: \u00e9desapja orvos, egyetemi tan\u00e1r, a b\u00f6lcs\u00e9szettudom\u00e1nyi kar egykori d\u00e9k\u00e1nja.\u00a0<br \/>\nTanulm\u00e1nyait tizenhat \u00e9ves kor\u00e1ban kezdte, \u00e9s m\u00e1r huszonegy \u00e9vesen, 1889-ben orvosdoktorr\u00e1 avatt\u00e1k. Negyed\u00e9ves orvostanhallgat\u00f3 kor\u00e1ban gyakornok volt Fodor J\u00f3zsef K\u00f6zeg\u00e9szs\u00e9gtani Int\u00e9zet\u00e9ben. 1890-ben, 22 \u00e9vesen tan\u00e1rseg\u00e9dk\u00e9nt dolgozott Pertik Ott\u00f3 K\u00f3rsz\u00f6vettani Int\u00e9zet\u00e9ben, majd alorvosk\u00e9nt a F\u0151v\u00e1rosi Bakterol\u00f3giai Int\u00e9zetben \u2013 amelynek k\u00e9s\u0151bb n\u00e9gy \u00e9ven \u00e1t az igazgat\u00f3ja volt. Neve t\u00f6bb m\u00e1s int\u00e9zm\u00e9nyhez is f\u0171z\u0151dik: rendelt a r\u00e9gi J\u00e1nos K\u00f3rh\u00e1zban, f\u0151orvosk\u00e9nt tev\u00e9kenykedett a Dolog utcai K\u00f3rh\u00e1z Bujak\u00f3rtani Int\u00e9zet\u00e9ben; ez ut\u00f3bbi \u00e1ll\u00e1sa mellett a II. sz\u00e1m\u00fa Belklinik\u00e1n k\u00fcl\u00f6n b\u0151rgy\u00f3gy\u00e1szati r\u00e9szleget l\u00e1tott el. K\u00fclf\u00f6ld\u00f6n sz\u00e1mos orsz\u00e1gban folytatott tanulm\u00e1nyokat: B\u00e9csben, P\u00e1rizsban, Londonban, It\u00e1li\u00e1ban, Oroszorsz\u00e1gban, Portug\u00e1li\u00e1ban, Spanyolorsz\u00e1gban.<br \/>\n31 \u00e9vesen, 1889-ban mag\u00e1ntan\u00e1rr\u00e1 habilit\u00e1lt\u00e1k, majd Schwimmer Ern\u0151 hal\u00e1l\u00e1t k\u00f6vet\u0151en kinevezt\u00e9k a budapesti Orvostudom\u00e1nyi Egyetem B\u0151r- \u00e9s Nemik\u00f3rtani Tansz\u00e9k\u00e9nek \u00e9l\u00e9re \u2013 amelyet azut\u00e1n 40 \u00e9ven \u00e1t, 1938-ig vezetett.<br \/>\nA b\u0151rgy\u00f3gy\u00e1szat ir\u00e1nti elk\u00f6telezetts\u00e9ge val\u00f3j\u00e1ban ekkor mutatkozott meg. Nagy \u00e9rdeme, hogy a tansz\u00e9ket elhelyezte a r\u00e9gi seb\u00e9szeti klinika \u00e9p\u00fclet\u00e9ben \u2013 olyan \u00e1talak\u00edt\u00e1sokat v\u00e9grehajtva, amelyek az int\u00e9zm\u00e9nyt a vil\u00e1g akkori legmodernebb szakklinik\u00e1i k\u00f6z\u00e9 emelt\u00e9k. M\u0171v\u00e9szetet kedvel\u0151 ember l\u00e9v\u00e9n \u2013 hossz\u00fa \u00e9vekig aleln\u00f6ke volt a K\u00e9pz\u0151m\u0171v\u00e9szeti T\u00e1rsulatnak is \u2013 a klinika falait neves fest\u0151k m\u0171alkot\u00e1saival tette egyediv\u00e9. Munk\u00e1ja neh\u00e9zs\u00e9g\u00e9t fokozta, hogy a dermatol\u00f3gia \u2013 mint tudom\u00e1ny\u00e1g \u2013 ekkor m\u00e9g csak gyerekcip\u0151ben j\u00e1rt, az egyetemen sem volt k\u00f6telez\u0151 tant\u00e1rgy.<br \/>\n1914-ben els\u0151 \u00edzben \u0151 v\u00e9gzett Magyarorsz\u00e1gon sz\u0171r\u0151betegs\u00e9geket a gomb\u00e1s betegs\u00e9gek j\u00e1rv\u00e1nyszer\u0171 elterjed\u00e9s\u00e9nek megakad\u00e1lyoz\u00e1s\u00e1ra.<br \/>\n1916-ban els\u0151k\u00e9nt lett korm\u00e1nybiztos a \u201eNemibajok \u00fcgy\u00e9ben\u201d. Felfog\u00e1sa szerint \u201emindenki szabadon rendelkezhet a test\u00e9vel, mindaddig, am\u00edg ebb\u0151l k\u00e1r nem keletkezik\u201d. Fontosnak tartotta az egyetemleges n\u00e9pgondoz\u00e1st, valamint azt, hogy a ter\u00e1pi\u00e1t meg kell el\u0151znie a profilaxisnak \u2013 \u201ehogy a nemi\u00e9let legal\u00e1bb a k\u00f6z\u00e9rdek \u00e1ltal megszabott hat\u00e1rokon bel\u00fcl vesz\u00e9lytelenn\u00e9 \u00e9s altruisztikuss\u00e1 v\u00e1lj\u00e9k.\u201d Szint\u00e9n \u00fatt\u00f6r\u0151 munk\u00e1nak sz\u00e1m\u00edt, hogy els\u0151k\u00e9nt l\u00e9tes\u00edtett a klinik\u00e1n k\u00fcl\u00f6n rendel\u00e9st homoszexu\u00e1lisoknak.<br \/>\nAz orvostudom\u00e1ny \u00e9s a m\u0171v\u00e9szetek mellett szinte mindenre nyitott volt: 1930\/31. \u00e9vi rektori besz\u00e9d\u00e9ben p\u00e9ld\u00e1ul a hazai syphilis t\u00f6rt\u00e9nelmi befoly\u00e1s\u00e1t t\u00e1rgyalta.<br \/>\nMegalap\u00edtotta a Collegium Medicumot, amelyben a tehets\u00e9ges, de h\u00e1tr\u00e1nyos anyagi helyzet\u0171 orvostanhallgat\u00f3k ingyenes \u00e9tkeztet\u00e9sben r\u00e9szes\u00fcltek, \u00e9s tand\u00edjmentes nyelvtanfolyamokon vehettek r\u00e9szt. Az els\u0151 vil\u00e1gh\u00e1bor\u00fa ut\u00e1n a Rockefeller Alap\u00edtv\u00e1nyokt\u00f3l szerzett anyagi t\u00e1mogat\u00e1st \u2013 k\u00fclf\u00f6ld \u00f6szt\u00f6nd\u00edjakra, klinikai felszerel\u00e9sekre, szakmai kiadv\u00e1nyok beszerz\u00e9s\u00e9re.<br \/>\n1928-ban megalap\u00edtotta a Magyar Dermatol\u00f3giai T\u00e1rsulatot, amely \u2013 t\u00edz \u00e9vi eln\u00f6ks\u00e9ge alatt \u2013 komoly nemzetk\u00f6zi tekint\u00e9lyt szerzett.<br \/>\nT\u00f6bb k\u00fclf\u00f6ldi dermatol\u00f3giai t\u00e1rsulat tiszteletbeli vagy levelez\u0151 tagj\u00e1v\u00e1 v\u00e1lasztotta. Sz\u00e1mos nemzetk\u00f6zi kongresszuson szerepelt, tagja volt a vil\u00e1g dermatol\u00f3gia \u00fcgyeit \u00f6sszefog\u00f3 11-es bizotts\u00e1gnak. Munk\u00e1ss\u00e1ga elismer\u00e9s\u00e9nek k\u00f6sz\u00f6nhet\u0151en a IX. Dermatol\u00f3giai Vil\u00e1gkongresszust 1935-ben Budapesten rendezt\u00e9k meg, az \u0151 eln\u00f6klete alatt. A rendezv\u00e9nyt k\u00f6vet\u0151en \u2013 f\u0151k\u00e9nt k\u00fclf\u00f6ldi tudom\u00e1nyos munkat\u00e1rsak k\u00f6zrem\u0171k\u00f6d\u00e9s\u00e9vel \u2013 megjelentette az akkori id\u0151k legnagyobb sz\u00e1m\u00fa klinikai eseteit feldolgoz\u00f3 dermatol\u00f3giai atlaszt, a Corpus Iconum Morburum Cutaneorumot. A h\u00e1rom k\u00f6tetnyi kiadv\u00e1ny 4566 \u00e1br\u00e1j\u00e1t 566 munkat\u00e1rs bocs\u00e1totta rendelkez\u00e9s\u00e9re.<br \/>\nA hazai b\u0151rbetegs\u00e9gek el\u0151fordul\u00e1s\u00e1r\u00f3l sz\u00f3l\u00f3 statisztik\u00e1t is els\u0151k\u00e9nt \u0151 k\u00e9sz\u00edtette.<br \/>\nNegyven \u00e9vi tansz\u00e9ki m\u0171k\u00f6d\u00e9se alatt magyar orvosi gener\u00e1ci\u00f3k sok ezernyi tagj\u00e1t tan\u00edtotta, tan\u00edtv\u00e1nyai k\u00f6zrem\u0171k\u00f6d\u00e9s\u00e9vel sz\u00e1mos tudom\u00e1nyos munk\u00e1t publik\u00e1lt \u2013 itthon \u00e9s k\u00fclf\u00f6ld\u00f6n. K\u00f6zel 120 szakmai munk\u00e1ja a b\u0151rgy\u00f3gy\u00e1szattal foglalkozik.<br \/>\nHuszonegy \u00e9ven \u00e1t tagja \u00e9s eln\u00f6ke volt az Orvosi K\u00f6nyvkiad\u00f3 T\u00e1rsulatnak, hossz\u00fa \u00e9veken \u00e1t eln\u00f6ke az Orvoskari K\u00f6zponti K\u00f6nyvt\u00e1rnak.<br \/>\nV\u00e9g\u00fcl n\u00e9h\u00e1ny \u2013 ma is id\u0151t\u00e1ll\u00f3 \u2013 id\u00e9zet t\u0151le: \u201eOlyan a szellem\u00fcnk, hogy egyed\u00fcl a kult\u00far\u00e1t\u00f3l, de csak az igazi kult\u00far\u00e1t\u00f3l, nem hi\u00fas\u00e1gunk vagy \u00e1br\u00e1ndjaink kultiv\u00e1l\u00e1s\u00e1t\u00f3l v\u00e1rhatunk t\u00e1mogat\u00e1st.\u201d<br \/>\n1957. janu\u00e1r 29-\u00e9n, 89 \u00e9ves kor\u00e1ban hunyt el.<\/p>\n","protected":false},"excerpt":{"rendered":"<p>AZ ALAP\u00cdTV\u00c1NY SZ\u00c9KHELYE: Semmelweis Egyetem B\u0151r-, Nemik\u00f3rtani \u00e9s B\u0151ronkol\u00f3giai Klinika, 1085 Budapest, M\u00e1ria u. 41. AZ ALAP\u00cdTV\u00c1NY ADATAI: K\u00f6zhaszn\u00fas\u00e1gi fokozata: k\u00f6zhaszn\u00fa Alap\u00edt\u00e1s \u00e9ve: 2005. Sz\u00e1mlasz\u00e1m: OTP Bank 11708001-20548678 Ad\u00f3sz\u00e1m: 18185748-1-42 B\u00edr\u00f3s\u00e1gi v\u00e9gz\u00e9s sz\u00e1ma: 12. Pk. 60.029\/2005\/3. Nyilv\u00e1ntart\u00e1si sz\u00e1m: 9460 A KURAT\u00d3RIUM VEZET\u0150 TISZTS\u00c9GVISEL\u0150I: Prof. Dr. Holl\u00f3 P\u00e9ter &#8211; eln\u00f6k-k\u00e9pvisel\u0151 Prof. Dr. S\u00e1rdy Mikl\u00f3s &#8211; eln\u00f6khelyettes &hellip;<\/p>\n","protected":false},"author":101244,"featured_media":0,"parent":191,"menu_order":1,"comment_status":"closed","ping_status":"closed","template":"","meta":{"_acf_changed":false,"footnotes":""},"categories":[],"tags":[],"class_list":["post-690","page","type-page","status-publish","hentry"],"acf":[],"_links":{"self":[{"href":"https:\/\/semmelweis.hu\/borklinika\/wp-json\/wp\/v2\/pages\/690","targetHints":{"allow":["GET"]}}],"collection":[{"href":"https:\/\/semmelweis.hu\/borklinika\/wp-json\/wp\/v2\/pages"}],"about":[{"href":"https:\/\/semmelweis.hu\/borklinika\/wp-json\/wp\/v2\/types\/page"}],"author":[{"embeddable":true,"href":"https:\/\/semmelweis.hu\/borklinika\/wp-json\/wp\/v2\/users\/101244"}],"replies":[{"embeddable":true,"href":"https:\/\/semmelweis.hu\/borklinika\/wp-json\/wp\/v2\/comments?post=690"}],"version-history":[{"count":14,"href":"https:\/\/semmelweis.hu\/borklinika\/wp-json\/wp\/v2\/pages\/690\/revisions"}],"predecessor-version":[{"id":13041,"href":"https:\/\/semmelweis.hu\/borklinika\/wp-json\/wp\/v2\/pages\/690\/revisions\/13041"}],"up":[{"embeddable":true,"href":"https:\/\/semmelweis.hu\/borklinika\/wp-json\/wp\/v2\/pages\/191"}],"wp:attachment":[{"href":"https:\/\/semmelweis.hu\/borklinika\/wp-json\/wp\/v2\/media?parent=690"}],"wp:term":[{"taxonomy":"category","embeddable":true,"href":"https:\/\/semmelweis.hu\/borklinika\/wp-json\/wp\/v2\/categories?post=690"},{"taxonomy":"post_tag","embeddable":true,"href":"https:\/\/semmelweis.hu\/borklinika\/wp-json\/wp\/v2\/tags?post=690"}],"curies":[{"name":"wp","href":"https:\/\/api.w.org\/{rel}","templated":true}]}}