{"id":553,"date":"2014-07-12T09:09:53","date_gmt":"2014-07-12T07:09:53","guid":{"rendered":"http:\/\/semmelweis.hu\/borklinika\/?page_id=553"},"modified":"2018-11-16T10:21:54","modified_gmt":"2018-11-16T09:21:54","slug":"krankenversorgung","status":"publish","type":"page","link":"https:\/\/semmelweis.hu\/borklinika\/de\/krankenversorgung\/","title":{"rendered":"Krankenversorgung"},"content":{"rendered":"<p>Unsere <strong>Spezialambulanzen<\/strong> stehen nur f\u00fcr Patienten mit einem <strong>im Voraus vereinbarten Termin<\/strong> zur Verf\u00fcgung. Eine \u00dcberweisung von entweder einem Facharzt oder einem Hausarzt ist nicht notwendig, sie kann aber beschleunigen oder vereinfachen, dass Sie zu einer unserer Spezialambulanzen weitergeleitet werden, wenn es n\u00f6tig ist. Ohne Terminvereinbarung werden ausschlie\u00dflich dermatologische oder dermatoonkologische Notf\u00e4lle versorgt bzw. HIV\/Syphilis Screeningtests durchgef\u00fchrt. F\u00fcr Notf\u00e4lle stehen wir prim\u00e4r jeden Werktag zwischen 8 und 12 Uhr zur Verf\u00fcgung. Sehr akute Notf\u00e4lle (z.B. schwere Allergien) k\u00f6nnen auch rund um die Uhr versorgt werden.<\/p>\n<p>F\u00fcr jegliche medizinische Versorgung ist eine <strong>vorherige Registration am Anmeldeschalter<\/strong> notwendig (Erdgeschoss).<\/p>\n<p>Unsere <strong>Hauptambulanzen<\/strong>:<\/p>\n<ul>\n<li>Allgemeindermatologie (Erdgeschoss)<\/li>\n<li>Ambulanz f\u00fcr sexuell \u00fcbertragbare Krankheiten (Halbgeschoss)<\/li>\n<li>Allergologie (1. Stock)<\/li>\n<li>Dermatoonkologie (2. Stock)<\/li>\n<li>Psoriasis-Zentrum (6. Stock)<\/li>\n<li>Dermatochirurgie (6. Stock)<\/li>\n<\/ul>\n<p><strong>F\u00fcr allgemeine Terminvereinbarung rufen Sie bitte unser Sekretariat unter +36 1 266 0471 an. Bitte haben Sie dazu Ihre pers\u00f6nliche Daten bereit.<\/strong><\/p>\n<p>Patienten k\u00f6nnen erst nach einer ambulanten Untersuchung auf eine unserer <strong>Bettenstationen<\/strong> aufgenommen werden. Patienten mit subakuten oder chronischen Krankheiten werden auf der Warteliste platziert. Akut\u00a0Erkrankte werden je nach zur Verf\u00fcgung stehenden Betten sofort aufgenommen.<\/p>\n<p>Unsere <strong>Bettenstationen<\/strong>:<\/p>\n<p>Allgemeindermatologie\u00a0(Hochparterre)<br \/>\n Allergoimmunologie\u00a0(4. Stock)<br \/>\n Dermatoonkologie\u00a0(7. Stock)<\/p>\n<p>Falls Sie eine EU-Versichertenkarte haben, bitte nehmen Sie diese unbedingt mit. Wenn Sie eine Versorgung von einem in Deutschland approbierten Arzt m\u00f6chten, dann steht f\u00fcr Sie Herr Dr. Mikl\u00f3s S\u00e1rdy als Privatarzt gerne zur Verf\u00fcgung (Termin unter +36 1 266 0471). Die privat\u00e4rztliche Versorgung in unserer Klinik ist in Deutschland, in der Schweiz\u00a0und in \u00d6sterreich auch f\u00fcr gesetzlich Versicherte erstattungsf\u00e4hig.<\/p>\n","protected":false},"excerpt":{"rendered":"<p>Unsere Spezialambulanzen stehen nur f\u00fcr Patienten mit einem im Voraus vereinbarten Termin zur Verf\u00fcgung. Eine \u00dcberweisung von entweder einem Facharzt oder einem Hausarzt ist nicht notwendig, sie kann aber beschleunigen oder vereinfachen, dass Sie zu einer unserer Spezialambulanzen weitergeleitet werden, wenn es n\u00f6tig ist. Ohne Terminvereinbarung werden ausschlie\u00dflich dermatologische oder dermatoonkologische Notf\u00e4lle versorgt bzw. HIV\/Syphilis &hellip;<\/p>\n","protected":false},"author":101242,"featured_media":0,"parent":0,"menu_order":2,"comment_status":"closed","ping_status":"closed","template":"","meta":{"_acf_changed":false,"footnotes":""},"categories":[],"tags":[],"class_list":["post-553","page","type-page","status-publish","hentry"],"acf":[],"_links":{"self":[{"href":"https:\/\/semmelweis.hu\/borklinika\/wp-json\/wp\/v2\/pages\/553","targetHints":{"allow":["GET"]}}],"collection":[{"href":"https:\/\/semmelweis.hu\/borklinika\/wp-json\/wp\/v2\/pages"}],"about":[{"href":"https:\/\/semmelweis.hu\/borklinika\/wp-json\/wp\/v2\/types\/page"}],"author":[{"embeddable":true,"href":"https:\/\/semmelweis.hu\/borklinika\/wp-json\/wp\/v2\/users\/101242"}],"replies":[{"embeddable":true,"href":"https:\/\/semmelweis.hu\/borklinika\/wp-json\/wp\/v2\/comments?post=553"}],"version-history":[{"count":10,"href":"https:\/\/semmelweis.hu\/borklinika\/wp-json\/wp\/v2\/pages\/553\/revisions"}],"predecessor-version":[{"id":2720,"href":"https:\/\/semmelweis.hu\/borklinika\/wp-json\/wp\/v2\/pages\/553\/revisions\/2720"}],"wp:attachment":[{"href":"https:\/\/semmelweis.hu\/borklinika\/wp-json\/wp\/v2\/media?parent=553"}],"wp:term":[{"taxonomy":"category","embeddable":true,"href":"https:\/\/semmelweis.hu\/borklinika\/wp-json\/wp\/v2\/categories?post=553"},{"taxonomy":"post_tag","embeddable":true,"href":"https:\/\/semmelweis.hu\/borklinika\/wp-json\/wp\/v2\/tags?post=553"}],"curies":[{"name":"wp","href":"https:\/\/api.w.org\/{rel}","templated":true}]}}