{"id":4877,"date":"2019-03-11T18:48:21","date_gmt":"2019-03-11T17:48:21","guid":{"rendered":"http:\/\/semmelweis.hu\/borklinika\/?page_id=4877"},"modified":"2025-10-03T13:00:27","modified_gmt":"2025-10-03T11:00:27","slug":"kovetelmenyrendszer","status":"publish","type":"page","link":"https:\/\/semmelweis.hu\/borklinika\/informaci-hallgatoknak\/aok\/kovetelmenyrendszer\/","title":{"rendered":"K\u00f6vetelm\u00e9nyrendszer \u00c1OK"},"content":{"rendered":"<p><a href=\"https:\/\/semmelweis.hu\/borklinika\/files\/2025\/10\/Kovetelmenyrendszer-2025_26-magyar.pdf\"><strong>K\u00d6VETELM\u00c9NYRENDSZER az \u00c1OK hallgat\u00f3i sz\u00e1m\u00e1ra a 2025\/2026-os tan\u00e9vre\u00a0<\/strong><\/a><\/p>\n<p>&nbsp;<\/p>\n","protected":false},"excerpt":{"rendered":"<p><a href=\"https:\/\/semmelweis.hu\/borklinika\/files\/2025\/10\/Kovetelmenyrendszer-2025_26-magyar.pdf\">K\u00d6VETELM\u00c9NYRENDSZER az \u00c1OK hallgat\u00f3i sz\u00e1m\u00e1ra a 2025\/2026-os tan\u00e9vre\u00a0<\/a><br \/>\n&nbsp;<\/p>\n","protected":false},"author":101274,"featured_media":0,"parent":321,"menu_order":1,"comment_status":"closed","ping_status":"closed","template":"","meta":{"_acf_changed":false,"footnotes":""},"categories":[],"tags":[],"class_list":["post-4877","page","type-page","status-publish","hentry"],"acf":[],"_links":{"self":[{"href":"https:\/\/semmelweis.hu\/borklinika\/wp-json\/wp\/v2\/pages\/4877","targetHints":{"allow":["GET"]}}],"collection":[{"href":"https:\/\/semmelweis.hu\/borklinika\/wp-json\/wp\/v2\/pages"}],"about":[{"href":"https:\/\/semmelweis.hu\/borklinika\/wp-json\/wp\/v2\/types\/page"}],"author":[{"embeddable":true,"href":"https:\/\/semmelweis.hu\/borklinika\/wp-json\/wp\/v2\/users\/101274"}],"replies":[{"embeddable":true,"href":"https:\/\/semmelweis.hu\/borklinika\/wp-json\/wp\/v2\/comments?post=4877"}],"version-history":[{"count":10,"href":"https:\/\/semmelweis.hu\/borklinika\/wp-json\/wp\/v2\/pages\/4877\/revisions"}],"predecessor-version":[{"id":13241,"href":"https:\/\/semmelweis.hu\/borklinika\/wp-json\/wp\/v2\/pages\/4877\/revisions\/13241"}],"up":[{"embeddable":true,"href":"https:\/\/semmelweis.hu\/borklinika\/wp-json\/wp\/v2\/pages\/321"}],"wp:attachment":[{"href":"https:\/\/semmelweis.hu\/borklinika\/wp-json\/wp\/v2\/media?parent=4877"}],"wp:term":[{"taxonomy":"category","embeddable":true,"href":"https:\/\/semmelweis.hu\/borklinika\/wp-json\/wp\/v2\/categories?post=4877"},{"taxonomy":"post_tag","embeddable":true,"href":"https:\/\/semmelweis.hu\/borklinika\/wp-json\/wp\/v2\/tags?post=4877"}],"curies":[{"name":"wp","href":"https:\/\/api.w.org\/{rel}","templated":true}]}}