{"id":4846,"date":"2019-03-04T15:27:12","date_gmt":"2019-03-04T14:27:12","guid":{"rendered":"http:\/\/semmelweis.hu\/borklinika\/?page_id=4846"},"modified":"2025-09-29T13:33:30","modified_gmt":"2025-09-29T11:33:30","slug":"bszku","status":"publish","type":"page","link":"https:\/\/semmelweis.hu\/borklinika\/borgyogyaszoknak\/bszku\/","title":{"rendered":"BSZK\u00dc"},"content":{"rendered":"<p style=\"text-align: center\">Tisztelt Koll\u00e9g\u00e1k!<\/p>\n<p style=\"text-align: justify\">Nagy \u00f6r\u00f6m\u00fcnkre szolg\u00e1l, hogy a Semmelweis Egyetem, B\u0151r-, Nemik\u00f3rtani \u00e9s B\u0151ronkol\u00f3giai Klinik\u00e1n legut\u00f3bb febru\u00e1rban megtartott betegbemutat\u00f3 szakmai konzult\u00e1ci\u00f3s \u00fcl\u00e9sen ism\u00e9telten sz\u00ednvonalas el\u0151ad\u00e1sokat hallhattunk. K\u00fcl\u00f6n k\u00f6sz\u00f6nj\u00fck a prezent\u00e1ci\u00f3val k\u00e9sz\u00fcl\u0151 koll\u00e9g\u00e1k akt\u00edv k\u00f6zrem\u0171k\u00f6d\u00e9s\u00e9t!\u00a0\u00a0<\/p>\n<p style=\"text-align: justify\">Tekintettel a nagy \u00e9rdekl\u0151d\u00e9sre, az esem\u00e9nysorozat k\u00f6vetkez\u0151 \u00fcl\u00e9s\u00e9t<\/p>\n<p style=\"text-align: center\"><strong>2025. okt\u00f3ber 9-\u00e9n, 13:00-15:00 \u00f3ra k\u00f6z\u00f6tt tartjuk<\/strong>, melyre ism\u00e9t szeretettel v\u00e1rjuk.<\/p>\n<p style=\"text-align: justify\">T\u00f6retlen\u00fcl fontosnak tartjuk, hogy val\u00f3di konzult\u00e1ci\u00f3s lehet\u0151s\u00e9get biztos\u00edtsunk a klinika vonz\u00e1sk\u00f6rzet\u00e9ben dolgoz\u00f3 b\u0151rgy\u00f3gy\u00e1sz koll\u00e9g\u00e1knak, kiemelten gondolva itt a mag\u00e1nszektorban dolgoz\u00f3kra, akik d\u00f6nt\u0151en egyed\u00fcl v\u00e9gzik munk\u00e1jukat, \u00edgy l\u00e9nyegesen kevesebb lehet\u0151s\u00e9g\u00fck van koll\u00e9g\u00e1kkal konzult\u00e1lni. Az esetek megbesz\u00e9l\u00e9s\u00e9n t\u00fal szeretn\u00e9nk, ha tiszt\u00e1zottabb betegutak alakulhatn\u00e1nak ki az arra szorul\u00f3 p\u00e1cienseik sz\u00e1m\u00e1ra.<\/p>\n<p style=\"text-align: left\">\nAmennyiben betegei k\u00f6z\u00f6tt megoldatlan probl\u00e9ma, nehezen leszervezhet\u0151 beteg\u00fat, vagy olyan\u00a0<strong>\u00e9rdekes eset \u00e1ll rendelkez\u00e9s\u00e9re, amelyet sz\u00edvesen megosztana a koll\u00e9g\u00e1kkal, v\u00e1lasz e-mailben jelezze sz\u00e1munkra <\/strong>a\u00a0<a href=\"mailto:titkarsag.bor@med.semmelweis-univ.hu\">titkarsag.bor@semmelweis.hu<\/a>\u00a0email c\u00edmen.<\/p>\n<p style=\"text-align: justify\">K\u00e9rem, hogy az \u00d6nnel egy\u00fctt dolgoz\u00f3 vagy ak\u00e1r k\u00f6zelebbi kapcsolatban l\u00e9v\u0151 b\u0151rgy\u00f3gy\u00e1sz koll\u00e9g\u00e1k k\u00f6r\u00e9ben n\u00e9pszer\u0171s\u00edtse esem\u00e9ny\u00fcnket, hogy min\u00e9l t\u00f6bben megismerhess\u00e9k ezt a kiv\u00e1l\u00f3 szakmai konzult\u00e1ci\u00f3s lehet\u0151s\u00e9get. Amennyiben elk\u00fcldi sz\u00e1munkra a koll\u00e9ga el\u00e9rhet\u0151s\u00e9g\u00e9t, mi is felvessz\u00fck vele a kapcsolatot.<\/p>\n<p>&nbsp;<\/p>\n<p>\u00dcdv\u00f6zlettel:<\/p>\n<p>Prof. Dr. Holl\u00f3 P\u00e9ter<br \/>\nigazgat\u00f3<br \/>\nB\u0151r-, Nemik\u00f3rtani \u00e9s B\u0151ronkol\u00f3giai Klinika<br \/>\nSemmelweis Egyetem<\/p>\n<p>Dr. Jobb\u00e1gy Antal<br \/>\nkonzult\u00e1ci\u00f3s \u00fcl\u00e9s koordin\u00e1tor<br \/>\nB\u0151r-, Nemik\u00f3rtani \u00e9s B\u0151ronkol\u00f3giai Klinika<br \/>\nSemmelweis Egyetem<\/p>\n<p>&nbsp;<\/p>\n<p><span style=\"font-size: 18pt\">Kor\u00e1bbi <a href=\"https:\/\/goo.gl\/photos\/YGw2dN6GkCAnBnBY7\" target=\"_blank\" rel=\"noopener\">BSZK\u00dc \u00fcl\u00e9sekr\u0151l k\u00e9sz\u00fclt k\u00e9pek megtekinthet\u0151k albumunkban.<\/a><\/span><\/p>\n","protected":false},"excerpt":{"rendered":"<p>Tisztelt Koll\u00e9g\u00e1k! Nagy \u00f6r\u00f6m\u00fcnkre szolg\u00e1l, hogy a Semmelweis Egyetem, B\u0151r-, Nemik\u00f3rtani \u00e9s B\u0151ronkol\u00f3giai Klinik\u00e1n legut\u00f3bb febru\u00e1rban megtartott betegbemutat\u00f3 szakmai konzult\u00e1ci\u00f3s \u00fcl\u00e9sen ism\u00e9telten sz\u00ednvonalas el\u0151ad\u00e1sokat hallhattunk. K\u00fcl\u00f6n k\u00f6sz\u00f6nj\u00fck a prezent\u00e1ci\u00f3val k\u00e9sz\u00fcl\u0151 koll\u00e9g\u00e1k akt\u00edv k\u00f6zrem\u0171k\u00f6d\u00e9s\u00e9t!\u00a0\u00a0 Tekintettel a nagy \u00e9rdekl\u0151d\u00e9sre, az esem\u00e9nysorozat k\u00f6vetkez\u0151 \u00fcl\u00e9s\u00e9t 2025. okt\u00f3ber 9-\u00e9n, 13:00-15:00 \u00f3ra k\u00f6z\u00f6tt tartjuk, melyre ism\u00e9t szeretettel v\u00e1rjuk. T\u00f6retlen\u00fcl fontosnak tartjuk, &hellip;<\/p>\n","protected":false},"author":101274,"featured_media":0,"parent":4849,"menu_order":1,"comment_status":"closed","ping_status":"closed","template":"","meta":{"_acf_changed":false,"footnotes":""},"categories":[],"tags":[],"class_list":["post-4846","page","type-page","status-publish","hentry"],"acf":[],"_links":{"self":[{"href":"https:\/\/semmelweis.hu\/borklinika\/wp-json\/wp\/v2\/pages\/4846","targetHints":{"allow":["GET"]}}],"collection":[{"href":"https:\/\/semmelweis.hu\/borklinika\/wp-json\/wp\/v2\/pages"}],"about":[{"href":"https:\/\/semmelweis.hu\/borklinika\/wp-json\/wp\/v2\/types\/page"}],"author":[{"embeddable":true,"href":"https:\/\/semmelweis.hu\/borklinika\/wp-json\/wp\/v2\/users\/101274"}],"replies":[{"embeddable":true,"href":"https:\/\/semmelweis.hu\/borklinika\/wp-json\/wp\/v2\/comments?post=4846"}],"version-history":[{"count":10,"href":"https:\/\/semmelweis.hu\/borklinika\/wp-json\/wp\/v2\/pages\/4846\/revisions"}],"predecessor-version":[{"id":13224,"href":"https:\/\/semmelweis.hu\/borklinika\/wp-json\/wp\/v2\/pages\/4846\/revisions\/13224"}],"up":[{"embeddable":true,"href":"https:\/\/semmelweis.hu\/borklinika\/wp-json\/wp\/v2\/pages\/4849"}],"wp:attachment":[{"href":"https:\/\/semmelweis.hu\/borklinika\/wp-json\/wp\/v2\/media?parent=4846"}],"wp:term":[{"taxonomy":"category","embeddable":true,"href":"https:\/\/semmelweis.hu\/borklinika\/wp-json\/wp\/v2\/categories?post=4846"},{"taxonomy":"post_tag","embeddable":true,"href":"https:\/\/semmelweis.hu\/borklinika\/wp-json\/wp\/v2\/tags?post=4846"}],"curies":[{"name":"wp","href":"https:\/\/api.w.org\/{rel}","templated":true}]}}