{"id":484,"date":"2014-05-23T10:17:48","date_gmt":"2014-05-23T10:17:48","guid":{"rendered":"http:\/\/semmelweis.hu\/borklinika\/?page_id=484"},"modified":"2026-03-30T14:01:30","modified_gmt":"2026-03-30T12:01:30","slug":"fakultat-fur-humanmedizin","status":"publish","type":"page","link":"https:\/\/semmelweis.hu\/borklinika\/de\/fur-studenten\/fakultat-fur-humanmedizin\/","title":{"rendered":"Fakult\u00e4t f\u00fcr Humanmedizin"},"content":{"rendered":"<p>Der Stundenplan ist auf unserer Webseite erreichbar. Es wird empfohlen ihn direkt vor dem Turnus zu pr\u00fcfen, weil er immer nach den aktuellen klinischen Besch\u00e4ftigungen aktualisiert wird.<\/p>\n<h5>Bl\u00f6cke:\u00a0<\/h5>\n<ol>\n<li><a href=\"https:\/\/semmelweis.hu\/borklinika\/files\/2026\/03\/Nemet-AOK-1.-turnus-2026.-vegleges.docx\">Turnus 2026.03.23 &#8211; 2026.04.10.<\/a><\/li>\n<li><a href=\"https:\/\/semmelweis.hu\/borklinika\/files\/2026\/03\/Nemet-AOK-2.-turnus-2026.-V2.docx\">Turnus 2026.04.06 &#8211; 2026.04.24.<\/a><\/li>\n<li>Turnus 2026.06.01 &#8211; 2026.06.19.<\/li>\n<li>Turnus 2026.06.15 &#8211; 2026.07.03.<\/li>\n<\/ol>\n<h5>Allgemeine Informationen<\/h5>\n<ul style=\"list-style-type: square\">\n<li>\n<p>Vorlesung, PBLs (problem based learning), Praktika, und Pr\u00fcfungen finden unter pers\u00f6nlicher Teilnahme in der Klinik statt.<\/p>\n<\/li>\n<li>\n<p>Die Vorlesung, das PBL und das Quiz findet am II. Stock, im Raum 209 oder im H\u00f6rsaal statt. Treffpunkt f\u00fcr Praktika ist im Hochparterre, dort bekommen Sie M\u00e4ntel, und wenn n\u00f6tig, Masken.\u00a0<\/p>\n<\/li>\n<li>\n<p>Am Ende der 2. Woche jedes Turnus veranstalten wir ein Wettbewerb.\u00a0Die 3 besten Ergebnisse bekommen automatisch eine 5 f\u00fcr den praktischen Teil der Pr\u00fcfung. Die anderen Studenten m\u00fcssen eine praktische Pr\u00fcfung neben dem Krankenbett bestehen.<\/p>\n<\/li>\n<li>\n<p>Die Bewerbung f\u00fcr die Pr\u00fcfung ist durch das Neptun-System m\u00f6glich.<\/p>\n<\/li>\n<li>\n<p>Treffpunkt am Pr\u00fcfungstag ist auch im Hochparterre, um 8:00 Uhr morgens. Nach bestandener praktischer Pr\u00fcfung kommt die theoretische Pr\u00fcfung. Bei der theoretischen Pr\u00fcfung muss jeder Student insgesamt 3 Themas von\u00a0<a href=\"https:\/\/semmelweis.hu\/borklinika\/fur-studenten\/fakultat-fur-humanmedizin\/prufungsfragen\/\">Pr\u00fcfungsfragen<\/a>\u00a0I-II-III ziehen (von jedem eine), und \u00fcber jedes Thema sprechen.\u00a0Bei der praktischen Pr\u00fcfung bewerten wir die Grundkenntnisse in Dermatologie und die Erkennung von Effloreszenzen und h\u00e4ufigen Hautkrankheiten.<\/p>\n<\/li>\n<li>\n<p>Nachholen und Wiederholung der praktischen oder theoretischen Pr\u00fcfung ist im n\u00e4chsten Turnus m\u00f6glich.<\/p>\n<\/li>\n<li>\n<p>Es wird empfohlen, dass Sie sich mindestens eine Woche (besser 9-10 Tage) Zeit f\u00fcr die Vorbereitung auf die theoretische Pr\u00fcfung geben. Weniger Vorbereitung ist nach unserer Erfahrung riskant. W\u00e4hrend der Pr\u00fcfung bewerten wir nicht nur das Faktenwissen, sondern auch das logische Denken und das Verst\u00e4ndnis wor\u00fcber Sie gelesen haben.<\/p>\n<\/li>\n<li>\n<p>Nutzung von Handys, Tablets, und weitere schriftliche oder elektronische Hilfsmittel ist verboten. Die Pr\u00fcfung gilt als nicht bestanden in solchen F\u00e4llen. Elektronische Ger\u00e4te m\u00fcssen im Schrank bleiben, oder sie m\u00fcssen am Anfang der Pr\u00fcfung dem Examinator \u00fcbergeben werden.<\/p>\n<\/li>\n<\/ul>\n<p><em>Direktor Prof. Dr. P\u00e9ter Holl\u00f3 und Dozentin Dr. Gy\u00f6rgyi P\u00f3nyai, zust\u00e4ndig f\u00fcr die Fakult\u00e4t, w\u00fcnschen Ihnen erfolgreiches Lernen.<\/em><\/p>\n<style>\n           #page-grid .card-body > .line-clamp-box.excerpt{\n        width: inherit;\n        max-width: inherit;\n        display:flex;\n        min-height: 2.4em;\n        flex-direction: column;\n        justify-content: space-around;\n        background-color: #D6E4EA;\n        min-height: 3.4rem;\n        font-family: \"Montserrat\", sans-serif;\n    }\n\n    #page-grid a:hover .card-body > .line-clamp-box.excerpt {\n        background-color: #fff;\n        color: #313B40;\n    }\n\n    #page-grid .card-body .line-clamp-box.excerpt section{\n        max-width: inherit;\n        display: -webkit-box;\n        -webkit-line-clamp: 2;\n        -webkit-box-orient: vertical;\n        overflow: hidden;\n        text-overflow: ellipsis;\n        hyphens: auto;\n        margin: auto;\n        \n    }\n    .line-clamp-box.excerpt section, .line-clamp-box.excerpt section p{\n        font-size:0.8em;\n    }\n    \n<\/style>\n    <section id=\"page-grid\">\n        <section class=\"d-block d-md-flex title-row my-3 ml-0 ml-md-1\">\n<div class=\"section-title  mb-1 \">\n<h2>\n    Verwandte Seiten\n<\/h2>\n<\/div>\n<\/section>\n        <div class=\"row row-cols-1 row-cols-md-2 row-cols-lg-3 no-gutters mx-0 \">    <div class =\"col  mb-2 card-wrapper\">\n        <a class=\"d-flex flex-fill card-link-warapper m-md-1\" href=\"https:\/\/semmelweis.hu\/borklinika\/de\/fur-studenten\/fakultat-fur-humanmedizin\/prufungsfragen\/\">\n            <div class=\"card border border-secondary se-border flex-fill\">\n                <div class=\"row no-gutters mx-0 d-flex flex-nowrap flex-md-wrap align-items-center\">\n                    <div class =\"  col-5 col-md-12  d-none  d-md-none d-md-none  bg-image  card-image justify-content-center\">\n                        <img class='wp-post-image img-fluid landscape' src='https:\/\/semmelweis.hu\/borklinika\/wp-content\/themes\/se18\/dist\/images\/svg\/bg-image.svg' \/>\n                    <\/div>\n                    <div class=\"card-body  col flex-column  col-md-12 p-0\">\n                        <div class=\"line-clamp-box p-3\">\n                            <h5 class=\"ml-0 ml-sm-1 mt-2 align-items-center\"  >Pr\u00fcfungsfragen AOK<\/h5>\n                        <\/div>\n                        \n                    <\/div>\n                <\/div>\n\n            <\/div>\n        <\/a>\n    <\/div>    <div class =\"col  mb-2 card-wrapper\">\n        <a class=\"d-flex flex-fill card-link-warapper m-md-1\" href=\"https:\/\/semmelweis.hu\/borklinika\/de\/fur-studenten\/fakultat-fur-humanmedizin\/anforderungen\/\">\n            <div class=\"card border border-secondary se-border flex-fill\">\n                <div class=\"row no-gutters mx-0 d-flex flex-nowrap flex-md-wrap align-items-center\">\n                    <div class =\"  col-5 col-md-12  d-none  d-md-none d-md-none  bg-image  card-image justify-content-center\">\n                        <img class='wp-post-image img-fluid landscape' src='https:\/\/semmelweis.hu\/borklinika\/wp-content\/themes\/se18\/dist\/images\/svg\/bg-image.svg' \/>\n                    <\/div>\n                    <div class=\"card-body  col flex-column  col-md-12 p-0\">\n                        <div class=\"line-clamp-box p-3\">\n                            <h5 class=\"ml-0 ml-sm-1 mt-2 align-items-center\"  >Anforderungen - AOK<\/h5>\n                        <\/div>\n                        \n                    <\/div>\n                <\/div>\n\n            <\/div>\n        <\/a>\n    <\/div>    <div class =\"col  mb-2 card-wrapper\">\n        <a class=\"d-flex flex-fill card-link-warapper m-md-1\" href=\"https:\/\/semmelweis.hu\/borklinika\/de\/fur-studenten\/fakultat-fur-humanmedizin\/aktionsplan\/\">\n            <div class=\"card border border-secondary se-border flex-fill\">\n                <div class=\"row no-gutters mx-0 d-flex flex-nowrap flex-md-wrap align-items-center\">\n                    <div class =\"  col-5 col-md-12  d-none  d-md-none d-md-none  bg-image  card-image justify-content-center\">\n                        <img class='wp-post-image img-fluid landscape' src='https:\/\/semmelweis.hu\/borklinika\/wp-content\/themes\/se18\/dist\/images\/svg\/bg-image.svg' \/>\n                    <\/div>\n                    <div class=\"card-body  col flex-column  col-md-12 p-0\">\n                        <div class=\"line-clamp-box p-3\">\n                            <h5 class=\"ml-0 ml-sm-1 mt-2 align-items-center\"  >Aktionsplan - \u00c1OK<\/h5>\n                        <\/div>\n                        \n                    <\/div>\n                <\/div>\n\n            <\/div>\n        <\/a>\n    <\/div>        <\/div>\n    <\/section>\n","protected":false},"excerpt":{"rendered":"<p>Der Stundenplan ist auf unserer Webseite erreichbar. Es wird empfohlen ihn direkt vor dem Turnus zu pr\u00fcfen, weil er immer nach den aktuellen klinischen Besch\u00e4ftigungen aktualisiert wird. Bl\u00f6cke:\u00a0 <a href=\"https:\/\/semmelweis.hu\/borklinika\/files\/2026\/03\/Nemet-AOK-1.-turnus-2026.-vegleges.docx\">Turnus 2026.03.23 &#8211; 2026.04.10.<\/a> <a href=\"https:\/\/semmelweis.hu\/borklinika\/files\/2026\/03\/Nemet-AOK-2.-turnus-2026.-V2.docx\">Turnus 2026.04.06 &#8211; 2026.04.24.<\/a> Turnus 2026.06.01 &#8211; 2026.06.19. Turnus 2026.06.15 &#8211; 2026.07.03. Allgemeine Informationen Vorlesung, PBLs (problem based learning), Praktika, und Pr\u00fcfungen finden unter pers\u00f6nlicher Teilnahme in der Klinik statt. Die &hellip;<\/p>\n","protected":false},"author":101242,"featured_media":0,"parent":480,"menu_order":1,"comment_status":"closed","ping_status":"closed","template":"","meta":{"_acf_changed":false,"footnotes":""},"categories":[],"tags":[],"class_list":["post-484","page","type-page","status-publish","hentry"],"acf":[],"_links":{"self":[{"href":"https:\/\/semmelweis.hu\/borklinika\/wp-json\/wp\/v2\/pages\/484","targetHints":{"allow":["GET"]}}],"collection":[{"href":"https:\/\/semmelweis.hu\/borklinika\/wp-json\/wp\/v2\/pages"}],"about":[{"href":"https:\/\/semmelweis.hu\/borklinika\/wp-json\/wp\/v2\/types\/page"}],"author":[{"embeddable":true,"href":"https:\/\/semmelweis.hu\/borklinika\/wp-json\/wp\/v2\/users\/101242"}],"replies":[{"embeddable":true,"href":"https:\/\/semmelweis.hu\/borklinika\/wp-json\/wp\/v2\/comments?post=484"}],"version-history":[{"count":12,"href":"https:\/\/semmelweis.hu\/borklinika\/wp-json\/wp\/v2\/pages\/484\/revisions"}],"predecessor-version":[{"id":13480,"href":"https:\/\/semmelweis.hu\/borklinika\/wp-json\/wp\/v2\/pages\/484\/revisions\/13480"}],"up":[{"embeddable":true,"href":"https:\/\/semmelweis.hu\/borklinika\/wp-json\/wp\/v2\/pages\/480"}],"wp:attachment":[{"href":"https:\/\/semmelweis.hu\/borklinika\/wp-json\/wp\/v2\/media?parent=484"}],"wp:term":[{"taxonomy":"category","embeddable":true,"href":"https:\/\/semmelweis.hu\/borklinika\/wp-json\/wp\/v2\/categories?post=484"},{"taxonomy":"post_tag","embeddable":true,"href":"https:\/\/semmelweis.hu\/borklinika\/wp-json\/wp\/v2\/tags?post=484"}],"curies":[{"name":"wp","href":"https:\/\/api.w.org\/{rel}","templated":true}]}}