{"id":4531,"date":"2021-12-08T10:43:27","date_gmt":"2021-12-08T09:43:27","guid":{"rendered":"http:\/\/semmelweis.hu\/borklinika\/?page_id=4531"},"modified":"2026-02-03T13:43:55","modified_gmt":"2026-02-03T12:43:55","slug":"gyakorlati-allergologia","status":"publish","type":"page","link":"https:\/\/semmelweis.hu\/borklinika\/informaci-hallgatoknak\/gyakorlati-allergologia\/","title":{"rendered":"Gyakorlati Allergol\u00f3gia"},"content":{"rendered":"<p><strong>GYAKORLATI ALLERGOL\u00d3GIA<\/strong><\/p>\n<p><strong>K\u00f6telez\u0151en v\u00e1laszthat\u00f3, 2 kreditpontos tant\u00e1rgy<\/strong><\/p>\n<p>&nbsp;<\/p>\n<p>Allergy in Practice, Allergische Erkrankungen in der medizinischen Praxis<\/p>\n<p>\/ Allergi\u00e1s eredet\u0171 k\u00f3rk\u00e9pek klinikuma, diagnosztik\u00e1ja, kezel\u00e9se \/<\/p>\n<p>&nbsp;<\/p>\n<p><strong>2025-2026. tan\u00e9v II. f\u00e9l\u00e9v<\/strong><\/p>\n<p>El\u0151ad\u00e1sok id\u0151pontja: <strong><em>kedd 16:00-17:45<\/em><\/strong><\/p>\n<p>Helye: <em>Semmelweis Egyetem B\u0151r-, Nemik\u00f3rtani \u00e9s B\u0151ronkol\u00f3giai Klinika F\u00f6ldv\u00e1ri terem (209 szoba), (II. emelet)<\/em><\/p>\n<p><strong>Az el\u0151ad\u00e1sok t\u00e9m\u00e1i:<\/strong><\/p>\n<p><strong>2026. febru\u00e1r 10. kedd<\/strong><\/p>\n<p>Allergi\u00e1s k\u00f3rk\u00e9pek immunol\u00f3giai mechanizmusai<\/p>\n<p>The immunological mechanism of allergological diseases<\/p>\n<p><em>prof. dr. Falus Andr\u00e1s<\/em><\/p>\n<p><strong>2026. febru\u00e1r 17. kedd<\/strong><\/p>\n<p>Allergi\u00e1s k\u00f3rk\u00e9pek interdisciplinaris jelent\u0151s\u00e9ge, epidemiol\u00f3giai adatai<\/p>\n<p>Interdisciplinary significance and epidemiological data of allergological diseases<\/p>\n<p>\/az allergi\u00e1s k\u00f3rk\u00e9pek t\u00f6rt\u00e9nelmi megk\u00f6zel\u00edt\u00e9se, k\u00fcl\u00f6nb\u00f6z\u0151 orvosi szak\u00e1gakat \u00e9rint\u0151 t\u00fcnetei, az egyes k\u00f3rk\u00e9pek nemzetk\u00f6zi \u00e9s hazai epidemiol\u00f3giai adatai, valamint a pollen szenzibiliz\u00e1ci\u00f3, mint interdisciplinaris k\u00f3rk\u00e9p ismertet\u00e9se\/<\/p>\n<p><em>prof. dr. Temesv\u00e1ri Erzs\u00e9bet<\/em><\/p>\n<p><em>\u00a0<strong>2026<\/strong><\/em><strong>. febru\u00e1r 24. kedd<\/strong><\/p>\n<p>Allergi\u00e1s k\u00f3rk\u00e9pek a b\u0151rgy\u00f3gy\u00e1szati gyakorlatban I.: urticarias k\u00f3rk\u00e9pek.\u00a0<\/p>\n<p>Allergi\u00e1s k\u00f3rk\u00e9pek a b\u0151rgy\u00f3gy\u00e1szati gyakorlatban II.: kontakt urticaria, protein kontakt dermatitis. Ekzem\u00e1s k\u00f3rk\u00e9pek: exogen ekzem\u00e1k<\/p>\n<p>\u00a0Contact urticaria, protein contact dermatitis, diseases of exogenous contact dermatitis<\/p>\n<p>\/ contact urticaria, protein contact dermatitis, exogen ekzemak, ekzema kialkul\u00e1s\u00e1nak mechanizmusa, klinikai t\u00fcnetei, kontakt allerg\u00e9nek, kezel\u00e9s, prevenci\u00f3\/<\/p>\n<p><em>dr. Hidv\u00e9gi Bernadett PhD,\u00a0prof. dr. Temesv\u00e1ri Erzs\u00e9bet\u00a0<\/em><\/p>\n<p><strong><em>2026<\/em><\/strong><em>. <\/em><strong style=\"font-size: 1rem\">m\u00e1rcius 3. kedd<\/strong><\/p>\n<p>anaphylaxia, herediter angioneuroticus oedema<\/p>\n<p>Allergological diseases in dermatological practice \/ urticarious diseases, anaphylaxis, hereditary angioneurotic edema, diagnostic and therapeutic aspects \/<\/p>\n<p>\/ urticaria klinikai t\u00fcnetei, mechanizmus-diagnosztika-ter\u00e1pia, anaphylaxia, provok\u00e1l\u00f3 faktorok, herediter angioneurotikus oedema \/<\/p>\n<p><em>prof. dr. Farkas Henriette,<\/em><\/p>\n<p><strong>\u00a02026. <\/strong><strong style=\"font-size: 1rem\">m\u00e1rcius 10. kedd<\/strong><\/p>\n<p>Allergi\u00e1s k\u00f3rk\u00e9pek a b\u0151rgy\u00f3gy\u00e1szati gyakorlatban III.: Ekzem\u00e1s k\u00f3rk\u00e9pek folytat\u00e1sa: Kontakt allerg\u00e9nek, endogen ekzemak, foto toxikus \u00e9s foto allergi\u00e1s b\u0151rreakci\u00f3k<\/p>\n<p>Endogenous dermatitis, phototoxic and photo allergic dermatitis<\/p>\n<p>foto kontakt \/toxikus \u00e9s szenzitiv b\u0151rreakci\u00f3k\/ mechanizmusa, klinikai t\u00fcnetei, tov\u00e1bb\u00e1 az endogen ekzem\u00e1s k\u00f3rk\u00e9p csoport\u00a0 ismertet\u00e9se\/\u00a0 mikrobas, seborrhoeas, nummularis, stasis dermatitisek\/<\/p>\n<p><em>prof. dr. Temesv\u00e1ri Erzs\u00e9bet, prof. dr. Wikonk\u00e1l Norbert<\/em><\/p>\n<p><em>\u00a0<strong>2026. <\/strong><\/em><strong style=\"font-size: 1rem\">m\u00e1rcius 17. kedd<\/strong><\/p>\n<p>Atopia, atopias dermatitis<\/p>\n<p>\u00a0Atopy and atopic dermatitis.<\/p>\n<p>\/atopia mechanizmusa, klinikai t\u00fcnetei, provok\u00e1l\u00f3 faktorok, diagnosztikai lehet\u0151s\u00e9gek, valamint a konzervat\u00edv \u00e9s az \u00faj terapi\u00e1s lehet\u0151s\u00e9gek \/<\/p>\n<p><em style=\"font-size: 1rem\">dr. P\u00f3nyai Gy\u00f6rgyi PhD<\/em><\/p>\n<p><strong>2026. m\u00e1rcius 24. kedd<\/strong><\/p>\n<p>Gy\u00f3gyszer allergia, intolerancia<\/p>\n<p>Drug allergy, intolerance and adverse reactions<\/p>\n<p>\/gy\u00f3gyszer mell\u00e9khat\u00e1sok mechanizmusa, klinikai t\u00fcnetek, provok\u00e1l\u00f3 allerg\u00e9nek, diagnosztikai lehet\u0151s\u00e9gek\/<\/p>\n<p><em>prof. dr. K\u00e1rp\u00e1ti Sarolta, prof. dr. S\u00e1rdy Mikl\u00f3s<\/em><\/p>\n<p><strong>2026. m\u00e1rcius 31. kedd<\/strong><\/p>\n<p>Allergi\u00e1s megbeteged\u00e9sek a gyermekgy\u00f3gy\u00e1szatban<\/p>\n<p>Allegic diseases in pediatrics<\/p>\n<p>\/allergi\u00e1s k\u00f3rk\u00e9pek gyermekkori jellemz\u0151i, t\u00fcnetei, diagnosztikai lehet\u0151s\u00e9gek, ter\u00e1pia\/<\/p>\n<p><em style=\"font-size: 1rem\">dr. Balogh \u00c1d\u00e1m PhD<\/em><\/p>\n<p><strong>2026. \u00e1prilis 07. kedd<\/strong><\/p>\n<p>T\u00fcd\u0151gy\u00f3gy\u00e1szat ter\u00fclet\u00e9n jelentkez\u0151 allergi\u00e1s k\u00f3rk\u00e9pek<\/p>\n<p>\u00a0Allergic disease in pulmonology<\/p>\n<p>\/t\u00fcd\u0151gy\u00f3gy\u00e1szat ter\u00fclet\u00e9t \u00e9rint\u0151 allergi\u00e1s k\u00f3rk\u00e9pek, klinikai t\u00fcnetek diagnosztikai \u00e9s ter\u00e1pi\u00e1s lehet\u0151s\u00e9gek: kiemelve asthma bronchiale \u00e9s foglalkoz\u00e1si vonatkoz\u00e1sok\/<\/p>\n<p><em style=\"font-size: 1rem\">dr. Boh\u00e1cs Anik\u00f3 PhD.<\/em><\/p>\n<p><em><strong>2026<\/strong>. <\/em><strong style=\"font-size: 1rem\">\u00e1prilis 14. kedd<\/strong><\/p>\n<p>Allergi\u00e1s megbeteged\u00e9sek f\u00fcl-orr-g\u00e9g\u00e9szeti vonatkoz\u00e1sai<\/p>\n<p>\u00a0Allergic diseases in otorhinolaryngology<\/p>\n<p>\/f\u00fcl-orr-g\u00e9g\u00e9szeti t\u00fcnetekkel jelentkez\u0151 allergi\u00e1s k\u00f3rk\u00e9pek jellemz\u0151 klinikai t\u00fcnetei, diagnosztika \u00e9s ter\u00e1pi\u00e1s lehet\u0151s\u00e9gek\/ kiemelve rhinitises k\u00f3rk\u00e9pek\/<\/p>\n<p><em>prof. dr. Hirschberg Andor c. egyetemi tan\u00e1r<\/em><\/p>\n<p>\u00c9lelmiszer allergia-intolerancia I.<\/p>\n<p>Food allergy and intolerance<\/p>\n<p>\u00c9lelmiszer kiv\u00e1ltotta klinikai t\u00fcnetek mechanizmusa, klinikai megjelen\u00e9se, diagnosztikai lehet\u0151s\u00e9gek<\/p>\n<p><em>prof. dr. Temesv\u00e1ri Erzs\u00e9bet<\/em><\/p>\n<p><em>\u00a0<strong>2026<\/strong>. <\/em><strong style=\"font-size: 1rem\">\u00e1prilis 21. kedd<\/strong><\/p>\n<p>Szem\u00e9szeti allergi\u00e1s megbeteged\u00e9sek<\/p>\n<p>\u00a0Allergic diseases in ophtalmology<\/p>\n<p>Szem\u00e9szeti allergi\u00e1s megbeteged\u00e9sek, diagnosztika, ter\u00e1pia.<\/p>\n<p><em>prof. dr. N\u00e9meth J\u00e1nos <\/em><\/p>\n<p>\u00c9lelmiszer allergia-intolerancia II.<\/p>\n<p>\u00a0\u00a0\u00a0\u00a0\u00a0 Food allergy and intolerance<\/p>\n<p>\u00c9lelmiszer kiv\u00e1ltotta klinikai t\u00fcnetek mechanizmusa, klinikai megjelen\u00e9se, diagnosztikai lehet\u0151s\u00e9gek<\/p>\n<p><em>prof. dr. Temesv\u00e1ri Erzs\u00e9bet<\/em><\/p>\n<p><strong>2026. <\/strong><strong style=\"font-size: 1rem\">\u00e1prilis 28. kedd<\/strong><\/p>\n<p>In vivo \u00e9s in vitro vizsg\u00e1latok allergi\u00e1s k\u00f3rk\u00e9pekben<\/p>\n<p>In vivo and in vitro tests of allergic diseases<\/p>\n<p>\/in vivo \u00e9s in vitro tesztek metodikai ismertet\u00e9se, diagnosztikus jelent\u0151s\u00e9ge, indik\u00e1ci\u00f3k \u00e9s kontraindik\u00e1ci\u00f3k \/<\/p>\n<p><em>prof. dr. Temesv\u00e1ri Erzs\u00e9bet, prof. dr. Marschalk\u00f3 M\u00e1rta<\/em><\/p>\n<p><em>\u00a0<strong>2026. <\/strong><\/em><strong style=\"font-size: 1rem\">m\u00e1jus 05. kedd<\/strong><\/p>\n<p>Allergi\u00e1s k\u00f3rk\u00e9pek ter\u00e1pi\u00e1s lehet\u0151s\u00e9gei<\/p>\n<p>\u00a0Concepts of allergy treatment<\/p>\n<p>\/allergi\u00e1s megbeteged\u00e9sek t\u00fcneti kezel\u00e9se napjainkban \/<\/p>\n<p><em>prof. dr. So\u00f3s Gy\u00f6ngyv\u00e9r<\/em><\/p>\n<p><strong>\u00a02026. <\/strong><strong style=\"font-size: 1rem\">m\u00e1jus 12. kedd TESZT vizsga<\/strong><\/p>\n<p>&nbsp;<\/p>\n","protected":false},"excerpt":{"rendered":"<p>GYAKORLATI ALLERGOL\u00d3GIA K\u00f6telez\u0151en v\u00e1laszthat\u00f3, 2 kreditpontos tant\u00e1rgy &nbsp; Allergy in Practice, Allergische Erkrankungen in der medizinischen Praxis \/ Allergi\u00e1s eredet\u0171 k\u00f3rk\u00e9pek klinikuma, diagnosztik\u00e1ja, kezel\u00e9se \/ &nbsp; 2025-2026. tan\u00e9v II. f\u00e9l\u00e9v El\u0151ad\u00e1sok id\u0151pontja: kedd 16:00-17:45 Helye: Semmelweis Egyetem B\u0151r-, Nemik\u00f3rtani \u00e9s B\u0151ronkol\u00f3giai Klinika F\u00f6ldv\u00e1ri terem (209 szoba), (II. emelet) Az el\u0151ad\u00e1sok t\u00e9m\u00e1i: 2026. febru\u00e1r 10. kedd &hellip;<\/p>\n","protected":false},"author":101274,"featured_media":0,"parent":15,"menu_order":3,"comment_status":"closed","ping_status":"closed","template":"","meta":{"_acf_changed":false,"footnotes":""},"categories":[],"tags":[],"class_list":["post-4531","page","type-page","status-publish","hentry"],"acf":[],"_links":{"self":[{"href":"https:\/\/semmelweis.hu\/borklinika\/wp-json\/wp\/v2\/pages\/4531","targetHints":{"allow":["GET"]}}],"collection":[{"href":"https:\/\/semmelweis.hu\/borklinika\/wp-json\/wp\/v2\/pages"}],"about":[{"href":"https:\/\/semmelweis.hu\/borklinika\/wp-json\/wp\/v2\/types\/page"}],"author":[{"embeddable":true,"href":"https:\/\/semmelweis.hu\/borklinika\/wp-json\/wp\/v2\/users\/101274"}],"replies":[{"embeddable":true,"href":"https:\/\/semmelweis.hu\/borklinika\/wp-json\/wp\/v2\/comments?post=4531"}],"version-history":[{"count":11,"href":"https:\/\/semmelweis.hu\/borklinika\/wp-json\/wp\/v2\/pages\/4531\/revisions"}],"predecessor-version":[{"id":13399,"href":"https:\/\/semmelweis.hu\/borklinika\/wp-json\/wp\/v2\/pages\/4531\/revisions\/13399"}],"up":[{"embeddable":true,"href":"https:\/\/semmelweis.hu\/borklinika\/wp-json\/wp\/v2\/pages\/15"}],"wp:attachment":[{"href":"https:\/\/semmelweis.hu\/borklinika\/wp-json\/wp\/v2\/media?parent=4531"}],"wp:term":[{"taxonomy":"category","embeddable":true,"href":"https:\/\/semmelweis.hu\/borklinika\/wp-json\/wp\/v2\/categories?post=4531"},{"taxonomy":"post_tag","embeddable":true,"href":"https:\/\/semmelweis.hu\/borklinika\/wp-json\/wp\/v2\/tags?post=4531"}],"curies":[{"name":"wp","href":"https:\/\/api.w.org\/{rel}","templated":true}]}}