{"id":4083,"date":"2018-11-14T13:35:56","date_gmt":"2018-11-14T12:35:56","guid":{"rendered":"http:\/\/semmelweis.hu\/borklinika\/?page_id=4083"},"modified":"2024-10-09T10:10:50","modified_gmt":"2024-10-09T08:10:50","slug":"betegjogi-kepviselo","status":"publish","type":"page","link":"https:\/\/semmelweis.hu\/borklinika\/a-betegellatas-fo-profiljai\/betegjogi-kepviselo\/","title":{"rendered":"Betegjogi k\u00e9pvisel\u0151"},"content":{"rendered":"<p>Panasz\u00e1val fordulhat a ter\u00fcletileg illet\u00e9kes betegjogi k\u00e9pvisel\u0151h\u00f6z is.\u00a0<\/p>\n<p><span style=\"font-size: 11pt\"><strong>A JOGV\u00c9DELMI K\u00c9PVISEL\u0150 AZ INTEGR\u00c1LT JOGV\u00c9DELMI SZOLG\u00c1LAT (IJSZ) MUNKAT\u00c1RSA.\u00a0A JOGV\u00c9DELMI K\u00c9PVISEL\u0150 AZ EG\u00c9SZS\u00c9G\u00dcGYI INT\u00c9ZM\u00c9NYT\u0150L F\u00dcGGETLEN SZEM\u00c9LY.<\/strong><\/span><\/p>\n<p><strong>Ter\u00fcletileg illet\u00e9kes betegjogi k\u00e9pvisel\u0151:<br \/>\nDr. Lengyel Ingrid<\/strong><\/p>\n<p><strong>Telefonsz\u00e1ma:\u00a0 \u00a006-20-489-9609<br \/>\n<\/strong>melyen el\u00e9rhet\u0151:<br \/>\n<em>h\u00e9tf\u0151t\u0151l-cs\u00fct\u00f6rt\u00f6kig<\/em>\u00a008:00 \u2013 16:30,\u00a0<br \/>\n<em>p\u00e9nteken<\/em>\u00a008:00 \u2013 14:00 \u00f3ra k\u00f6z\u00f6tt<\/p>\n<p><strong>E-mail c\u00edme: <a href=\"mailto:ingrid.lengyel@ijsz.bm.gov.hu\">ingrid.lengyel@ijsz.bm.gov.hu<\/a><\/strong><\/p>\n<p style=\"text-align: justify\"><strong>Fogad\u00f3\u00f3ra<\/strong>: telefonos egyeztet\u00e9st k\u00f6vet\u0151en<\/p>\n<p>&nbsp;<\/p>\n<p style=\"text-align: justify\">\n<p><img loading=\"lazy\" decoding=\"async\" class=\"wp-image-10599  aligncenter\" src=\"https:\/\/semmelweis.hu\/borklinika\/files\/2023\/01\/Bjk-hirdetmeny-1024x746.jpg\" alt=\"\" width=\"898\" height=\"655\" srcset=\"https:\/\/semmelweis.hu\/borklinika\/files\/2023\/01\/Bjk-hirdetmeny-1024x746.jpg 1024w, https:\/\/semmelweis.hu\/borklinika\/files\/2023\/01\/Bjk-hirdetmeny-400x291.jpg 400w, https:\/\/semmelweis.hu\/borklinika\/files\/2023\/01\/Bjk-hirdetmeny-768x559.jpg 768w, https:\/\/semmelweis.hu\/borklinika\/files\/2023\/01\/Bjk-hirdetmeny-1536x1118.jpg 1536w, https:\/\/semmelweis.hu\/borklinika\/files\/2023\/01\/Bjk-hirdetmeny-753x548.jpg 753w, https:\/\/semmelweis.hu\/borklinika\/files\/2023\/01\/Bjk-hirdetmeny.jpg 1556w\" sizes=\"auto, (max-width: 898px) 100vw, 898px\" \/><\/p>\n<p>&nbsp;<\/p>\n","protected":false},"excerpt":{"rendered":"<p>Panasz\u00e1val fordulhat a ter\u00fcletileg illet\u00e9kes betegjogi k\u00e9pvisel\u0151h\u00f6z is.\u00a0<br \/>\nA JOGV\u00c9DELMI K\u00c9PVISEL\u0150 AZ INTEGR\u00c1LT JOGV\u00c9DELMI SZOLG\u00c1LAT (IJSZ) MUNKAT\u00c1RSA.\u00a0A JOGV\u00c9DELMI K\u00c9PVISEL\u0150 AZ EG\u00c9SZS\u00c9G\u00dcGYI INT\u00c9ZM\u00c9NYT\u0150L F\u00dcGGETLEN SZEM\u00c9LY.<br \/>\nTer\u00fcletileg illet\u00e9kes betegjogi k\u00e9pvisel\u0151:<br \/>\nDr. Lengyel Ingrid<br \/>\nTelefonsz\u00e1ma:\u00a0 \u00a006-20-489-9609<br \/>\nmelyen el\u00e9rhet\u0151:<br \/>\nh\u00e9tf\u0151t\u0151l-cs\u00fct\u00f6rt\u00f6kig\u00a008:00 \u2013 16:30,\u00a0<br \/>\np\u00e9nteken\u00a008:00 \u2013 14:00 \u00f3ra k\u00f6z\u00f6tt<br \/>\nE-mail c\u00edme: <a href=\"mailto:ingrid.lengyel@ijsz.bm.gov.hu\">ingrid.lengyel@ijsz.bm.gov.hu<\/a><br \/>\nFogad\u00f3\u00f3ra: telefonos egyeztet\u00e9st k\u00f6vet\u0151en<br \/>\n&nbsp;<\/p>\n<p>&nbsp;<\/p>\n","protected":false},"author":101244,"featured_media":0,"parent":9,"menu_order":9,"comment_status":"closed","ping_status":"closed","template":"","meta":{"_acf_changed":false,"footnotes":""},"categories":[],"tags":[],"class_list":["post-4083","page","type-page","status-publish","hentry"],"acf":[],"_links":{"self":[{"href":"https:\/\/semmelweis.hu\/borklinika\/wp-json\/wp\/v2\/pages\/4083","targetHints":{"allow":["GET"]}}],"collection":[{"href":"https:\/\/semmelweis.hu\/borklinika\/wp-json\/wp\/v2\/pages"}],"about":[{"href":"https:\/\/semmelweis.hu\/borklinika\/wp-json\/wp\/v2\/types\/page"}],"author":[{"embeddable":true,"href":"https:\/\/semmelweis.hu\/borklinika\/wp-json\/wp\/v2\/users\/101244"}],"replies":[{"embeddable":true,"href":"https:\/\/semmelweis.hu\/borklinika\/wp-json\/wp\/v2\/comments?post=4083"}],"version-history":[{"count":10,"href":"https:\/\/semmelweis.hu\/borklinika\/wp-json\/wp\/v2\/pages\/4083\/revisions"}],"predecessor-version":[{"id":10880,"href":"https:\/\/semmelweis.hu\/borklinika\/wp-json\/wp\/v2\/pages\/4083\/revisions\/10880"}],"up":[{"embeddable":true,"href":"https:\/\/semmelweis.hu\/borklinika\/wp-json\/wp\/v2\/pages\/9"}],"wp:attachment":[{"href":"https:\/\/semmelweis.hu\/borklinika\/wp-json\/wp\/v2\/media?parent=4083"}],"wp:term":[{"taxonomy":"category","embeddable":true,"href":"https:\/\/semmelweis.hu\/borklinika\/wp-json\/wp\/v2\/categories?post=4083"},{"taxonomy":"post_tag","embeddable":true,"href":"https:\/\/semmelweis.hu\/borklinika\/wp-json\/wp\/v2\/tags?post=4083"}],"curies":[{"name":"wp","href":"https:\/\/api.w.org\/{rel}","templated":true}]}}