{"id":3126,"date":"2018-06-11T15:12:29","date_gmt":"2018-06-11T13:12:29","guid":{"rendered":"http:\/\/semmelweis.hu\/borklinika\/?page_id=3126"},"modified":"2021-01-15T12:34:57","modified_gmt":"2021-01-15T11:34:57","slug":"emlekpad-avatas","status":"publish","type":"page","link":"https:\/\/semmelweis.hu\/borklinika\/magunkrol\/a-klinika-tortenete\/125-eves-a-borklinika\/emlekpad-avatas\/","title":{"rendered":"Eml\u00e9kpad avat\u00e1s"},"content":{"rendered":"<p style=\"text-align: justify\">Az Egis\u00a0Gy\u00f3gyszergy\u00e1r Zrt. t\u00e1mogat\u00e1s\u00e1nak k\u00f6sz\u00f6nhet\u0151en a B\u0151rklinika tanterme el\u0151tt tal\u00e1lhat\u00f3 padok nyugd\u00edjba vonultak, \u00e9s hely\u00fcket eszt\u00e9tikus, k\u00e9nyelmes \u00e9s imm\u00e1r korszer\u0171 \u00fcl\u0151alkalmatoss\u00e1gok vett\u00e9k \u00e1t, melyek 2018 szeptember\u00e9t\u0151l szeretettel v\u00e1rj\u00e1k a kertben megpihen\u0151 di\u00e1kjainkat, betegeinket \u00e9s l\u00e1togat\u00f3inkat egyar\u00e1nt.<br \/>\nA B\u0151rklinika legkiemelked\u0151bb\u00a0el\u0151dei &#8211; <em>Prof. Schwimmer Ern\u0151<\/em>, az Int\u00e9zet els\u0151 igazgat\u00f3ja\u00a0<a href=\"https:\/\/semmelweis.hu\/borklinika\/files\/2018\/07\/81-3-1-2_Foldvari_Ferenc.tif\"><img loading=\"lazy\" decoding=\"async\" class=\"alignnone size-medium wp-image-3454\" src=\"https:\/\/semmelweis.hu\/borklinika\/files\/2018\/07\/81-3-1-2_Foldvari_Ferenc.tif\" alt=\"\" width=\"1\" height=\"1\" \/><\/a>\u00e9s <em>Prof. F\u00f6ldv\u00e1ri Ferenc<\/em> &#8211;\u00a0<a href=\"https:\/\/semmelweis.hu\/borklinika\/files\/2018\/07\/81-3-1-2_Foldvari_Ferenc.tif\"><img loading=\"lazy\" decoding=\"async\" class=\"alignnone size-medium wp-image-3454\" src=\"https:\/\/semmelweis.hu\/borklinika\/files\/2018\/07\/81-3-1-2_Foldvari_Ferenc.tif\" alt=\"\" width=\"1\" height=\"1\" \/><\/a>tisztelet\u00e9re \u00e1ll\u00edtott\u00a0eml\u00e9kpad\u00a0\u00fcnnep\u00e9lyes felavat\u00e1sa\u00a0<a href=\"https:\/\/semmelweis.hu\/borklinika\/125ev\/kiallitas\/\" target=\"_blank\" rel=\"noopener noreferrer\">Ki\u00e1ll\u00edt\u00e1sunk<\/a> megnyit\u00f3j\u00e1val egybek\u00f6tve, magas rang\u00fa megh\u00edvottak \u00e9s a B\u0151rklinika dolgoz\u00f3inak r\u00e9szv\u00e9tel\u00e9vel zajlott 2018. szeptember 6-\u00e1n.\u00a0<\/p>\n<p><figure id=\"attachment_3455\" aria-describedby=\"caption-attachment-3455\" style=\"width: 121px\" class=\"wp-caption alignright\"><a href=\"https:\/\/semmelweis.hu\/borklinika\/files\/2018\/07\/1-F\u00f6ldv\u00e1ri-Ferenc.jpg\" target=\"_blank\" rel=\"noopener noreferrer\"><img loading=\"lazy\" decoding=\"async\" class=\"wp-image-3455 \" src=\"https:\/\/semmelweis.hu\/borklinika\/files\/2018\/07\/1-F\u00f6ldv\u00e1ri-Ferenc-150x150.jpg\" alt=\"\" width=\"121\" height=\"121\" srcset=\"https:\/\/semmelweis.hu\/borklinika\/files\/2018\/07\/1-F\u00f6ldv\u00e1ri-Ferenc-150x150.jpg 150w, https:\/\/semmelweis.hu\/borklinika\/files\/2018\/07\/1-F\u00f6ldv\u00e1ri-Ferenc-144x144.jpg 144w, https:\/\/semmelweis.hu\/borklinika\/files\/2018\/07\/1-F\u00f6ldv\u00e1ri-Ferenc-90x90.jpg 90w\" sizes=\"auto, (max-width: 121px) 100vw, 121px\" \/><\/a><figcaption id=\"caption-attachment-3455\" class=\"wp-caption-text\">Dr. F\u00f6ldv\u00e1ri Ferenc<\/figcaption><\/figure> <figure id=\"attachment_3453\" aria-describedby=\"caption-attachment-3453\" style=\"width: 124px\" class=\"wp-caption alignleft\"><a href=\"https:\/\/semmelweis.hu\/borklinika\/files\/2018\/07\/schwimmer.jpg\"><img loading=\"lazy\" decoding=\"async\" class=\"wp-image-3453 \" src=\"https:\/\/semmelweis.hu\/borklinika\/files\/2018\/07\/schwimmer-150x150.jpg\" alt=\"\" width=\"124\" height=\"124\" srcset=\"https:\/\/semmelweis.hu\/borklinika\/files\/2018\/07\/schwimmer-150x150.jpg 150w, https:\/\/semmelweis.hu\/borklinika\/files\/2018\/07\/schwimmer-144x144.jpg 144w, https:\/\/semmelweis.hu\/borklinika\/files\/2018\/07\/schwimmer-90x90.jpg 90w\" sizes=\"auto, (max-width: 124px) 100vw, 124px\" \/><\/a><figcaption id=\"caption-attachment-3453\" class=\"wp-caption-text\">Dr. Schwimmer Ern\u0151<\/figcaption><\/figure><\/p>\n<p style=\"text-align: justify\">Az Egis Gy\u00f3gyszergy\u00e1r\u00a0Zrt. j\u00f3volt\u00e1b\u00f3l kapott k\u00e9t \u00faj eml\u00e9kpad mellett mondott besz\u00e9det Prof. Dr. S\u00e1rdy Mikl\u00f3s, a B\u0151r-, Nemik\u00f3rtani \u00e9s B\u0151ronkol\u00f3giai Klinika igazgat\u00f3ja, Prof. Dr. Hunyady L\u00e1szl\u00f3 d\u00e9k\u00e1n, valamint Dr. S\u00e1ra Botond, J\u00f3zsefv\u00e1ros polg\u00e1rmestere.<br \/>\nS\u00e1rdy professzor felid\u00e9zte Schwimmer \u00e9s F\u00f6ldv\u00e1ri munk\u00e1ss\u00e1g\u00e1t \u00e9s szakmai \u00e9rdemeit, a Klinika \u00e9s a b\u0151rgy\u00f3gy\u00e1szat fejl\u0151d\u00e9s\u00e9\u00e9rt tett l\u00e9p\u00e9seit. Dr. Hunyady L\u00e1szl\u00f3 d\u00e9k\u00e1n nemcsak szem\u00e9lyes \u00e9lm\u00e9nyeket osztott meg a k\u00f6z\u00f6ns\u00e9ggel, hanem a B\u0151rklinik\u00e1n v\u00e1rhat\u00f3 j\u00f6v\u0151beli fejleszt\u00e9sekr\u0151l is sz\u00f3lt. Dr. S\u00e1ra Botond, a ker\u00fclet polg\u00e1rmestere is az egy\u00fcttm\u0171k\u00f6d\u00e9st hangs\u00falyozta: &#8222;Mindazon elk\u00e9pzel\u00e9seket, amelyek a ker\u00fcletiek \u00e9rdekeit szolg\u00e1lj\u00e1k, legyen az egy int\u00e9zm\u00e9ny \u00e1llapot\u00e1nak jav\u00edt\u00e1sa, vagy a szolg\u00e1ltat\u00e1sok b\u0151v\u00edt\u00e9se \u00e9s korszer\u0171s\u00edt\u00e9se, azt az \u00f6nkorm\u00e1nyzat is \u00f6r\u00f6mmel t\u00e1mogatja.\u201d<\/p>\n<p style=\"text-align: justify\"><a href=\"https:\/\/semmelweis.hu\/borklinika\/files\/2018\/09\/DSCN2896.jpg\"><img loading=\"lazy\" decoding=\"async\" class=\" wp-image-3655 aligncenter\" src=\"https:\/\/semmelweis.hu\/borklinika\/files\/2018\/09\/DSCN2896-300x225.jpg\" alt=\"\" width=\"403\" height=\"302\" srcset=\"https:\/\/semmelweis.hu\/borklinika\/files\/2018\/09\/DSCN2896-300x225.jpg 300w, https:\/\/semmelweis.hu\/borklinika\/files\/2018\/09\/DSCN2896-768x576.jpg 768w, https:\/\/semmelweis.hu\/borklinika\/files\/2018\/09\/DSCN2896-1024x768.jpg 1024w, https:\/\/semmelweis.hu\/borklinika\/files\/2018\/09\/DSCN2896-400x300.jpg 400w\" sizes=\"auto, (max-width: 403px) 100vw, 403px\" \/><\/a><\/p>\n<p style=\"text-align: justify\">\nAz esem\u00e9nyr\u0151l k\u00e9sz\u00fclt k\u00e9pes \u00f6sszefoglal\u00f3 megtekinthet\u0151 <strong><a href=\"https:\/\/photos.app.goo.gl\/fj8qJnn82Zj8C3ea9\" target=\"_blank\" rel=\"noopener noreferrer\">itt,<\/a><\/strong> a t\u00e9m\u00e1ban megjelent egyetemi cikk pedig <strong><a href=\"https:\/\/semmelweis.hu\/hirek\/2018\/09\/07\/emlekpadavatas-es-kiallitasmegnyito-a-borklinikan\/\" target=\"_blank\" rel=\"noopener noreferrer\">itt<\/a><\/strong> olvashat\u00f3.<\/p>\n<hr \/>\n<p>&nbsp;<\/p>\n<p style=\"text-align: justify\">\u00a0<\/p>\n<p style=\"text-align: justify\">\u00a0<\/p>\n<p><a href=\"https:\/\/semmelweis.hu\/borklinika\/files\/2018\/06\/KI\u00c1LL\u00cdT\u00c1S-MEGH\u00cdV\u00d3_1.jpg\" target=\"_blank\" rel=\"noopener noreferrer\"><img loading=\"lazy\" decoding=\"async\" class=\"aligncenter wp-image-3333\" src=\"https:\/\/semmelweis.hu\/borklinika\/files\/2018\/06\/KI\u00c1LL\u00cdT\u00c1S-MEGH\u00cdV\u00d3_1-212x300.jpg\" alt=\"\" width=\"327\" height=\"463\" srcset=\"https:\/\/semmelweis.hu\/borklinika\/files\/2018\/06\/KI\u00c1LL\u00cdT\u00c1S-MEGH\u00cdV\u00d3_1-212x300.jpg 212w, https:\/\/semmelweis.hu\/borklinika\/files\/2018\/06\/KI\u00c1LL\u00cdT\u00c1S-MEGH\u00cdV\u00d3_1-768x1086.jpg 768w, https:\/\/semmelweis.hu\/borklinika\/files\/2018\/06\/KI\u00c1LL\u00cdT\u00c1S-MEGH\u00cdV\u00d3_1-724x1024.jpg 724w\" sizes=\"auto, (max-width: 327px) 100vw, 327px\" \/><\/a><\/p>\n<p>&nbsp;<\/p>\n<p>A rendezv\u00e9ny t\u00e1mogat\u00f3i: Egis Gy\u00f3gyszergy\u00e1r Zrt.; SE K\u00f6zponti K\u00f6nyvt\u00e1r; SE K\u00f6zponti Lev\u00e9lt\u00e1r; N\u00e9k\u00e1m Alap\u00edtv\u00e1ny; F\u0151v\u00e1rosi Lev\u00e9lt\u00e1r; Fortepan; Arcanum Adatb\u00e1zis Kft.; F\u0151v\u00e1rosi Szab\u00f3 Ervin K\u00f6nyvt\u00e1r; MNM Semmelweis Orvost\u00f6rt\u00e9neti M\u00fazeum, K\u00f6nyvt\u00e1r \u00e9s Lev\u00e9lt\u00e1r; J\u00f3zsefv\u00e1ros \u00d6nkorm\u00e1nyzata; Convention Budapest Kft.<\/p>\n<table style=\"width: 599px\">\n<tbody>\n<tr>\n<td style=\"width: 228px\"><a href=\"https:\/\/semmelweis.hu\/borklinika\/files\/2018\/06\/Egis_logo.jpg\"><img loading=\"lazy\" decoding=\"async\" class=\"wp-image-3332 alignleft\" src=\"https:\/\/semmelweis.hu\/borklinika\/files\/2018\/06\/Egis_logo-300x154.jpg\" alt=\"\" width=\"81\" height=\"41\" srcset=\"https:\/\/semmelweis.hu\/borklinika\/files\/2018\/06\/Egis_logo-300x154.jpg 300w, https:\/\/semmelweis.hu\/borklinika\/files\/2018\/06\/Egis_logo-768x393.jpg 768w, https:\/\/semmelweis.hu\/borklinika\/files\/2018\/06\/Egis_logo-1024x524.jpg 1024w, https:\/\/semmelweis.hu\/borklinika\/files\/2018\/06\/Egis_logo-580x297.jpg 580w, https:\/\/semmelweis.hu\/borklinika\/files\/2018\/06\/Egis_logo.jpg 1156w\" sizes=\"auto, (max-width: 81px) 100vw, 81px\" \/><\/a><\/td>\n<td style=\"width: 196px\"><a href=\"https:\/\/semmelweis.hu\/borklinika\/files\/2018\/01\/Jozsefvaros.png\"><img loading=\"lazy\" decoding=\"async\" class=\"wp-image-1790 alignleft\" src=\"https:\/\/semmelweis.hu\/borklinika\/files\/2018\/01\/Jozsefvaros-300x102.png\" alt=\"\" width=\"97\" height=\"33\" srcset=\"https:\/\/semmelweis.hu\/borklinika\/files\/2018\/01\/Jozsefvaros-300x102.png 300w, https:\/\/semmelweis.hu\/borklinika\/files\/2018\/01\/Jozsefvaros.png 499w\" sizes=\"auto, (max-width: 97px) 100vw, 97px\" \/><\/a><\/td>\n<td style=\"width: 148px\"><a href=\"https:\/\/semmelweis.hu\/borklinika\/files\/2018\/06\/logo-fszek.png\"><img loading=\"lazy\" decoding=\"async\" class=\"alignnone  wp-image-3312\" src=\"https:\/\/semmelweis.hu\/borklinika\/files\/2018\/06\/logo-fszek-300x300.png\" alt=\"\" width=\"79\" height=\"79\" srcset=\"https:\/\/semmelweis.hu\/borklinika\/files\/2018\/06\/logo-fszek-300x300.png 300w, https:\/\/semmelweis.hu\/borklinika\/files\/2018\/06\/logo-fszek-150x150.png 150w, https:\/\/semmelweis.hu\/borklinika\/files\/2018\/06\/logo-fszek-144x144.png 144w, https:\/\/semmelweis.hu\/borklinika\/files\/2018\/06\/logo-fszek-90x90.png 90w, https:\/\/semmelweis.hu\/borklinika\/files\/2018\/06\/logo-fszek.png 452w\" sizes=\"auto, (max-width: 79px) 100vw, 79px\" \/><\/a><\/td>\n<td style=\"width: 3px\"><a href=\"https:\/\/semmelweis.hu\/borklinika\/files\/2018\/06\/logo.jpg\"><img loading=\"lazy\" decoding=\"async\" class=\"wp-image-3317 alignleft\" src=\"https:\/\/semmelweis.hu\/borklinika\/files\/2018\/06\/logo.jpg\" alt=\"\" width=\"76\" height=\"78\" \/><\/a><\/td>\n<td style=\"width: 3px\">\u00a0<\/td>\n<td style=\"width: 3px\">\u00a0<\/td>\n<td style=\"width: 3px\">\u00a0<\/td>\n<td style=\"width: 3px\">\u00a0<\/td>\n<td style=\"width: 3px\">\u00a0<\/td>\n<td style=\"width: 3px\">\u00a0<\/td>\n<td style=\"width: 3px\">\u00a0<\/td>\n<td style=\"width: 3px\">\u00a0<\/td>\n<\/tr>\n<tr>\n<td style=\"width: 228px\"><a href=\"https:\/\/semmelweis.hu\/borklinika\/files\/2018\/01\/Convention.png\"><img loading=\"lazy\" decoding=\"async\" class=\"wp-image-1787 alignleft\" src=\"https:\/\/semmelweis.hu\/borklinika\/files\/2018\/01\/Convention.png\" alt=\"\" width=\"117\" height=\"60\" \/><\/a><\/td>\n<td style=\"width: 196px\"><a href=\"https:\/\/semmelweis.hu\/borklinika\/files\/2018\/06\/logo_mnmsom.jpg\"><img loading=\"lazy\" decoding=\"async\" class=\"wp-image-3311 alignleft\" src=\"https:\/\/semmelweis.hu\/borklinika\/files\/2018\/06\/logo_mnmsom-300x95.jpg\" alt=\"\" width=\"167\" height=\"53\" srcset=\"https:\/\/semmelweis.hu\/borklinika\/files\/2018\/06\/logo_mnmsom-300x95.jpg 300w, https:\/\/semmelweis.hu\/borklinika\/files\/2018\/06\/logo_mnmsom-768x242.jpg 768w, https:\/\/semmelweis.hu\/borklinika\/files\/2018\/06\/logo_mnmsom-1024x323.jpg 1024w, https:\/\/semmelweis.hu\/borklinika\/files\/2018\/06\/logo_mnmsom-580x183.jpg 580w\" sizes=\"auto, (max-width: 167px) 100vw, 167px\" \/><\/a><\/td>\n<td style=\"width: 148px\"><a href=\"https:\/\/semmelweis.hu\/borklinika\/files\/2018\/06\/logo-adt-big.png\"><img loading=\"lazy\" decoding=\"async\" class=\"alignnone  wp-image-3325\" src=\"https:\/\/semmelweis.hu\/borklinika\/files\/2018\/06\/logo-adt-big-300x52.png\" alt=\"\" width=\"179\" height=\"31\" srcset=\"https:\/\/semmelweis.hu\/borklinika\/files\/2018\/06\/logo-adt-big-300x52.png 300w, https:\/\/semmelweis.hu\/borklinika\/files\/2018\/06\/logo-adt-big-768x134.png 768w, https:\/\/semmelweis.hu\/borklinika\/files\/2018\/06\/logo-adt-big-580x101.png 580w, https:\/\/semmelweis.hu\/borklinika\/files\/2018\/06\/logo-adt-big.png 799w\" sizes=\"auto, (max-width: 179px) 100vw, 179px\" \/><\/a><\/td>\n<td style=\"width: 3px\">\u00a0<\/td>\n<td style=\"width: 3px\">\u00a0<\/td>\n<td style=\"width: 3px\">\u00a0<\/td>\n<td style=\"width: 3px\">\u00a0<\/td>\n<td style=\"width: 3px\">\u00a0<\/td>\n<td style=\"width: 3px\">\u00a0<\/td>\n<td style=\"width: 3px\">\u00a0<\/td>\n<td style=\"width: 3px\">\u00a0<\/td>\n<td style=\"width: 3px\">\u00a0<\/td>\n<\/tr>\n<tr>\n<td style=\"width: 228px\">\u00a0<\/td>\n<td style=\"width: 196px\">\u00a0<\/td>\n<td style=\"width: 148px\">\u00a0<\/td>\n<td style=\"width: 3px\">\u00a0<\/td>\n<td style=\"width: 3px\">\u00a0<\/td>\n<td style=\"width: 3px\">\u00a0<\/td>\n<td style=\"width: 3px\">\u00a0<\/td>\n<td style=\"width: 3px\">\u00a0<\/td>\n<td style=\"width: 3px\">\u00a0<\/td>\n<td style=\"width: 3px\">\u00a0<\/td>\n<td style=\"width: 3px\">\u00a0<\/td>\n<td style=\"width: 3px\">\u00a0<\/td>\n<\/tr>\n<\/tbody>\n<\/table>\n","protected":false},"excerpt":{"rendered":"<p>Az Egis\u00a0Gy\u00f3gyszergy\u00e1r Zrt. t\u00e1mogat\u00e1s\u00e1nak k\u00f6sz\u00f6nhet\u0151en a B\u0151rklinika tanterme el\u0151tt tal\u00e1lhat\u00f3 padok nyugd\u00edjba vonultak, \u00e9s hely\u00fcket eszt\u00e9tikus, k\u00e9nyelmes \u00e9s imm\u00e1r korszer\u0171 \u00fcl\u0151alkalmatoss\u00e1gok vett\u00e9k \u00e1t, melyek 2018 szeptember\u00e9t\u0151l szeretettel v\u00e1rj\u00e1k a kertben megpihen\u0151 di\u00e1kjainkat, betegeinket \u00e9s l\u00e1togat\u00f3inkat egyar\u00e1nt. A B\u0151rklinika legkiemelked\u0151bb\u00a0el\u0151dei &#8211; Prof. Schwimmer Ern\u0151, az Int\u00e9zet els\u0151 igazgat\u00f3ja\u00a0 <a href=\"https:\/\/semmelweis.hu\/borklinika\/files\/2018\/07\/81-3-1-2_Foldvari_Ferenc.tif\"><\/a> \u00e9s Prof. F\u00f6ldv\u00e1ri Ferenc &#8211;\u00a0 <a href=\"https:\/\/semmelweis.hu\/borklinika\/files\/2018\/07\/81-3-1-2_Foldvari_Ferenc.tif\"><\/a> tisztelet\u00e9re \u00e1ll\u00edtott\u00a0eml\u00e9kpad\u00a0\u00fcnnep\u00e9lyes felavat\u00e1sa\u00a0 <a href=\"https:\/\/semmelweis.hu\/borklinika\/125ev\/kiallitas\/\" target=\"_blank\" rel=\"noopener noreferrer\">Ki\u00e1ll\u00edt\u00e1sunk<\/a> &hellip;<\/p>\n","protected":false},"author":101244,"featured_media":0,"parent":4405,"menu_order":11,"comment_status":"closed","ping_status":"closed","template":"","meta":{"_acf_changed":false,"footnotes":""},"categories":[],"tags":[],"class_list":["post-3126","page","type-page","status-publish","hentry"],"acf":[],"_links":{"self":[{"href":"https:\/\/semmelweis.hu\/borklinika\/wp-json\/wp\/v2\/pages\/3126","targetHints":{"allow":["GET"]}}],"collection":[{"href":"https:\/\/semmelweis.hu\/borklinika\/wp-json\/wp\/v2\/pages"}],"about":[{"href":"https:\/\/semmelweis.hu\/borklinika\/wp-json\/wp\/v2\/types\/page"}],"author":[{"embeddable":true,"href":"https:\/\/semmelweis.hu\/borklinika\/wp-json\/wp\/v2\/users\/101244"}],"replies":[{"embeddable":true,"href":"https:\/\/semmelweis.hu\/borklinika\/wp-json\/wp\/v2\/comments?post=3126"}],"version-history":[{"count":10,"href":"https:\/\/semmelweis.hu\/borklinika\/wp-json\/wp\/v2\/pages\/3126\/revisions"}],"predecessor-version":[{"id":8180,"href":"https:\/\/semmelweis.hu\/borklinika\/wp-json\/wp\/v2\/pages\/3126\/revisions\/8180"}],"up":[{"embeddable":true,"href":"https:\/\/semmelweis.hu\/borklinika\/wp-json\/wp\/v2\/pages\/4405"}],"wp:attachment":[{"href":"https:\/\/semmelweis.hu\/borklinika\/wp-json\/wp\/v2\/media?parent=3126"}],"wp:term":[{"taxonomy":"category","embeddable":true,"href":"https:\/\/semmelweis.hu\/borklinika\/wp-json\/wp\/v2\/categories?post=3126"},{"taxonomy":"post_tag","embeddable":true,"href":"https:\/\/semmelweis.hu\/borklinika\/wp-json\/wp\/v2\/tags?post=3126"}],"curies":[{"name":"wp","href":"https:\/\/api.w.org\/{rel}","templated":true}]}}