{"id":286,"date":"2014-05-13T06:45:28","date_gmt":"2014-05-13T06:45:28","guid":{"rendered":"http:\/\/semmelweis.hu\/borklinika\/?page_id=286"},"modified":"2021-01-15T12:28:03","modified_gmt":"2021-01-15T11:28:03","slug":"a-norveg-projekt","status":"publish","type":"page","link":"https:\/\/semmelweis.hu\/borklinika\/magunkrol\/a-norveg-projekt\/","title":{"rendered":"A Norv\u00e9g Projekt 2009"},"content":{"rendered":"<p style=\"text-align: justify\"><a href=\"https:\/\/semmelweis.hu\/borklinika\/files\/2014\/05\/eea_norway.jpg\"><img loading=\"lazy\" decoding=\"async\" class=\"aligncenter wp-image-285\" src=\"https:\/\/semmelweis.hu\/borklinika\/files\/2014\/05\/eea_norway.jpg\" alt=\"eea_norway\" width=\"701\" height=\"175\" srcset=\"https:\/\/semmelweis.hu\/borklinika\/files\/2014\/05\/eea_norway.jpg 876w, https:\/\/semmelweis.hu\/borklinika\/files\/2014\/05\/eea_norway-300x75.jpg 300w, https:\/\/semmelweis.hu\/borklinika\/files\/2014\/05\/eea_norway-580x145.jpg 580w\" sizes=\"auto, (max-width: 701px) 100vw, 701px\" \/><\/a><\/p>\n<p style=\"text-align: justify\">Az \u201eEur\u00f3pai Gazdas\u00e1gi T\u00e9rs\u00e9g \u00e9s Norv\u00e9g Finansz\u00edroz\u00e1si Mechanizmusok 2004-2009\u201d program keret\u00e9ben a Semmelweis Egyetem B\u0151r-Nemik\u00f3rtani \u00e9s B\u0151ronkol\u00f3giai Klinik\u00e1j\u00e1n m\u0171k\u00f6d\u0151 N\u00e9k\u00e1m Alap\u00edtv\u00e1ny 2009-ben beny\u00fajtott p\u00e1ly\u00e1zat\u00e1t a donor \u00e1llamok pozit\u00edvan \u00e9rt\u00e9kelt\u00e9k, a d\u00f6nt\u00e9s \u00e9rtelm\u00e9ben a klinika fel\u00faj\u00edt\u00e1s\u00e1hoz 2 742 126 \u20ac-val j\u00e1rultak hozz\u00e1. A tervezett fejleszt\u00e9s teljes k\u00f6lts\u00e9g\u00e9b\u0151l 10 sz\u00e1zal\u00e9k \u00f6nr\u00e9szt az Alap\u00edtv\u00e1ny, valamint a Semmelweis Egyetem k\u00f6z\u00f6sen biztos\u00edtott\u00e1k.<\/p>\n<p style=\"text-align: justify\">A projekt c\u00e9lja a 130 \u00e9ves M\u00e1ria utcai B\u0151rklinika \u00e9p\u00fclet\u00e9nek \u00e1llapotjav\u00edt\u00e1sa, a fekv\u0151- \u00e9s j\u00e1r\u00f3beteg ell\u00e1t\u00e1s, valamint az oktat\u00e1s felt\u00e9teleinek korszer\u0171s\u00edt\u00e9se volt. A fejleszt\u00e9s sor\u00e1n a Klinika \u00e9p\u00fclet\u00e9ben \u00faj, az oktat\u00e1sba, betegell\u00e1t\u00e1sba \u00e9s az egyetemi tudom\u00e1nyos \u00e9letbe bevonhat\u00f3 helyis\u00e9geket alak\u00edtottak ki, valamint a m\u00e1r megl\u00e9v\u0151k funkci\u00f3it b\u0151v\u00edtett\u00e9k.<\/p>\n<p style=\"text-align: justify\">Az \u00e9p\u00edtkez\u00e9s sor\u00e1n teljesen meg\u00fajult \u00e9s kib\u0151v\u00fclt az \u00c1ltal\u00e1nos B\u0151rgy\u00f3gy\u00e1szati Ambulancia, k\u00e9t nagy fekv\u0151beteg oszt\u00e1ly, a Sterilez\u0151, valamint a hallgat\u00f3k \u00e9s szakorvosjel\u00f6ltek korszer\u0171 oktat\u00e1s\u00e1t biztos\u00edtand\u00f3, a Dermato-Histopathologiai Oktat\u00f3 Centrum \u00e9s a Gal\u00e9ria, ahol PhD Labort \u00e9s Irod\u00e1t is l\u00e9trehoztak. Az \u00faj r\u00e9szlegek, k\u00f6z\u00f6tt\u00fck a Psoriasis Centrum m\u00e1r fogadj\u00e1k a betegeket. A p\u00e1ly\u00e1zat keret\u00e9ben kicser\u00e9lt\u00e9k a ny\u00edl\u00e1sz\u00e1r\u00f3kat, az ultrahang berendez\u00e9st, valamint a fekv\u0151beteg oszt\u00e1lyokra \u00faj, korszer\u0171 \u00e1gyakat v\u00e1s\u00e1rolt a Klinika. A sz\u00e1m\u00edt\u00f3g\u00e9pparkot is friss\u00edtett\u00e9k, az oszt\u00e1lyokra n\u0151v\u00e9rh\u00edv\u00f3t, valamint a dokument\u00e1ci\u00f3 korszer\u0171s\u00edt\u00e9s\u00e9hez \u00faj, modern f\u00e9nyk\u00e9pez\u0151g\u00e9pet szereztek be.<\/p>\n<p style=\"text-align: justify\">Az oktat\u00e1sban t\u00f6bb mint 2000 orvostanhallgat\u00f3 (magyar, n\u00e9met \u00e9s angol \u00e9vfolyamon, \u00e1ltal\u00e1nos- \u00e9s fogorvostudom\u00e1nyi k\u00e9pz\u00e9sben) vett r\u00e9szt a Klinik\u00e1n a p\u00e1ly\u00e1zat kezdete \u00f3ta. A p\u00e1ly\u00e1zat kereteit felhaszn\u00e1lva elk\u00e9sz\u00fclt a \u201eB\u0151rgy\u00f3gy\u00e1szat \u00e9s venerol\u00f3gia\u201d asszisztensi jegyzet, tov\u00e1bb\u00e1 a gondoz\u00f3k t\u00e1voktat\u00e1s\u00e1t c\u00e9lozva bevezett\u00e9k a \u201eGondoz\u00f3n\u0151i E-learning\u201d-et is.<\/p>\n<p style=\"text-align: justify\"><em>(Forr\u00e1s: www.kormany.hu)<\/em><\/p>\n","protected":false},"excerpt":{"rendered":"<p><a href=\"https:\/\/semmelweis.hu\/borklinika\/files\/2014\/05\/eea_norway.jpg\"><\/a> Az \u201eEur\u00f3pai Gazdas\u00e1gi T\u00e9rs\u00e9g \u00e9s Norv\u00e9g Finansz\u00edroz\u00e1si Mechanizmusok 2004-2009\u201d program keret\u00e9ben a Semmelweis Egyetem B\u0151r-Nemik\u00f3rtani \u00e9s B\u0151ronkol\u00f3giai Klinik\u00e1j\u00e1n m\u0171k\u00f6d\u0151 N\u00e9k\u00e1m Alap\u00edtv\u00e1ny 2009-ben beny\u00fajtott p\u00e1ly\u00e1zat\u00e1t a donor \u00e1llamok pozit\u00edvan \u00e9rt\u00e9kelt\u00e9k, a d\u00f6nt\u00e9s \u00e9rtelm\u00e9ben a klinika fel\u00faj\u00edt\u00e1s\u00e1hoz 2 742 126 \u20ac-val j\u00e1rultak hozz\u00e1. A tervezett fejleszt\u00e9s teljes k\u00f6lts\u00e9g\u00e9b\u0151l 10 sz\u00e1zal\u00e9k \u00f6nr\u00e9szt az Alap\u00edtv\u00e1ny, valamint a Semmelweis Egyetem &hellip;<\/p>\n","protected":false},"author":101242,"featured_media":0,"parent":187,"menu_order":3,"comment_status":"closed","ping_status":"closed","template":"","meta":{"_acf_changed":false,"footnotes":""},"categories":[],"tags":[],"class_list":["post-286","page","type-page","status-publish","hentry"],"acf":[],"_links":{"self":[{"href":"https:\/\/semmelweis.hu\/borklinika\/wp-json\/wp\/v2\/pages\/286","targetHints":{"allow":["GET"]}}],"collection":[{"href":"https:\/\/semmelweis.hu\/borklinika\/wp-json\/wp\/v2\/pages"}],"about":[{"href":"https:\/\/semmelweis.hu\/borklinika\/wp-json\/wp\/v2\/types\/page"}],"author":[{"embeddable":true,"href":"https:\/\/semmelweis.hu\/borklinika\/wp-json\/wp\/v2\/users\/101242"}],"replies":[{"embeddable":true,"href":"https:\/\/semmelweis.hu\/borklinika\/wp-json\/wp\/v2\/comments?post=286"}],"version-history":[{"count":7,"href":"https:\/\/semmelweis.hu\/borklinika\/wp-json\/wp\/v2\/pages\/286\/revisions"}],"predecessor-version":[{"id":8163,"href":"https:\/\/semmelweis.hu\/borklinika\/wp-json\/wp\/v2\/pages\/286\/revisions\/8163"}],"up":[{"embeddable":true,"href":"https:\/\/semmelweis.hu\/borklinika\/wp-json\/wp\/v2\/pages\/187"}],"wp:attachment":[{"href":"https:\/\/semmelweis.hu\/borklinika\/wp-json\/wp\/v2\/media?parent=286"}],"wp:term":[{"taxonomy":"category","embeddable":true,"href":"https:\/\/semmelweis.hu\/borklinika\/wp-json\/wp\/v2\/categories?post=286"},{"taxonomy":"post_tag","embeddable":true,"href":"https:\/\/semmelweis.hu\/borklinika\/wp-json\/wp\/v2\/tags?post=286"}],"curies":[{"name":"wp","href":"https:\/\/api.w.org\/{rel}","templated":true}]}}