{"id":261,"date":"2014-05-12T18:19:25","date_gmt":"2014-05-12T16:19:25","guid":{"rendered":"http:\/\/semmelweis.hu\/borklinika\/?page_id=261"},"modified":"2025-09-29T12:16:19","modified_gmt":"2025-09-29T10:16:19","slug":"ultrahang","status":"publish","type":"page","link":"https:\/\/semmelweis.hu\/borklinika\/a-betegellatas-fo-profiljai\/jarobeteg-ellatas\/ultrahang\/","title":{"rendered":"Ultrahang"},"content":{"rendered":"<p class=\"Normal\"><strong><span class=\"Normal__Char\">B\u0151rgy\u00f3gy\u00e1szati ultrahang diagnosztika<\/span><\/strong><\/p>\n<p class=\"Normal\"><span class=\"Normal__Char\">Az ultrahang technikai \u00e9s elektronikus fejl\u0151d\u00e9se lehet\u0151v\u00e9 tette, hogy a b\u0151r r\u00e9tegeit, az ott l\u00e9v\u0151 folyamatok szerkezett\u00e9t ultrahanggal is vizsg\u00e1ljuk, \u00edgy a fel\u00fclet m\u00f6g\u00e9 tekintve k\u00f6zelebb jutunk a betegs\u00e9gek le\u00edr\u00e1s\u00e1hoz, azokat a kezel\u00e9s sor\u00e1n k\u00f6vetni tudjuk.<\/span><\/p>\n<p class=\"Normal\"><span class=\"Normal__Char\">A magas frekvenci\u00e1s vizsg\u00e1l\u00f3fejjel feleletet tudunk adni a k\u00f6vetkez\u0151kre:<\/span><\/p>\n<ul>\n<li class=\"List_0020Paragraph\"><span class=\"List_0020Paragraph__Char\">a b<\/span><span class=\"List_0020Paragraph__Char\">\u0151<\/span><span class=\"List_0020Paragraph__Char\">r j<\/span><span class=\"List_0020Paragraph__Char\">\u00f3<\/span> <span class=\"List_0020Paragraph__Char\">\u00e9<\/span><span class=\"List_0020Paragraph__Char\">s rosszindulat<\/span><span class=\"List_0020Paragraph__Char\">\u00fa<\/span><span class=\"List_0020Paragraph__Char\"> elv<\/span><span class=\"List_0020Paragraph__Char\">\u00e1<\/span><span class=\"List_0020Paragraph__Char\">ltoz<\/span><span class=\"List_0020Paragraph__Char\">\u00e1<\/span><span class=\"List_0020Paragraph__Char\">sainak kiterjed<\/span><span class=\"List_0020Paragraph__Char\">\u00e9<\/span><span class=\"List_0020Paragraph__Char\">se<\/span><\/li>\n<li class=\"List_0020Paragraph\"><span class=\"List_0020Paragraph__Char\">a b<\/span><span class=\"List_0020Paragraph__Char\">\u0151<\/span><span class=\"List_0020Paragraph__Char\">rben zajl<\/span><span class=\"List_0020Paragraph__Char\">\u00f3<\/span><span class=\"List_0020Paragraph__Char\"> folyamatok rugalmass<\/span><span class=\"List_0020Paragraph__Char\">\u00e1<\/span><span class=\"List_0020Paragraph__Char\">g<\/span><span class=\"List_0020Paragraph__Char\">\u00e1<\/span><span class=\"List_0020Paragraph__Char\">nak <\/span><span class=\"List_0020Paragraph__Char\">meg<\/span><span class=\"List_0020Paragraph__Char\">\u00ed<\/span><span class=\"List_0020Paragraph__Char\">t<\/span><span class=\"List_0020Paragraph__Char\">\u00e9<\/span><span class=\"List_0020Paragraph__Char\">l<\/span><span class=\"List_0020Paragraph__Char\">\u00e9<\/span><span class=\"List_0020Paragraph__Char\">se<\/span><\/li>\n<li class=\"List_0020Paragraph\"><span class=\"List_0020Paragraph__Char\">a b<\/span><span class=\"List_0020Paragraph__Char\">\u0151<\/span><span class=\"List_0020Paragraph__Char\">rfolyamatok kezel<\/span><span class=\"List_0020Paragraph__Char\">\u00e9<\/span><span class=\"List_0020Paragraph__Char\">s<\/span><span class=\"List_0020Paragraph__Char\">\u00e9<\/span><span class=\"List_0020Paragraph__Char\">nek hat<\/span><span class=\"List_0020Paragraph__Char\">\u00e9<\/span><span class=\"List_0020Paragraph__Char\">konys<\/span><span class=\"List_0020Paragraph__Char\">\u00e1<\/span><span class=\"List_0020Paragraph__Char\">ga<\/span><\/li>\n<li class=\"List_0020Paragraph\"><span class=\"List_0020Paragraph__Char\">a <\/span><span class=\"List_0020Paragraph__Char\">kozmetol<\/span><span class=\"List_0020Paragraph__Char\">\u00f3<\/span><span class=\"List_0020Paragraph__Char\">gia<\/span><span class=\"List_0020Paragraph__Char\">i<\/span><span class=\"List_0020Paragraph__Char\"> beavatkoz<\/span><span class=\"List_0020Paragraph__Char\">\u00e1<\/span><span class=\"List_0020Paragraph__Char\">sok vez<\/span><span class=\"List_0020Paragraph__Char\">\u00e9<\/span><span class=\"List_0020Paragraph__Char\">rl<\/span><span class=\"List_0020Paragraph__Char\">\u00e9<\/span><span class=\"List_0020Paragraph__Char\">se, hat<\/span><span class=\"List_0020Paragraph__Char\">\u00e9<\/span><span class=\"List_0020Paragraph__Char\">konys<\/span><span class=\"List_0020Paragraph__Char\">\u00e1<\/span><span class=\"List_0020Paragraph__Char\">guk elemz<\/span><span class=\"List_0020Paragraph__Char\">\u00e9<\/span><span class=\"List_0020Paragraph__Char\">se<\/span><\/li>\n<li class=\"List_0020Paragraph\"><span class=\"List_0020Paragraph__Char\">a b<\/span><span class=\"List_0020Paragraph__Char\">\u0151<\/span><span class=\"List_0020Paragraph__Char\">rbetegs<\/span><span class=\"List_0020Paragraph__Char\">\u00e9<\/span><span class=\"List_0020Paragraph__Char\">gekhez kapcsol<\/span><span class=\"List_0020Paragraph__Char\">\u00f3<\/span><span class=\"List_0020Paragraph__Char\">d<\/span><span class=\"List_0020Paragraph__Char\">\u00f3<\/span><span class=\"List_0020Paragraph__Char\">, vagy azokat okoz<\/span><span class=\"List_0020Paragraph__Char\">\u00f3<\/span> <span class=\"List_0020Paragraph__Char\">belszervi<\/span><span class=\"List_0020Paragraph__Char\"> elt<\/span><span class=\"List_0020Paragraph__Char\">\u00e9<\/span><span class=\"List_0020Paragraph__Char\">r<\/span><span class=\"List_0020Paragraph__Char\">\u00e9<\/span><span class=\"List_0020Paragraph__Char\">s<\/span><span class=\"List_0020Paragraph__Char\">\u00e9<\/span><span class=\"List_0020Paragraph__Char\">k kimutat<\/span><span class=\"List_0020Paragraph__Char\">\u00e1<\/span><span class=\"List_0020Paragraph__Char\">sa<\/span><\/li>\n<li class=\"List_0020Paragraph\"><span class=\"List_0020Paragraph__Char\">m<\/span><span class=\"List_0020Paragraph__Char\">\u0171<\/span><span class=\"List_0020Paragraph__Char\">t<\/span><span class=\"List_0020Paragraph__Char\">\u00e9<\/span><span class=\"List_0020Paragraph__Char\">t<\/span><span class=\"List_0020Paragraph__Char\"> ut<\/span><span class=\"List_0020Paragraph__Char\">\u00e1<\/span><span class=\"List_0020Paragraph__Char\">ni folyamatok ki<\/span><span class=\"List_0020Paragraph__Char\">\u00fa<\/span><span class=\"List_0020Paragraph__Char\">jul<\/span><span class=\"List_0020Paragraph__Char\">\u00e1<\/span><span class=\"List_0020Paragraph__Char\">s<\/span><span class=\"List_0020Paragraph__Char\">\u00e1<\/span><span class=\"List_0020Paragraph__Char\">nak, le<\/span><span class=\"List_0020Paragraph__Char\">\u00ed<\/span><span class=\"List_0020Paragraph__Char\">r<\/span><span class=\"List_0020Paragraph__Char\">\u00e1<\/span><span class=\"List_0020Paragraph__Char\">sa<\/span><\/li>\n<li class=\"List_0020Paragraph\"><span class=\"List_0020Paragraph__Char\">a b<\/span><span class=\"List_0020Paragraph__Char\">\u0151<\/span><span class=\"List_0020Paragraph__Char\">relv<\/span><span class=\"List_0020Paragraph__Char\">\u00e1<\/span><span class=\"List_0020Paragraph__Char\">ltoz<\/span><span class=\"List_0020Paragraph__Char\">\u00e1<\/span><span class=\"List_0020Paragraph__Char\">sokat<\/span><span class=\"List_0020Paragraph__Char\"> okoz<\/span><span class=\"List_0020Paragraph__Char\">\u00f3<\/span> <span class=\"List_0020Paragraph__Char\">\u00e9<\/span><span class=\"List_0020Paragraph__Char\">rrendszeri elt<\/span><span class=\"List_0020Paragraph__Char\">\u00e9<\/span><span class=\"List_0020Paragraph__Char\">r<\/span><span class=\"List_0020Paragraph__Char\">\u00e9<\/span><span class=\"List_0020Paragraph__Char\">sek kimutat<\/span><span class=\"List_0020Paragraph__Char\">\u00e1<\/span><span class=\"List_0020Paragraph__Char\">sa.<\/span><\/li>\n<\/ul>\n<p class=\"Normal\"><span class=\"Normal__Char\">Klinik\u00e1nkon az ultrahang vizsg\u00e1latok nagy r\u00e9sz\u00e9t az onkol\u00f3giai betegek k\u00f6vet\u00e9se teszi ki.<\/span><\/p>\n<p><b>Ultrahang rendel\u0151: <\/b>II. emelet 201 ajt\u00f3. <b><\/b><\/p>\n<p>H-K-SZ : 9:00-13:00<\/p>\n<p>Beutal\u00f3, id\u0151pont egyeztet\u00e9s sz\u00fcks\u00e9ges. Betegeinket saj\u00e1t szakrendel\u00e9seinkr\u0151l ir\u00e1ny\u00edtjuk sz\u00fcks\u00e9g eset\u00e9n ultrahang vizsg\u00e1latra.<\/p>\n<p>Telefon: +36-1-459-1500\/55709<\/p>\n<p>Rendel\u0151 orvosok:<\/p>\n<ul>\n<li>Dr. Szalai Kl\u00e1ra klinikai f\u0151orvos, radiol\u00f3gus<\/li>\n<\/ul>\n<p>Tov\u00e1bbi munkat\u00e1rsak:\u00a0<\/p>\n<ul>\n<li>Matkovics Krisztina, RTG szakasszisztens<\/li>\n<\/ul>\n","protected":false},"excerpt":{"rendered":"<p>B\u0151rgy\u00f3gy\u00e1szati ultrahang diagnosztika Az ultrahang technikai \u00e9s elektronikus fejl\u0151d\u00e9se lehet\u0151v\u00e9 tette, hogy a b\u0151r r\u00e9tegeit, az ott l\u00e9v\u0151 folyamatok szerkezett\u00e9t ultrahanggal is vizsg\u00e1ljuk, \u00edgy a fel\u00fclet m\u00f6g\u00e9 tekintve k\u00f6zelebb jutunk a betegs\u00e9gek le\u00edr\u00e1s\u00e1hoz, azokat a kezel\u00e9s sor\u00e1n k\u00f6vetni tudjuk. A magas frekvenci\u00e1s vizsg\u00e1l\u00f3fejjel feleletet tudunk adni a k\u00f6vetkez\u0151kre: a b\u0151r j\u00f3 \u00e9s rosszindulat\u00fa elv\u00e1ltoz\u00e1sainak kiterjed\u00e9se &hellip;<\/p>\n","protected":false},"author":101242,"featured_media":0,"parent":217,"menu_order":19,"comment_status":"closed","ping_status":"closed","template":"","meta":{"_acf_changed":false,"footnotes":""},"categories":[],"tags":[],"class_list":["post-261","page","type-page","status-publish","hentry"],"acf":[],"_links":{"self":[{"href":"https:\/\/semmelweis.hu\/borklinika\/wp-json\/wp\/v2\/pages\/261","targetHints":{"allow":["GET"]}}],"collection":[{"href":"https:\/\/semmelweis.hu\/borklinika\/wp-json\/wp\/v2\/pages"}],"about":[{"href":"https:\/\/semmelweis.hu\/borklinika\/wp-json\/wp\/v2\/types\/page"}],"author":[{"embeddable":true,"href":"https:\/\/semmelweis.hu\/borklinika\/wp-json\/wp\/v2\/users\/101242"}],"replies":[{"embeddable":true,"href":"https:\/\/semmelweis.hu\/borklinika\/wp-json\/wp\/v2\/comments?post=261"}],"version-history":[{"count":9,"href":"https:\/\/semmelweis.hu\/borklinika\/wp-json\/wp\/v2\/pages\/261\/revisions"}],"predecessor-version":[{"id":13213,"href":"https:\/\/semmelweis.hu\/borklinika\/wp-json\/wp\/v2\/pages\/261\/revisions\/13213"}],"up":[{"embeddable":true,"href":"https:\/\/semmelweis.hu\/borklinika\/wp-json\/wp\/v2\/pages\/217"}],"wp:attachment":[{"href":"https:\/\/semmelweis.hu\/borklinika\/wp-json\/wp\/v2\/media?parent=261"}],"wp:term":[{"taxonomy":"category","embeddable":true,"href":"https:\/\/semmelweis.hu\/borklinika\/wp-json\/wp\/v2\/categories?post=261"},{"taxonomy":"post_tag","embeddable":true,"href":"https:\/\/semmelweis.hu\/borklinika\/wp-json\/wp\/v2\/tags?post=261"}],"curies":[{"name":"wp","href":"https:\/\/api.w.org\/{rel}","templated":true}]}}