{"id":255,"date":"2014-05-12T18:17:39","date_gmt":"2014-05-12T16:17:39","guid":{"rendered":"http:\/\/semmelweis.hu\/borklinika\/?page_id=255"},"modified":"2026-01-23T12:09:02","modified_gmt":"2026-01-23T11:09:02","slug":"psoriasis-biologiai-terapias-centrum","status":"publish","type":"page","link":"https:\/\/semmelweis.hu\/borklinika\/a-betegellatas-fo-profiljai\/jarobeteg-ellatas\/psoriasis-biologiai-terapias-centrum\/","title":{"rendered":"Psoriasis biol\u00f3giai ter\u00e1pi\u00e1s centrum"},"content":{"rendered":"<p><span style=\"font-size: 16pt\"><b>Psoriasis biol\u00f3giai ter\u00e1pi\u00e1s centrum:<\/b><\/span><\/p>\n<p style=\"text-align: justify\"><span style=\"color: #ff0000\">Szakorvosi beutal\u00f3val \u00e9s h\u00e1ziorvosi beutal\u00f3val els\u0151dlegesen az \u00e1ltal\u00e1nos ambulanci\u00e1ra kell id\u0151pontot k\u00e9rni.<\/span><\/p>\n<p style=\"text-align: justify\">Id\u0151pont egyeztet\u00e9s \u00e1ltal\u00e1nos ambulanci\u00e1ra: +36-1-235-2180 (munkanapokon 12-15 \u00f3ra k\u00f6z\u00f6tt).<\/p>\n<p><span style=\"font-size: 16pt\"><strong>Biol\u00f3giai ter\u00e1pi\u00e1s centrumba ir\u00e1ny\u00edt\u00e1s eset\u00e9n:<\/strong><\/span><\/p>\n<p>Rendel\u00e9s: Alagsor 8, 9 rendel\u0151, 4. emelet 404. rendel\u0151<br \/>\nInf\u00fazi\u00f3 bead\u00e1s: 4. emelet 404. rendel\u0151<\/p>\n<p><span style=\"font-size: 16pt\"><strong>Gondozott betegeink r\u00e9sz\u00e9re el\u0151jegyz\u00e9s:<\/strong><\/span><\/p>\n<ul>\n<li>Kov\u00e1cs Anik\u00f3: 0620-825-0553<br \/>\nh\u00e9tf\u0151, kedd, szerda, cs\u00fct\u00f6rt\u00f6k, p\u00e9ntek: 13:00-14:00<\/li>\n<li>Inf\u00fazi\u00f3s szoba: 0620-825-8872<br \/>\nmunkanapokon: 7.00-15.00<\/li>\n<\/ul>\n<p>Rendel\u00e9si id\u0151: h\u00e9tf\u0151t\u0151l p\u00e9ntekig, 8.00-12.00<\/p>\n<p>Rendel\u0151 orvosok:<\/p>\n<ul>\n<li>Prof. Holl\u00f3 P\u00e9ter egyetemi tan\u00e1r, klinika igazgat\u00f3<\/li>\n<li>Prof. Wikonk\u00e1l Norbert egyetemi\u00a0tan\u00e1r<\/li>\n<li>Dr. Medvecz M\u00e1rta egyetemi docens<\/li>\n<li>Dr. Hidv\u00e9gi Bernadett egyetemi docens<\/li>\n<li>Dr. Luk\u00e1cs Andrea egyetemi tan\u00e1rseg\u00e9d<\/li>\n<li>Dr. B\u00e1nv\u00f6lgyi Andr\u00e1s egyetemi docens<\/li>\n<li>Dr. L\u0151rincz Kende egyetemi adjunktus<\/li>\n<li>Dr. Kem\u00e9ny Lajos, tudom\u00e1nyos f\u0151munkat\u00e1rs<\/li>\n<li>Dr. Szakonyi J\u00f3zsef klinikai f\u0151orvos<\/li>\n<li>Dr. Bojtor Adrienn klinikai szakorvos<\/li>\n<li>Dr. Gergely L\u00e1szl\u00f3 Hunor klinikai szakorvos<\/li>\n<li>Dr. R\u00f3bert Lili klinikai szakorvos<\/li>\n<li>Dr. Czakir Ugur, klinikai szakorvos<\/li>\n<li>Dr. M\u00fcller Eszter, klinikai szakorvos\u00a0<\/li>\n<\/ul>\n<p><strong>Hasznos inform\u00e1ci\u00f3k:<\/strong><br \/>\n<a href=\"https:\/\/skindex.hu\/betegsegek\/pszoriazis\/\">https:\/\/skindex.hu\/betegsegek\/pszoriazis\/<\/a><\/p>\n","protected":false},"excerpt":{"rendered":"<p>Psoriasis biol\u00f3giai ter\u00e1pi\u00e1s centrum: Szakorvosi beutal\u00f3val \u00e9s h\u00e1ziorvosi beutal\u00f3val els\u0151dlegesen az \u00e1ltal\u00e1nos ambulanci\u00e1ra kell id\u0151pontot k\u00e9rni. Id\u0151pont egyeztet\u00e9s \u00e1ltal\u00e1nos ambulanci\u00e1ra: +36-1-235-2180 (munkanapokon 12-15 \u00f3ra k\u00f6z\u00f6tt). Biol\u00f3giai ter\u00e1pi\u00e1s centrumba ir\u00e1ny\u00edt\u00e1s eset\u00e9n: Rendel\u00e9s: Alagsor 8, 9 rendel\u0151, 4. emelet 404. rendel\u0151 Inf\u00fazi\u00f3 bead\u00e1s: 4. emelet 404. rendel\u0151 Gondozott betegeink r\u00e9sz\u00e9re el\u0151jegyz\u00e9s: Kov\u00e1cs Anik\u00f3: 0620-825-0553 h\u00e9tf\u0151, kedd, szerda, &hellip;<\/p>\n","protected":false},"author":101242,"featured_media":0,"parent":217,"menu_order":17,"comment_status":"closed","ping_status":"closed","template":"","meta":{"_acf_changed":false,"footnotes":""},"categories":[],"tags":[],"class_list":["post-255","page","type-page","status-publish","hentry"],"acf":[],"_links":{"self":[{"href":"https:\/\/semmelweis.hu\/borklinika\/wp-json\/wp\/v2\/pages\/255","targetHints":{"allow":["GET"]}}],"collection":[{"href":"https:\/\/semmelweis.hu\/borklinika\/wp-json\/wp\/v2\/pages"}],"about":[{"href":"https:\/\/semmelweis.hu\/borklinika\/wp-json\/wp\/v2\/types\/page"}],"author":[{"embeddable":true,"href":"https:\/\/semmelweis.hu\/borklinika\/wp-json\/wp\/v2\/users\/101242"}],"replies":[{"embeddable":true,"href":"https:\/\/semmelweis.hu\/borklinika\/wp-json\/wp\/v2\/comments?post=255"}],"version-history":[{"count":11,"href":"https:\/\/semmelweis.hu\/borklinika\/wp-json\/wp\/v2\/pages\/255\/revisions"}],"predecessor-version":[{"id":13379,"href":"https:\/\/semmelweis.hu\/borklinika\/wp-json\/wp\/v2\/pages\/255\/revisions\/13379"}],"up":[{"embeddable":true,"href":"https:\/\/semmelweis.hu\/borklinika\/wp-json\/wp\/v2\/pages\/217"}],"wp:attachment":[{"href":"https:\/\/semmelweis.hu\/borklinika\/wp-json\/wp\/v2\/media?parent=255"}],"wp:term":[{"taxonomy":"category","embeddable":true,"href":"https:\/\/semmelweis.hu\/borklinika\/wp-json\/wp\/v2\/categories?post=255"},{"taxonomy":"post_tag","embeddable":true,"href":"https:\/\/semmelweis.hu\/borklinika\/wp-json\/wp\/v2\/tags?post=255"}],"curies":[{"name":"wp","href":"https:\/\/api.w.org\/{rel}","templated":true}]}}