{"id":249,"date":"2014-05-12T18:15:59","date_gmt":"2014-05-12T16:15:59","guid":{"rendered":"http:\/\/semmelweis.hu\/borklinika\/?page_id=249"},"modified":"2025-05-13T13:02:39","modified_gmt":"2025-05-13T11:02:39","slug":"kozmetologia-szakrendeles","status":"publish","type":"page","link":"https:\/\/semmelweis.hu\/borklinika\/a-betegellatas-fo-profiljai\/jarobeteg-ellatas\/kozmetologia-szakrendeles\/","title":{"rendered":"Kozmetol\u00f3gia szakrendel\u00e9s"},"content":{"rendered":"<p style=\"text-align: justify\">A kozmetol\u00f3giai kezel\u00e9seket a biztos\u00edt\u00f3 (NEAK) nem finansz\u00edrozza, az ell\u00e1t\u00e1s t\u00e9r\u00edt\u00e9sk\u00f6teles, melyet a Semmelweis Eg\u00e9szs\u00e9g\u00fcgyi Kft. ny\u00fajt, elv\u00e1laszva az \u00e1llamilag finansz\u00edrozott ell\u00e1t\u00e1st\u00f3l.<\/p>\n<p>Tov\u00e1bbi inform\u00e1ci\u00f3\u00e9rt kattintson <a href=\"https:\/\/semmelweispremium.hu\/szakteruleteink\/borgyogyaszat-kozmetologia\" target=\"_blank\" rel=\"noopener\"><strong>ide.<\/strong><\/a><\/p>\n<p><a href=\"https:\/\/semmelweiskft.hu\/szolgaltatasaink\/borgyogyaszat-kozmetologia\" target=\"_blank\" rel=\"noopener noreferrer\"><img loading=\"lazy\" decoding=\"async\" class=\"wp-image-630 size-full aligncenter\" src=\"https:\/\/semmelweis.hu\/borklinika\/files\/2014\/11\/semmelweis_banner_300x150.gif\" alt=\"\" width=\"300\" height=\"150\" \/><\/a><\/p>\n<p><strong>A vizsg\u00e1lat illetve beavatkoz\u00e1s el\u0151tt id\u0151pont egyeztet\u00e9s sz\u00fcks\u00e9ges az al\u00e1bbi telefonsz\u00e1mon:\u00a0 + 36-1-550-7007<\/strong><\/p>\n<p>I. emelet 109. rendel\u0151.<\/p>\n<p><strong><img loading=\"lazy\" decoding=\"async\" class=\"details-image alignright\" src=\"https:\/\/semmelweis.hu\/borklinika\/files\/2017\/10\/IMG_2029-683x1024.jpg\" alt=\"\" width=\"183\" height=\"274\" \/><\/strong><\/p>\n<p style=\"text-align: justify\">Klinik\u00e1nk kozmetol\u00f3giai ambulanci\u00e1ja 2006-ban, 19 \u00e9ve nyitotta meg kapuit. Kezdetben anyajegyek, illetve k\u00fcl\u00f6nb\u00f6z\u0151 b\u0151rn\u00f6ved\u00e9kek eszt\u00e9tikai m\u0171t\u00e9ti elt\u00e1vol\u00edt\u00e1s\u00e1val foglalkoztunk, majd a kozmetol\u00f3gia t\u00e1rh\u00e1z\u00e1nak b\u0151v\u00fcl\u00e9s\u00e9vel p\u00e1rhuzamosan kozmetol\u00f3giai ambulanci\u00e1nk is folyamatosan fejl\u0151d\u00f6tt, egyre t\u00f6bb eszk\u00f6zzel tudunk magas sz\u00ednvonal\u00fa ell\u00e1t\u00e1st ny\u00fajtani p\u00e1cienseink sz\u00e1m\u00e1ra. Jelenleg k\u00fcl\u00f6nb\u00f6z\u0151 l\u00e9zeres, illetve arcfiatal\u00edt\u00f3 elj\u00e1r\u00e1sokat (botox, hialuronsav felt\u00f6lt\u00e9s, profhilo kezel\u00e9s) v\u00e9gz\u00fcnk a klasszikus b\u0151rgy\u00f3gy\u00e1szati kozmetol\u00f3gia mellett (anyajegyek m\u0171t\u00e9ti elt\u00e1vol\u00edt\u00e1sa, id\u0151skori szem\u00f6lcs\u00f6k, m\u00e1jfoltok, n\u00f6ved\u00e9kek kezel\u00e9se).<br \/>\nA teljess\u00e9g ig\u00e9nye n\u00e9lk\u00fcl az al\u00e1bbi b\u0151rprobl\u00e9m\u00e1k, illetve -k\u00e9pletek eszt\u00e9tikai ell\u00e1t\u00e1s\u00e1val foglalkozunk:<\/p>\n<ul>\n<li style=\"text-align: justify\"><strong>\u00d6regs\u00e9gi szem\u00f6lcs &#8211; seborrhoeas keratosis<br \/>\n<\/strong>Az \u00fan. seborrhoe\u00e1s keratosisok, m\u00e1s n\u00e9ven \u00f6regs\u00e9gi szem\u00f6lcs\u00f6k a b\u0151r szintj\u00e9b\u0151l kiemelked\u0151, \u00e1ltal\u00e1ban barn\u00e1s sz\u00edn\u0171, kiss\u00e9 \u00e9rdes felsz\u00edn\u0171 n\u00f6ved\u00e9kek. Az \u00e9let el\u0151rehaladt\u00e1val m\u00e9retben \u00e9s sz\u00e1mban n\u0151nek. Eszt\u00e9tikailag zavar\u00f3ak lehetnek, irrit\u00e1l\u00f3dhatnak, viszket\u00e9st, f\u00e1jdalmat, ak\u00e1r gyullad\u00e1sos reakci\u00f3t okozva. <img loading=\"lazy\" decoding=\"async\" class=\" wp-image-12941 alignleft\" src=\"https:\/\/semmelweis.hu\/borklinika\/files\/2025\/05\/seborr.jpg\" alt=\"\" width=\"224\" height=\"149\" srcset=\"https:\/\/semmelweis.hu\/borklinika\/files\/2025\/05\/seborr.jpg 1024w, https:\/\/semmelweis.hu\/borklinika\/files\/2025\/05\/seborr-400x267.jpg 400w, https:\/\/semmelweis.hu\/borklinika\/files\/2025\/05\/seborr-768x512.jpg 768w, https:\/\/semmelweis.hu\/borklinika\/files\/2025\/05\/seborr-753x502.jpg 753w, https:\/\/semmelweis.hu\/borklinika\/files\/2025\/05\/seborr-203x135.jpg 203w\" sizes=\"auto, (max-width: 224px) 100vw, 224px\" \/>Esetenk\u00e9nt anyajegyekkel keverhet\u0151k \u00f6ssze. Klinik\u00e1nkon a seorrhe\u00e1s keratosisok j\u00f3 eszt\u00e9tikai eredm\u00e9nnyel kezelhet\u0151k. K\u00e9pzett szakorvosaink el\u0151zetes konzult\u00e1ci\u00f3 sor\u00e1n az egy\u00e9ni adotts\u00e1gokat, illetve az elt\u00e1vol\u00edtand\u00f3 k\u00e9plet tulajdons\u00e1gait figyelembe v\u00e9ve v\u00e1lasztj\u00e1k ki az elt\u00e1vol\u00edt\u00e1s m\u00f3dj\u00e1t. A k\u00e9pletek elt\u00e1vol\u00edt\u00e1sa el\u0151kezel\u00e9st nem ig\u00e9nyel, \u00e1ltal\u00e1ban a konzult\u00e1ci\u00f3 napj\u00e1n el tudjuk v\u00e9gezni a beavatkoz\u00e1st.\u00a0 A kezel\u00e9st k\u00f6vet\u0151en a beteg azonnal munkak\u00e9pes, de a kisebb-nagyobb fel\u00fcletes sebek n\u00e9h\u00e1ny nap \u2013 egy-k\u00e9t h\u00e9t alatt gy\u00f3gyulnak meg teljesen. <br \/>\nA kezelt ter\u00fclet f\u00e9nyv\u00e9delme a kezel\u00e9st k\u00f6vet\u0151en 2 h\u00f3napig sz\u00fcks\u00e9ges, k\u00fcl\u00f6n\u00f6sen barnul\u00e1sra hajlamos b\u0151r\u0171ek eset\u00e9ben.\u00a0<\/li>\n<\/ul>\n<ul>\n<li style=\"text-align: justify\"><strong>Fibroma<br \/>\n<\/strong><img loading=\"lazy\" decoding=\"async\" class=\" wp-image-12942 alignright\" src=\"https:\/\/semmelweis.hu\/borklinika\/files\/2025\/05\/fibr.jpg\" alt=\"\" width=\"242\" height=\"161\" srcset=\"https:\/\/semmelweis.hu\/borklinika\/files\/2025\/05\/fibr.jpg 1024w, https:\/\/semmelweis.hu\/borklinika\/files\/2025\/05\/fibr-400x267.jpg 400w, https:\/\/semmelweis.hu\/borklinika\/files\/2025\/05\/fibr-768x512.jpg 768w, https:\/\/semmelweis.hu\/borklinika\/files\/2025\/05\/fibr-753x502.jpg 753w, https:\/\/semmelweis.hu\/borklinika\/files\/2025\/05\/fibr-203x135.jpg 203w\" sizes=\"auto, (max-width: 242px) 100vw, 242px\" \/>A nyakon, hajlatokban (pl. h\u00f3naljban, eml\u0151k alatt) \u00e9szlelt, \u00e1ltal\u00e1ban csoportosan jelentkez\u0151 fibrom\u00e1k b\u0151rsz\u00edn\u0171, vagy barna, nyeles, l\u00f3g\u00f3 n\u00f6ved\u00e9kek, melyek sz\u00e1ma az \u00e9letkor el\u0151rehaladt\u00e1val folyamatosan n\u0151 erre hajlamos szem\u00e9lyekn\u00e9l. Az eszt\u00e9tikailag zavar\u00f3 k\u00e9pletek elt\u00e1vol\u00edt\u00e1sa t\u00f6rt\u00e9nhet l\u00e9zerrel, elektrokauterrel. A kezel\u00e9s el\u0151k\u00e9sz\u00edt\u00e9st nem ig\u00e9nyel, a beavatkoz\u00e1st \u00e1ltal\u00e1ban a konzult\u00e1ci\u00f3 napj\u00e1n el tudjuk v\u00e9gezni. A keletkezett felsz\u00ednes h\u00e1mhi\u00e1ny \u00e1ltal\u00e1ban 7-14 nap alatt begy\u00f3gyul. A kezel\u00e9st k\u00f6vet\u0151en h\u00e1mos\u00edt\u00f3 kezel\u00e9sre \u00e9s f\u00e9nyv\u00e9delemre sz\u00fcks\u00e9g lehet, melyr\u0151l szakorvosaink r\u00e9szletes felvil\u00e1gos\u00edt\u00e1st ny\u00fajtanak.<\/li>\n<\/ul>\n<ul>\n<li style=\"text-align: justify\"><strong>Pigment\u00e1lt anyajegy \u2013 Naevus pigmentosus<br \/>\n<\/strong>Az \u00d6nt eszt\u00e9tikailag zavar\u00f3, de j\u00f3indulat\u00fa anyajegyek elt\u00e1vol\u00edt\u00e1s\u00e1t Klinik\u00e1nk Kozmetol\u00f3giai R\u00e9szleg\u00e9n v\u00e9gezz\u00fck. \u00a0<br \/>\nAz anyajegyek elt\u00e1vol\u00edt\u00e1sa el\u0151zetes szakorvosi konzult\u00e1ci\u00f3t k\u00f6vet\u0151en, el\u0151re egyeztetett m\u0171t\u00e9ti id\u0151pontban t\u00f6rt\u00e9nik, miut\u00e1n a kezel\u00e9si m\u00f3dszerben meg\u00e1llapodtunk (pl. \u201eshave\u201d technik\u00e1val m\u0171t\u00e9t n\u00e9lk\u00fcl, seb\u00e9szi kimetsz\u00e9s, r\u00e9szleges elt\u00e1vol\u00edt\u00e1s). A m\u0171t\u00e9t steril k\u00f6r\u00fclm\u00e9nyek k\u00f6z\u00f6tt zajlik, b\u0151rseb\u00e9szetben j\u00e1rtas b\u0151rgy\u00f3gy\u00e1sz koll\u00e9g\u00e1ink k\u00f6zrem\u0171k\u00f6d\u00e9s\u00e9vel. A m\u0171t\u00e9t helyi \u00e9rz\u00e9stelen\u00edt\u00e9sben t\u00f6rt\u00e9nik, \u00edgy az \u00e9rz\u00e9stelen\u00edt\u00e9st k\u00f6vet\u0151en a beavatkoz\u00e1s f\u00e1jdalommentes. <img loading=\"lazy\" decoding=\"async\" class=\"size-full wp-image-12943 alignright\" src=\"https:\/\/semmelweis.hu\/borklinika\/files\/2025\/05\/PA.jpg\" alt=\"\" width=\"300\" height=\"200\" srcset=\"https:\/\/semmelweis.hu\/borklinika\/files\/2025\/05\/PA.jpg 300w, https:\/\/semmelweis.hu\/borklinika\/files\/2025\/05\/PA-203x135.jpg 203w\" sizes=\"auto, (max-width: 300px) 100vw, 300px\" \/>A k\u00e9pletek elt\u00e1vol\u00edt\u00e1s\u00e1t minden esetben az anyajegyek sz\u00f6vettani feldolgoz\u00e1sa k\u00f6veti (a sz\u00f6vettani eredm\u00e9nyt \u00e1ltal\u00e1ban a beavatkoz\u00e1st k\u00f6vet\u0151en 2-3 h\u00e9ttel tudjuk \u00e1tadni). Tekintettel arra, hogy minden anyajegy eset\u00e9ben k\u00f6telez\u0151 a sz\u00f6vettani vizsg\u00e1lat, s erre l\u00e9zeres elt\u00e1vol\u00edt\u00e1s eset\u00e9n nincs m\u00f3d (hiszen a sz\u00f6vetet a l\u00e9zer elszenes\u00edti), a szakma szab\u00e1lyait betartva pigment\u00e1lt anyajegyet l\u00e9zeres \u00faton m\u00e9g a beteg kifejezett k\u00e9r\u00e9s\u00e9re sem t\u00e1vol\u00edtunk el. Seb\u00e9szi kimetsz\u00e9st k\u00f6vet\u0151en a sebsz\u00e9leket \u2013 amennyiben sz\u00fcks\u00e9ges, ill. lehets\u00e9ges \u2013 varratokkal egyes\u00edtj\u00fck, eszt\u00e9tikai szempontb\u00f3l a lehet\u0151 legt\u00f6k\u00e9letesebb eredm\u00e9nyre t\u00f6rekedve. A m\u0171t\u00e9tet k\u00f6vet\u0151en vonalszer\u0171 (nagy fesz\u00fcl\u00e9s eset\u00e9n ors\u00f3 alak\u00fa) heg v\u00e1rhat\u00f3. A beavatkoz\u00e1st k\u00f6vet\u0151en az oper\u00e1lt ter\u00fclet k\u00edm\u00e9l\u00e9se sz\u00fcks\u00e9ges.\u00a0 A m\u0171t\u00f6tt ter\u00fcletet a beavatkoz\u00e1st k\u00f6vet\u0151en esetenk\u00e9nt nem \u00e9rheti v\u00edz (a beavatkoz\u00e1s \u00e9s az alkalmazott k\u00f6tszer f\u00fcggv\u00e9ny\u00e9ben), err\u0151l orvosa r\u00e9szletesen t\u00e1j\u00e9koztatni fogja.<\/li>\n<\/ul>\n<ul>\n<li><strong>Haemangiom\u00e1k<br \/>\n<\/strong><\/p>\n<p style=\"text-align: justify\">Klinik\u00e1nkon ezen \u00e9rk\u00e9pletek kezel\u00e9s\u00e9re egy di\u00f3da l\u00e9zer \u00e1ll rendelkez\u00e9sre. A kis kiterjed\u00e9s\u0171 \u00e9rk\u00e9pletek eset\u00e9n a beavatkoz\u00e1st \u00e1ltal\u00e1ban a konzult\u00e1ci\u00f3 napj\u00e1n el tudjuk v\u00e9gezni. A kezel\u00e9s enyhe f\u00e1jdalom\u00e9rz\u00e9ssel j\u00e1rhat.\u00a0 A p\u00e1ciens a beavatkoz\u00e1st k\u00f6vet\u0151en azonnal munkak\u00e9pes. A kezelt ter\u00fcleten p\u00f6rk\u00f6k k\u00e9pz\u0151dhetnek, melyek \u00e1ltal\u00e1ban 1-2 h\u00e9ten bel\u00fcl gy\u00f3gyulnak.\u00a0Kozmetol\u00f3giai Ambulanci\u00e1nkon dolgoz\u00f3 koll\u00e9g\u00e1ink j\u00f3l k\u00e9pzett, sz\u00e9les l\u00e1t\u00f3k\u00f6r\u0171 szakemberek, akik folyamatosan k\u00e9pzik magukat, hogy p\u00e1cienseink sz\u00e1m\u00e1ra a legmagasabb szint\u0171 ell\u00e1t\u00e1st tudj\u00e1k biztos\u00edtani. <span style=\"font-size: 1rem\">A haemangiom\u00e1k (\u00e9r eredet\u0171 anyajegyek) \u00e9r eredet\u0171 k\u00e9pletek, melyek jelen lehetnek a p\u00e1ciensek b\u0151r\u00e9n m\u00e1r sz\u00fclet\u00e9skor, vagy k\u00e9s\u0151bbi \u00e9letkorban keletkeznek. Az elhelyezked\u00e9s\u00fckt\u0151l f\u00fcgg\u0151en zavar\u00f3ak lehetnek.<\/span><\/p>\n<\/li>\n<\/ul>\n<p style=\"text-align: justify\"><img loading=\"lazy\" decoding=\"async\" class=\"details-image alignright\" src=\"https:\/\/semmelweis.hu\/borklinika\/files\/2017\/10\/IMG_2036-1024x683.jpg\" alt=\"\" width=\"262\" height=\"175\" \/>A Kozmetol\u00f3giai Ambulanci\u00e1nkon dolgoz\u00f3 koll\u00e9g\u00e1ink rendk\u00edv\u00fcl j\u00f3l k\u00e9pzett, sz\u00e9les l\u00e1t\u00f3k\u00f6r\u0171 szakemberek, akik folyamatosan k\u00e9pzik magukat k\u00fcl\u00f6nb\u00f6z\u0151 tanfolyamokon, tov\u00e1bbk\u00e9pz\u00e9seken, hogy p\u00e1cienseink sz\u00e1m\u00e1ra a legmagasabb szint\u0171 ell\u00e1t\u00e1st tudj\u00e1k biztos\u00edtani.<\/p>\n<p style=\"text-align: justify\"><strong>Dr. Preisz Klaudia PhD. egyetemi adjunktus<\/strong><br \/>\nDr. Preisz Klaudia, Kozmetol\u00f3giai Ambulanci\u00e1nk vezet\u0151je, 1992-ben szerezte meg orvosi diplom\u00e1j\u00e1t a Semmelweis Egyetem \u00c1ltal\u00e1nos Orvostudom\u00e1nyi Kar\u00e1n, summa cum laude min\u0151s\u00edt\u00e9ssel. Ezt k\u00f6vet\u0151en a Semmelweis Egyetem B\u0151r-, Nemik\u00f3rtani \u00e9s B\u0151ronkol\u00f3giai Klinik\u00e1j\u00e1n helyezkedett el, ahol napjainkig dolgozik. Szakvizsg\u00e1j\u00e1t b\u0151r-, nemigy\u00f3gy\u00e1szat \u00e9s kozmetol\u00f3gi\u00e1b\u00f3l 1998-ban tette le kiv\u00e1l\u00f3 eredm\u00e9nnyel, majd 2011-ben klinikai pharmakol\u00f3gi\u00e1b\u00f3l szakvizsg\u00e1zott.<br \/>\nPreisz doktorn\u0151 kiv\u00e1l\u00f3an besz\u00e9l angolul, \u00edgy a magyar mellett az angol nyelven tanul\u00f3 orvostanhallgat\u00f3k k\u00e9pz\u00e9s\u00e9ben is r\u00e9szt v\u00e1llal.<br \/>\nA tudom\u00e1ny ir\u00e1nti elk\u00f6telez\u0151d\u00e9s\u00e9t a 2006-ban \u201e\u00daj megfigyel\u00e9sek autoimmun h\u00f3lyagos b\u0151rbetegs\u00e9gekben\u201d- c\u00edmmel megv\u00e9dett PhD fokozata bizony\u00edtja.<br \/>\nA doktorn\u0151 \u00e9rdekl\u0151d\u00e9s\u00e9nek k\u00f6z\u00e9ppontj\u00e1ba a kozmetol\u00f3giai beavatkoz\u00e1sok ker\u00fcltek. Imm\u00e1r 11 \u00e9ve vezeti Klinik\u00e1nk Kozmetol\u00f3giai Ambulanci\u00e1j\u00e1t. Munk\u00e1ja sor\u00e1n id\u0151skori szem\u00f6lcs\u00f6ket, m\u00e1jfoltokat, fibrom\u00e1kat, v\u00edrusos szem\u00f6lcs\u00f6ket, \u00e9rt\u00e1gulatokat, anyajegyeket kezelt kimagasl\u00f3 eszt\u00e9tikai eredm\u00e9nnyel.<\/p>\n<p style=\"text-align: justify\"><strong>Prof. Dr. Holl\u00f3 P\u00e9ter, PhD, egyetemi tan\u00e1r<br \/>\n<\/strong>Dr. Holl\u00f3 P\u00e9ter, Klinik\u00e1nk igazgat\u00f3ja, 1993-ban v\u00e9gzett a Semmelweis Egyetem \u00c1ltal\u00e1nos Orvostudom\u00e1nyi kar\u00e1n, majd a Semmelweis Egyetem B\u0151r-, Nemik\u00f3rtani \u00e9s B\u0151ronkol\u00f3giai Klinik\u00e1n helyezkedett el, ahol napjainkig dolgozik. 1998-ban kiv\u00e1l\u00f3 eredm\u00e9nnyel szakvizsg\u00e1zott b\u0151r-, nemigy\u00f3gy\u00e1szat \u00e9s kozmetol\u00f3gi\u00e1b\u00f3l, majd 2003-ban klinikai onkol\u00f3gi\u00e1b\u00f3l.<br \/>\nHoll\u00f3 professzor \u00far \u00e9rdekl\u0151d\u00e9se rendk\u00edv\u00fcl sz\u00e9les k\u00f6r\u0171: jelenleg a B\u0151rgy\u00f3gy\u00e1szati Immunol\u00f3giai Fekv\u0151oszt\u00e1ly vezet\u0151je, a Psoriasis Centrum vezet\u0151je, a B\u0151rklinik\u00e1n m\u0171k\u00f6d\u0151 B\u0151rgy\u00f3gy\u00e1szati Onco-Team vezet\u0151je.<br \/>\nKiv\u00e1l\u00f3an besz\u00e9l angolul \u00e9s n\u00e9met\u00fcl, \u00edgy az Egyetemen foly\u00f3 orvostanhallgat\u00f3 k\u00e9pz\u00e9sben mindh\u00e1rom nyelven tart el\u0151ad\u00e1sokat, gyakorlatokat.<br \/>\nTudom\u00e1nyos \u00e9rdekl\u0151d\u00e9se szint\u00e9n sokr\u00e9t\u0171, rendszeres el\u0151ad\u00f3ja a hazai-, illetve a nemzetk\u00f6zi b\u0151rgy\u00f3gy\u00e1szati konferenci\u00e1knak, sz\u00e1mos szakmai publik\u00e1ci\u00f3-, tank\u00f6nyv fejezet szerz\u0151je. Habilit\u00e1ci\u00f3j\u00e1t 2015-ben v\u00e9dte meg.<br \/>\nAz \u00e9vek sor\u00e1n nagy gyakorlatra tett szert k\u00fcl\u00f6nb\u00f6z\u0151 kozmetol\u00f3giai beavatkoz\u00e1sok v\u00e9gz\u00e9s\u00e9ben: szem\u00f6lcs\u00f6k \u00e9s anyajegyek m\u0171t\u00e9ti elt\u00e1vol\u00edt\u00e1s\u00e1ban, sepr\u0171v\u00e9n\u00e1k szklerotiz\u00e1ci\u00f3val val\u00f3 kezel\u00e9s\u00e9ben, k\u00fcl\u00f6nb\u00f6z\u0151 arcfiatal\u00edt\u00f3 elj\u00e1r\u00e1sok (botox-, hialuronsav) alkalmaz\u00e1s\u00e1ban, illetve l\u00e9zeres kezel\u00e9sekben.<\/p>\n<p style=\"text-align: justify\">\u00a0<\/p>\n<p>&nbsp;<\/p>\n","protected":false},"excerpt":{"rendered":"<p>A kozmetol\u00f3giai kezel\u00e9seket a biztos\u00edt\u00f3 (NEAK) nem finansz\u00edrozza, az ell\u00e1t\u00e1s t\u00e9r\u00edt\u00e9sk\u00f6teles, melyet a Semmelweis Eg\u00e9szs\u00e9g\u00fcgyi Kft. ny\u00fajt, elv\u00e1laszva az \u00e1llamilag finansz\u00edrozott ell\u00e1t\u00e1st\u00f3l. Tov\u00e1bbi inform\u00e1ci\u00f3\u00e9rt kattintson <a href=\"https:\/\/semmelweispremium.hu\/szakteruleteink\/borgyogyaszat-kozmetologia\" target=\"_blank\" rel=\"noopener\">ide.<\/a> <a href=\"https:\/\/semmelweiskft.hu\/szolgaltatasaink\/borgyogyaszat-kozmetologia\" target=\"_blank\" rel=\"noopener noreferrer\"><\/a> A vizsg\u00e1lat illetve beavatkoz\u00e1s el\u0151tt id\u0151pont egyeztet\u00e9s sz\u00fcks\u00e9ges az al\u00e1bbi telefonsz\u00e1mon:\u00a0 + 36-1-550-7007 I. emelet 109. rendel\u0151. Klinik\u00e1nk kozmetol\u00f3giai ambulanci\u00e1ja 2006-ban, 19 \u00e9ve nyitotta meg kapuit. Kezdetben anyajegyek, illetve k\u00fcl\u00f6nb\u00f6z\u0151 &hellip;<\/p>\n","protected":false},"author":101242,"featured_media":0,"parent":217,"menu_order":12,"comment_status":"closed","ping_status":"closed","template":"","meta":{"_acf_changed":false,"footnotes":""},"categories":[],"tags":[],"class_list":["post-249","page","type-page","status-publish","hentry"],"acf":[],"_links":{"self":[{"href":"https:\/\/semmelweis.hu\/borklinika\/wp-json\/wp\/v2\/pages\/249","targetHints":{"allow":["GET"]}}],"collection":[{"href":"https:\/\/semmelweis.hu\/borklinika\/wp-json\/wp\/v2\/pages"}],"about":[{"href":"https:\/\/semmelweis.hu\/borklinika\/wp-json\/wp\/v2\/types\/page"}],"author":[{"embeddable":true,"href":"https:\/\/semmelweis.hu\/borklinika\/wp-json\/wp\/v2\/users\/101242"}],"replies":[{"embeddable":true,"href":"https:\/\/semmelweis.hu\/borklinika\/wp-json\/wp\/v2\/comments?post=249"}],"version-history":[{"count":11,"href":"https:\/\/semmelweis.hu\/borklinika\/wp-json\/wp\/v2\/pages\/249\/revisions"}],"predecessor-version":[{"id":12954,"href":"https:\/\/semmelweis.hu\/borklinika\/wp-json\/wp\/v2\/pages\/249\/revisions\/12954"}],"up":[{"embeddable":true,"href":"https:\/\/semmelweis.hu\/borklinika\/wp-json\/wp\/v2\/pages\/217"}],"wp:attachment":[{"href":"https:\/\/semmelweis.hu\/borklinika\/wp-json\/wp\/v2\/media?parent=249"}],"wp:term":[{"taxonomy":"category","embeddable":true,"href":"https:\/\/semmelweis.hu\/borklinika\/wp-json\/wp\/v2\/categories?post=249"},{"taxonomy":"post_tag","embeddable":true,"href":"https:\/\/semmelweis.hu\/borklinika\/wp-json\/wp\/v2\/tags?post=249"}],"curies":[{"name":"wp","href":"https:\/\/api.w.org\/{rel}","templated":true}]}}