{"id":243,"date":"2014-05-12T17:49:01","date_gmt":"2014-05-12T15:49:01","guid":{"rendered":"http:\/\/semmelweis.hu\/borklinika\/?page_id=243"},"modified":"2026-02-24T14:32:34","modified_gmt":"2026-02-24T13:32:34","slug":"gomba-vizsgalat-mintavetel","status":"publish","type":"page","link":"https:\/\/semmelweis.hu\/borklinika\/a-betegellatas-fo-profiljai\/jarobeteg-ellatas\/gomba-vizsgalat-mintavetel\/","title":{"rendered":"Gomba vizsg\u00e1lat (mintav\u00e9tel)"},"content":{"rendered":"<p><strong><span style=\"color: #ff0000\">Tisztelt P\u00e1cienseink!<\/span><\/strong><\/p>\n<p><strong><span style=\"color: #ff0000\">T\u00e1j\u00e9koztatjuk \u00d6n\u00f6ket, hogy m\u00e1rcius 16-20. k\u00f6z\u00f6tt a gombalaborban a rendel\u00e9s sz\u00fcnetel.<br \/>\n<\/span><\/strong><br \/>\n<strong><span style=\"color: #ff0000\">Meg\u00e9rt\u00e9s\u00fcket k\u00f6sz\u00f6nj\u00fck!<\/span><\/strong><\/p>\n<hr \/>\n<div dir=\"ltr\">\n<p class=\"elementToProof\"><strong style=\"font-size: 1rem\">Rendel\u00e9si napok: h\u00e9tf\u0151, szerda \u00e9s p\u00e9ntek &#8211; <span style=\"color: #ff0000\">csak el\u0151jegyz\u00e9s alapj\u00e1n!<br \/>\n<\/span><\/strong><\/p>\n<\/div>\n<p><strong><span style=\"color: #ff0000\"><span style=\"color: #000000;font-size: 14pt\">El\u0151jegyz\u00e9si telefonsz\u00e1m: 06-1-235-2180 (munkaid\u0151ben 12:00-15:00 \u00f3r\u00e1ig)<\/span><\/span><\/strong><\/p>\n<p><strong>A gombavizsg\u00e1lathoz beutal\u00f3 sz\u00fcks\u00e9ges.<\/strong><\/p>\n<p><strong>Rendel\u00e9si id\u0151:<br \/>\n<\/strong><span style=\"font-size: 1rem\">H\u00e9tf\u0151 \u00e9s szerda: 09:00-12:00<br \/>\n<\/span>P\u00e9ntek: 09:00-12:00<\/p>\n<p><b>Gombavizsg\u00e1lat (mintav\u00e9tel): <\/b>alagsor 12. rendel\u0151.<\/p>\n<p>Hasznos inform\u00e1ci\u00f3k:<\/p>\n<p>Az al\u00e1bbi esetekben a mintav\u00e9telez\u00e9s nem v\u00e9gezhet\u0151 el:<\/p>\n<ul>\n<li style=\"text-align: justify\">Ha a k\u00fcls\u0151s int\u00e9zm\u00e9nyi beutal\u00f3n az orvos nem jelzi egy\u00e9rtelm\u0171en, hogy gombateny\u00e9szt\u00e9st k\u00e9r.<\/li>\n<li style=\"text-align: justify\">Ha a k\u00f6r\u00f6m t\u00fals\u00e1gosan r\u00f6vidre van v\u00e1gva<\/li>\n<li style=\"text-align: justify\">Ha gombaellenes kezel\u00e9s alatt \u00e1ll (gombaellenes tabletta, lakk vagy egy\u00e9b \u00e1ltal\u00e1nos fert\u0151tlen\u00edt\u0151 szerek).<br \/>\nMintav\u00e9telez\u00e9s el\u0151tt ezeket a kezel\u00e9seket legal\u00e1bb 3 h\u00e9tre fel kell f\u00fcggeszteni!<\/li>\n<li style=\"text-align: justify\">Friss manik\u0171r\/pedik\u0171r ut\u00e1n<\/li>\n<\/ul>\n<p>Rendel\u00e9st v\u00e9gzi: Horv\u00e1th Imre<\/p>\n<p>&nbsp;<\/p>\n","protected":false},"excerpt":{"rendered":"<p>Tisztelt P\u00e1cienseink! T\u00e1j\u00e9koztatjuk \u00d6n\u00f6ket, hogy m\u00e1rcius 16-20. k\u00f6z\u00f6tt a gombalaborban a rendel\u00e9s sz\u00fcnetel. Meg\u00e9rt\u00e9s\u00fcket k\u00f6sz\u00f6nj\u00fck! Rendel\u00e9si napok: h\u00e9tf\u0151, szerda \u00e9s p\u00e9ntek &#8211; csak el\u0151jegyz\u00e9s alapj\u00e1n! El\u0151jegyz\u00e9si telefonsz\u00e1m: 06-1-235-2180 (munkaid\u0151ben 12:00-15:00 \u00f3r\u00e1ig) A gombavizsg\u00e1lathoz beutal\u00f3 sz\u00fcks\u00e9ges. Rendel\u00e9si id\u0151: H\u00e9tf\u0151 \u00e9s szerda: 09:00-12:00 P\u00e9ntek: 09:00-12:00 Gombavizsg\u00e1lat (mintav\u00e9tel): alagsor 12. rendel\u0151. Hasznos inform\u00e1ci\u00f3k: Az al\u00e1bbi esetekben a mintav\u00e9telez\u00e9s &hellip;<\/p>\n","protected":false},"author":101242,"featured_media":0,"parent":217,"menu_order":9,"comment_status":"closed","ping_status":"closed","template":"","meta":{"_acf_changed":false,"footnotes":""},"categories":[],"tags":[],"class_list":["post-243","page","type-page","status-publish","hentry"],"acf":[],"_links":{"self":[{"href":"https:\/\/semmelweis.hu\/borklinika\/wp-json\/wp\/v2\/pages\/243","targetHints":{"allow":["GET"]}}],"collection":[{"href":"https:\/\/semmelweis.hu\/borklinika\/wp-json\/wp\/v2\/pages"}],"about":[{"href":"https:\/\/semmelweis.hu\/borklinika\/wp-json\/wp\/v2\/types\/page"}],"author":[{"embeddable":true,"href":"https:\/\/semmelweis.hu\/borklinika\/wp-json\/wp\/v2\/users\/101242"}],"replies":[{"embeddable":true,"href":"https:\/\/semmelweis.hu\/borklinika\/wp-json\/wp\/v2\/comments?post=243"}],"version-history":[{"count":12,"href":"https:\/\/semmelweis.hu\/borklinika\/wp-json\/wp\/v2\/pages\/243\/revisions"}],"predecessor-version":[{"id":13431,"href":"https:\/\/semmelweis.hu\/borklinika\/wp-json\/wp\/v2\/pages\/243\/revisions\/13431"}],"up":[{"embeddable":true,"href":"https:\/\/semmelweis.hu\/borklinika\/wp-json\/wp\/v2\/pages\/217"}],"wp:attachment":[{"href":"https:\/\/semmelweis.hu\/borklinika\/wp-json\/wp\/v2\/media?parent=243"}],"wp:term":[{"taxonomy":"category","embeddable":true,"href":"https:\/\/semmelweis.hu\/borklinika\/wp-json\/wp\/v2\/categories?post=243"},{"taxonomy":"post_tag","embeddable":true,"href":"https:\/\/semmelweis.hu\/borklinika\/wp-json\/wp\/v2\/tags?post=243"}],"curies":[{"name":"wp","href":"https:\/\/api.w.org\/{rel}","templated":true}]}}