{"id":233,"date":"2014-05-12T17:45:35","date_gmt":"2014-05-12T17:45:35","guid":{"rendered":"http:\/\/semmelweis.hu\/borklinika\/?page_id=233"},"modified":"2025-04-25T09:27:40","modified_gmt":"2025-04-25T07:27:40","slug":"gyermekborgyogyaszat-szakrendeles","status":"publish","type":"page","link":"https:\/\/semmelweis.hu\/borklinika\/a-betegellatas-fo-profiljai\/jarobeteg-ellatas\/gyermekborgyogyaszat-szakrendeles\/","title":{"rendered":"Gyermekb\u0151rgy\u00f3gy\u00e1szat szakrendel\u00e9s"},"content":{"rendered":"<p style=\"text-align: justify\">Gyermekambulanci\u00e1nkon a gyermekb\u0151rgy\u00f3gy\u00e1szat (0-18 \u00e9v) teljes spektrum\u00e1val foglalkozunk. <br \/>\nKlinikai szakambulanciak\u00e9nt konzult\u00e1ljuk a t\u00e1rsklinik\u00e1k betegeit \u00e9s a h\u00e1ziorvosi ell\u00e1t\u00e1sban neh\u00e9zs\u00e9geket okoz\u00f3 eseteket. A h\u00e1ziorvos koll\u00e9g\u00e1t\u00f3l a probl\u00e9m\u00e1t \u00f6sszefoglal\u00f3 beutal\u00f3t k\u00e9r\u00fcnk.<\/p>\n<p style=\"text-align: justify\">\n<a href=\"https:\/\/semmelweis.hu\/borklinika\/a-betegellatas-fo-profiljai\/jarobeteg-ellatas\/gyermekborgyogyaszat-szakrendeles\/img_6239-masolata-2\/\" rel=\"attachment wp-att-10765\"><img loading=\"lazy\" decoding=\"async\" class=\" wp-image-10765 alignright\" src=\"https:\/\/semmelweis.hu\/borklinika\/files\/2023\/03\/IMG_6239-masolata-scaled.jpg\" alt=\"\" width=\"254\" height=\"169\" srcset=\"https:\/\/semmelweis.hu\/borklinika\/files\/2023\/03\/IMG_6239-masolata-scaled.jpg 2560w, https:\/\/semmelweis.hu\/borklinika\/files\/2023\/03\/IMG_6239-masolata-400x267.jpg 400w, https:\/\/semmelweis.hu\/borklinika\/files\/2023\/03\/IMG_6239-masolata-1024x683.jpg 1024w, https:\/\/semmelweis.hu\/borklinika\/files\/2023\/03\/IMG_6239-masolata-768x512.jpg 768w, https:\/\/semmelweis.hu\/borklinika\/files\/2023\/03\/IMG_6239-masolata-1536x1024.jpg 1536w, https:\/\/semmelweis.hu\/borklinika\/files\/2023\/03\/IMG_6239-masolata-2048x1365.jpg 2048w, https:\/\/semmelweis.hu\/borklinika\/files\/2023\/03\/IMG_6239-masolata-753x502.jpg 753w, https:\/\/semmelweis.hu\/borklinika\/files\/2023\/03\/IMG_6239-masolata-203x135.jpg 203w\" sizes=\"auto, (max-width: 254px) 100vw, 254px\" \/><\/a>Kiemelt tev\u00e9kenys\u00e9g\u00fcnk a ter\u00fcleti b\u0151rgy\u00f3gy\u00e1szatokon vagy gyermekb\u0151rgy\u00f3gy\u00e1szatokon \u00e9szlelt, kezelt \u00e9s\u00a0diagnosztikus neh\u00e9zs\u00e9get, speci\u00e1lis diagnosztikus elj\u00e1r\u00e1st (sz\u00f6vettan, IF vizsg\u00e1latok, speci\u00e1lis laborvizsg\u00e1latok) ig\u00e9nyl\u0151 esetek. Minden esetben k\u00e9rj\u00fck a beutal\u00f3 koll\u00e9ga szakv\u00e9lem\u00e9ny\u00e9t, az el\u0151z\u0151 ell\u00e1t\u00e1s \u00f6sszegz\u00e9s\u00e9t.<\/p>\n<p style=\"text-align: justify\"><a href=\"https:\/\/semmelweis.hu\/borklinika\/a-betegellatas-fo-profiljai\/jarobeteg-ellatas\/gyermekborgyogyaszat-szakrendeles\/img_6242-masolata-2\/\" rel=\"attachment wp-att-10764\"><img loading=\"lazy\" decoding=\"async\" class=\" wp-image-10764 alignleft\" src=\"https:\/\/semmelweis.hu\/borklinika\/files\/2023\/03\/IMG_6242-masolata-scaled.jpg\" alt=\"\" width=\"225\" height=\"150\" srcset=\"https:\/\/semmelweis.hu\/borklinika\/files\/2023\/03\/IMG_6242-masolata-scaled.jpg 2560w, https:\/\/semmelweis.hu\/borklinika\/files\/2023\/03\/IMG_6242-masolata-400x267.jpg 400w, https:\/\/semmelweis.hu\/borklinika\/files\/2023\/03\/IMG_6242-masolata-1024x683.jpg 1024w, https:\/\/semmelweis.hu\/borklinika\/files\/2023\/03\/IMG_6242-masolata-768x512.jpg 768w, https:\/\/semmelweis.hu\/borklinika\/files\/2023\/03\/IMG_6242-masolata-1536x1024.jpg 1536w, https:\/\/semmelweis.hu\/borklinika\/files\/2023\/03\/IMG_6242-masolata-2048x1365.jpg 2048w, https:\/\/semmelweis.hu\/borklinika\/files\/2023\/03\/IMG_6242-masolata-753x502.jpg 753w, https:\/\/semmelweis.hu\/borklinika\/files\/2023\/03\/IMG_6242-masolata-203x135.jpg 203w\" sizes=\"auto, (max-width: 225px) 100vw, 225px\" \/><\/a><\/p>\n<p style=\"text-align: justify\">Speci\u00e1lis szakter\u00fclet\u00fcnk a velesz\u00fcletett\/genetikus\/ritka betegs\u00e9gek diagnosztik\u00e1ja, konzult\u00e1ci\u00f3ja, ell\u00e1t\u00e1sa, amit a Klinikai Genetika Szakambulanci\u00e1val egy\u00fcttm\u0171k\u00f6dve v\u00e9gz\u00fcnk.<br \/>\nK\u00e9rj\u00fck betegeinket, hogy a kor\u00e1bbi vizsg\u00e1latok, beavatkoz\u00e1sok, gy\u00f3gyszeres kezel\u00e9sek dokumentumait minden esetben hozz\u00e1k magukkal. A beavatkoz\u00e1sokhoz 18 \u00e9ves kor alatt a gondvisel\u0151 beleegyez\u00e9se, al\u00e1\u00edr\u00e1sa sz\u00fcks\u00e9ges.<\/p>\n<p>&nbsp;<\/p>\n<p style=\"text-align: justify\"><strong>Rendel\u00e9s minden munkanap, kiz\u00e1r\u00f3lag el\u0151jegyz\u00e9s alapj\u00e1n amit a 06-1-235-2180 telefonsz\u00e1mon lehet k\u00e9rni munkanapokon 12.00-15.00 \u00f3ra k\u00f6z\u00f6tt.<\/strong><\/p>\n<p><b>Szakrendel\u00e9s helye: <\/b>alagsor 10. rendel\u0151.<\/p>\n<div>Rendel\u0151 orvosok:<\/div>\n<div>\u00a0<\/div>\n<ul>\n<li>H\u00e9tf\u0151: Prof. Dr. K\u00e1rp\u00e1ti Sarolta (11:00-12:00)<\/li>\n<li>Kedd: Prof. Dr. K\u00e1rp\u00e1ti Sarolta (11:00-12:00)<\/li>\n<li>Szerda: Dr. Becker Krisztina (8:30-12:00)<\/li>\n<li><span style=\"font-size: 1rem\">Cs\u00fct\u00f6rt\u00f6k: Prof. Dr. K\u00e1rp\u00e1ti Sarolta (8:30-12:00)<\/span><\/li>\n<li>P\u00e9ntek: Dr. Becker Krisztina (8:30-12:00)<\/li>\n<\/ul>\n<p>&nbsp;<\/p>\n","protected":false},"excerpt":{"rendered":"<p>Gyermekambulanci\u00e1nkon a gyermekb\u0151rgy\u00f3gy\u00e1szat (0-18 \u00e9v) teljes spektrum\u00e1val foglalkozunk. Klinikai szakambulanciak\u00e9nt konzult\u00e1ljuk a t\u00e1rsklinik\u00e1k betegeit \u00e9s a h\u00e1ziorvosi ell\u00e1t\u00e1sban neh\u00e9zs\u00e9geket okoz\u00f3 eseteket. A h\u00e1ziorvos koll\u00e9g\u00e1t\u00f3l a probl\u00e9m\u00e1t \u00f6sszefoglal\u00f3 beutal\u00f3t k\u00e9r\u00fcnk. <a href=\"https:\/\/semmelweis.hu\/borklinika\/a-betegellatas-fo-profiljai\/jarobeteg-ellatas\/gyermekborgyogyaszat-szakrendeles\/img_6239-masolata-2\/\" rel=\"attachment wp-att-10765\"><\/a> Kiemelt tev\u00e9kenys\u00e9g\u00fcnk a ter\u00fcleti b\u0151rgy\u00f3gy\u00e1szatokon vagy gyermekb\u0151rgy\u00f3gy\u00e1szatokon \u00e9szlelt, kezelt \u00e9s\u00a0diagnosztikus neh\u00e9zs\u00e9get, speci\u00e1lis diagnosztikus elj\u00e1r\u00e1st (sz\u00f6vettan, IF vizsg\u00e1latok, speci\u00e1lis laborvizsg\u00e1latok) ig\u00e9nyl\u0151 esetek. Minden esetben k\u00e9rj\u00fck a beutal\u00f3 &hellip;<\/p>\n","protected":false},"author":101242,"featured_media":0,"parent":217,"menu_order":10,"comment_status":"closed","ping_status":"closed","template":"","meta":{"_acf_changed":false,"footnotes":""},"categories":[],"tags":[],"class_list":["post-233","page","type-page","status-publish","hentry"],"acf":[],"_links":{"self":[{"href":"https:\/\/semmelweis.hu\/borklinika\/wp-json\/wp\/v2\/pages\/233","targetHints":{"allow":["GET"]}}],"collection":[{"href":"https:\/\/semmelweis.hu\/borklinika\/wp-json\/wp\/v2\/pages"}],"about":[{"href":"https:\/\/semmelweis.hu\/borklinika\/wp-json\/wp\/v2\/types\/page"}],"author":[{"embeddable":true,"href":"https:\/\/semmelweis.hu\/borklinika\/wp-json\/wp\/v2\/users\/101242"}],"replies":[{"embeddable":true,"href":"https:\/\/semmelweis.hu\/borklinika\/wp-json\/wp\/v2\/comments?post=233"}],"version-history":[{"count":11,"href":"https:\/\/semmelweis.hu\/borklinika\/wp-json\/wp\/v2\/pages\/233\/revisions"}],"predecessor-version":[{"id":12931,"href":"https:\/\/semmelweis.hu\/borklinika\/wp-json\/wp\/v2\/pages\/233\/revisions\/12931"}],"up":[{"embeddable":true,"href":"https:\/\/semmelweis.hu\/borklinika\/wp-json\/wp\/v2\/pages\/217"}],"wp:attachment":[{"href":"https:\/\/semmelweis.hu\/borklinika\/wp-json\/wp\/v2\/media?parent=233"}],"wp:term":[{"taxonomy":"category","embeddable":true,"href":"https:\/\/semmelweis.hu\/borklinika\/wp-json\/wp\/v2\/categories?post=233"},{"taxonomy":"post_tag","embeddable":true,"href":"https:\/\/semmelweis.hu\/borklinika\/wp-json\/wp\/v2\/tags?post=233"}],"curies":[{"name":"wp","href":"https:\/\/api.w.org\/{rel}","templated":true}]}}