{"id":2098,"date":"2018-03-09T13:04:19","date_gmt":"2018-03-09T12:04:19","guid":{"rendered":"http:\/\/semmelweis.hu\/borklinika\/?page_id=2098"},"modified":"2021-01-15T12:34:56","modified_gmt":"2021-01-15T11:34:56","slug":"kozmetologia","status":"publish","type":"page","link":"https:\/\/semmelweis.hu\/borklinika\/magunkrol\/a-klinika-tortenete\/125-eves-a-borklinika\/kozmetologia\/","title":{"rendered":"Kozmetol\u00f3gia napja &#8211; el\u0151ad\u00e1s"},"content":{"rendered":"<p style=\"text-align: justify\">2018. szeptember\u00e9ben ker\u00fclt megrendez\u00e9sre a\u00a0\u00a0publikus, ingyenes \u00e9s b\u00e1rki \u00e1ltal l\u00e1togathat\u00f3 Kozmetol\u00f3gia napja elnevez\u00e9s\u0171\u00a0rendezv\u00e9ny\u00fcnk, melyen sz\u00e1mos \u00e9rdekl\u0151d\u0151t l\u00e1ttunk vend\u00e9g\u00fcl. Koll\u00e9g\u00e1ink az al\u00e1bb olvashat\u00f3 t\u00e9m\u00e1kban tartottak \u00e9rdekes \u00e9s tanuls\u00e1gos el\u0151ad\u00e1sokat.<\/p>\n<p style=\"text-align: justify\"><strong><span style=\"font-size: 12pt\"><em><a href=\"https:\/\/photos.app.goo.gl\/dFiVVFhpdL8ptGzD6\" target=\"_blank\" rel=\"noopener noreferrer\">A rendezv\u00e9nyen k\u00e9sz\u00fclt fot\u00f3k el\u00e9rhet\u0151k itt<\/a><\/em><\/span><\/strong><\/p>\n<figure id=\"attachment_2339\" aria-describedby=\"caption-attachment-2339\" style=\"width: 186px\" class=\"wp-caption alignright\"><img loading=\"lazy\" decoding=\"async\" class=\"wp-image-2339\" src=\"https:\/\/semmelweis.hu\/borklinika\/files\/2018\/03\/woman-3096664_640-300x233.jpg\" alt=\"\" width=\"186\" height=\"145\" srcset=\"https:\/\/semmelweis.hu\/borklinika\/files\/2018\/03\/woman-3096664_640-300x233.jpg 300w, https:\/\/semmelweis.hu\/borklinika\/files\/2018\/03\/woman-3096664_640-386x300.jpg 386w, https:\/\/semmelweis.hu\/borklinika\/files\/2018\/03\/woman-3096664_640.jpg 640w\" sizes=\"auto, (max-width: 186px) 100vw, 186px\" \/><figcaption id=\"caption-attachment-2339\" class=\"wp-caption-text\"><span style=\"font-size: 8pt\">Forr\u00e1s: https:\/\/pixabay.com\/hu\/<\/span><\/figcaption><\/figure>\n<p style=\"text-align: justify\">A kozmetol\u00f3gia gy\u00f6kerei a civiliz\u00e1ci\u00f3k t\u00f6rt\u00e9net\u00e9hez vezetnek vissza. A b\u0151rnek, a hajnak k\u00f6zvet\u00edt\u0151 szerepet tulajdon\u00edtottak a szellemi \u00e9s a t\u00e1rgyi vil\u00e1g k\u00f6z\u00f6tt. A b\u0151r \u00e1pol\u00e1sa az \u0151sid\u0151k \u00f3ta foglalkoztatja az embereket. Egyiptom volt a kozmetika b\u00f6lcs\u0151je, a kozmetikai szerek haszn\u00e1lata el\u0151sz\u00f6r itt honosodott meg. T\u00f6bb ezer \u00e9ves dokumentumok utalnak arra, hogy t\u00fcntett\u00e9k el az \u00f6reged\u00e9s jeleit, mit haszn\u00e1ltak a r\u00e1ncok kisim\u00edt\u00e1s\u00e1ra. Galenus, az \u00f3kor egyik legnagyobb orvosa, m\u00e1r tudom\u00e1nyosan vizsg\u00e1lta a kozmetikumokat, azok b\u0151rgy\u00f3gy\u00e1szati hat\u00e1sait, s\u0151t maga is el\u0151\u00e1ll\u00edtott kozmetikai term\u00e9keket. Ezeket a mai napig Galenus viasz\u00e1nak nevezik.<\/p>\n<p style=\"text-align: justify\"><strong>Hogyan alakult a sz\u00e9ps\u00e9g\u00e1pol\u00e1s a 20. sz\u00e1zadban?<\/strong>\u00a0 B\u0151r\u00e1pol\u00f3, b\u0151rt t\u00e1pl\u00e1l\u00f3 kr\u00e9meket, f\u00e9nyv\u00e9d\u0151ket, arclemos\u00f3kat fejlesztettek ki, egyre t\u00f6bb smink ker\u00fclt piacra.<\/p>\n<p style=\"text-align: justify\">A mai kor asszonya is k\u00e9pes szinte b\u00e1rmilyen \u00e1ldozatra, hogy megfeleljen a kor sz\u00e9ps\u00e9g ide\u00e1lj\u00e1nak. A 20. sz\u00e1zad eszt\u00e9tikai kezel\u00e9seiben a legnagyobb \u00e1tt\u00f6r\u00e9st a botulinum toxin kozmetol\u00f3giai c\u00e9l\u00fa alkalmaz\u00e1s\u00e1nak elfogad\u00e1sa (2002) \u00e9s a k\u00fcl\u00f6nb\u00f6z\u0151 t\u00f6lt\u0151anyagok haszn\u00e1lat\u00e1nak elterjed\u00e9se jelentette. Ma a botox kezel\u00e9s az USA-ban a leggyakrabban alkalmazott kozmetol\u00f3giai beavatkoz\u00e1s. A t\u00f6lt\u0151anyagok sz\u00e1mos fajt\u00e1j\u00e1t haszn\u00e1lj\u00e1k \u00e9vtizedek \u00f3ta (kollag\u00e9n, szilikon) \u00e9s a napjainkban legelterjedtebb \u00e9s legbiztons\u00e1gosabb, hyaluronsav alap\u00fa k\u00e9sz\u00edtm\u00e9nyeket. Egy\u00e9b, gyakran alkalmazott <strong>kozmetol\u00f3giai beavatkoz\u00e1s<\/strong> a fizikai \u00e9s k\u00e9miai h\u00e1mlaszt\u00e1s, a mikrodermabr\u00e1zi\u00f3, mezoter\u00e1pia, dermaroller, \u00a0IPL, l\u00e9zeres \u00e9s seb\u00e9szeti kezel\u00e9sek.\u00a0<\/p>\n<p>El\u0151ad\u00f3k:<\/p>\n<p><em><strong>Dr. Preisz Klaudia<\/strong> \u2013 \u201eKozmetol\u00f3gia beavatkoz\u00e1sok, r\u00e1ncfelt\u00f6lt\u00e9s \u00e9s botox kezel\u00e9s\u201d<\/em><\/p>\n<figure id=\"attachment_2342\" aria-describedby=\"caption-attachment-2342\" style=\"width: 168px\" class=\"wp-caption alignleft\"><img loading=\"lazy\" decoding=\"async\" class=\"wp-image-2342\" src=\"https:\/\/semmelweis.hu\/borklinika\/files\/2018\/03\/woman-3067179_640-300x200.jpg\" alt=\"\" width=\"168\" height=\"112\" srcset=\"https:\/\/semmelweis.hu\/borklinika\/files\/2018\/03\/woman-3067179_640-300x200.jpg 300w, https:\/\/semmelweis.hu\/borklinika\/files\/2018\/03\/woman-3067179_640-451x300.jpg 451w, https:\/\/semmelweis.hu\/borklinika\/files\/2018\/03\/woman-3067179_640.jpg 640w\" sizes=\"auto, (max-width: 168px) 100vw, 168px\" \/><figcaption id=\"caption-attachment-2342\" class=\"wp-caption-text\"><span style=\"font-size: 7pt\">Forr\u00e1s: https:\/\/pixabay.com\/hu\/<\/span><\/figcaption><\/figure>\n<p style=\"text-align: justify\">Az el\u0151ad\u00e1sban a XX. sz\u00e1zad tal\u00e1n legdivatosabb 2 eszt\u00e9tikai kezel\u00e9s\u00e9r\u0151l a hyaluronsavas r\u00e1ncfel\u00f6tl\u00e9sr\u0151l \u00e9s a botulinum toxin (botox) kezel\u00e9s\u00e9r\u0151l lesz sz\u00f3. Az eszt\u00e9tikai kezel\u00e9sek megtervez\u00e9sekor nagyon fontos a p\u00e1ciens \u00e1ltal elv\u00e1rt \u00e9s a \u201ere\u00e1lis\u201d eszt\u00e9tikai eredm\u00e9ny \u00f6sszevet\u00e9se, m\u00e9rlegel\u00e9se, az esetleges mell\u00e9khat\u00e1sok, kock\u00e1zatok sz\u00e1mbav\u00e9tele \u00e9s mindezek figyelembe v\u00e9tel\u00e9vel a k\u00fcl\u00f6nb\u00f6z\u0151 eszt\u00e9tikai kezel\u00e9sek kombin\u00e1l\u00e1sa.<\/p>\n<p>&nbsp;<\/p>\n<p><strong>Sminkel\u00e9s workshop<\/strong> &#8211; Szponzor\u00e1lt bemutat\u00f3 (Vichy)<\/p>\n<p>&nbsp;<\/p>\n<figure id=\"attachment_2343\" aria-describedby=\"caption-attachment-2343\" style=\"width: 158px\" class=\"wp-caption alignright\"><img loading=\"lazy\" decoding=\"async\" class=\"wp-image-2343\" src=\"https:\/\/semmelweis.hu\/borklinika\/files\/2018\/03\/hands-1031131_640-300x200.jpg\" alt=\"\" width=\"158\" height=\"105\" srcset=\"https:\/\/semmelweis.hu\/borklinika\/files\/2018\/03\/hands-1031131_640-300x200.jpg 300w, https:\/\/semmelweis.hu\/borklinika\/files\/2018\/03\/hands-1031131_640-451x300.jpg 451w, https:\/\/semmelweis.hu\/borklinika\/files\/2018\/03\/hands-1031131_640.jpg 640w\" sizes=\"auto, (max-width: 158px) 100vw, 158px\" \/><figcaption id=\"caption-attachment-2343\" class=\"wp-caption-text\"><span style=\"font-size: 7pt\">Forr\u00e1s: https:\/\/pixabay.com\/hu\/<\/span><\/figcaption><\/figure>\n<p style=\"text-align: justify\"><strong>Dr. Hodossy-Vir\u00e1gh Andor<\/strong>\u00a0<em>\u2013<\/em> \u00a0<em>\u201cA tetov\u00e1l\u00e1sokr\u00f3l \u0151szint\u00e9n\u201d\u00a0<\/em><\/p>\n<p style=\"text-align: justify\">\u0150szint\u00e9n \u00e9s k\u00f6z\u00e9rthet\u0151en a tetov\u00e1l\u00e1sok, valamint piercingek \u00e1rnyoldalair\u00f3l, b\u0151rgy\u00f3gy\u00e1szati vonatkoz\u00e1sair\u00f3l, t\u00f6rt\u00e9nelmi h\u00e1tter\u00fckr\u0151l. F\u00e9nyk\u00e9pekkel gazdagon illusztr\u00e1lt el\u0151ad\u00e1s els\u0151sorban k\u00f6z\u00e9piskol\u00e1s fiataloknak. \u00a0 \u00a0 \u00a0 \u00a0 \u00a0 \u00a0 \u00a0<\/p>\n<p><strong>Dr. Kov\u00e1cs Anik\u00f3<\/strong>\u00a0<em>\u2013<\/em> \u00a0<em>\u201eBosszant\u00f3 piros p\u00f6tty\u00f6k\u201d<\/em><\/p>\n<figure id=\"attachment_2345\" aria-describedby=\"caption-attachment-2345\" style=\"width: 164px\" class=\"wp-caption alignleft\"><img loading=\"lazy\" decoding=\"async\" class=\"wp-image-2345\" src=\"https:\/\/semmelweis.hu\/borklinika\/files\/2018\/03\/spa-2608450_640-1-300x200.jpg\" alt=\"\" width=\"164\" height=\"109\" srcset=\"https:\/\/semmelweis.hu\/borklinika\/files\/2018\/03\/spa-2608450_640-1-300x200.jpg 300w, https:\/\/semmelweis.hu\/borklinika\/files\/2018\/03\/spa-2608450_640-1-451x300.jpg 451w, https:\/\/semmelweis.hu\/borklinika\/files\/2018\/03\/spa-2608450_640-1.jpg 640w\" sizes=\"auto, (max-width: 164px) 100vw, 164px\" \/><figcaption id=\"caption-attachment-2345\" class=\"wp-caption-text\"><span style=\"font-size: 7pt\">Forr\u00e1s: https:\/\/pixabay.com\/hu\/<\/span><\/figcaption><\/figure>\n<p style=\"text-align: justify\">\u00a0Az el\u0151ad\u00e1sban a serd\u00fcl\u0151ket leggyakrabban \u00e9rint\u0151 b\u0151rbetegs\u00e9gr\u0151l, az akn\u00e9r\u0151l lesz sz\u00f3.\u00a0 Megt\u00e1rgyaljuk a helyes otthoni arc\u00e1pol\u00e1s l\u00e9p\u00e9seit, a kozmetikusok \u00e1ltal v\u00e9gzett kezel\u00e9si lehet\u0151s\u00e9geket, az \u00e1llapotot ront\u00f3 faktorokat.\u00a0 A b\u0151rgy\u00f3gy\u00e1szhoz fordul\u00e1s indik\u00e1ci\u00f3ir\u00f3l is sz\u00f3 esik, a kezel\u00e9si lehet\u0151s\u00e9gekr\u0151l, az egyes ter\u00e1pi\u00e1k mell\u00e9khat\u00e1sair\u00f3l.<\/p>\n<p>&nbsp;<\/p>\n<p>&nbsp;<\/p>\n<p><a href=\"https:\/\/semmelweis.hu\/borklinika\/files\/2018\/09\/125plakat-kozmetologia.jpg\" target=\"_blank\" rel=\"noopener noreferrer\"><img loading=\"lazy\" decoding=\"async\" class=\"aligncenter wp-image-3716\" src=\"https:\/\/semmelweis.hu\/borklinika\/files\/2018\/09\/125plakat-kozmetologia-212x300.jpg\" alt=\"\" width=\"271\" height=\"383\" srcset=\"https:\/\/semmelweis.hu\/borklinika\/files\/2018\/09\/125plakat-kozmetologia-212x300.jpg 212w, https:\/\/semmelweis.hu\/borklinika\/files\/2018\/09\/125plakat-kozmetologia-768x1086.jpg 768w, https:\/\/semmelweis.hu\/borklinika\/files\/2018\/09\/125plakat-kozmetologia-724x1024.jpg 724w, https:\/\/semmelweis.hu\/borklinika\/files\/2018\/09\/125plakat-kozmetologia.jpg 1488w\" sizes=\"auto, (max-width: 271px) 100vw, 271px\" \/><\/a><\/p>\n<p>&nbsp;<\/p>\n<p>A rendezv\u00e9ny t\u00e1mogat\u00f3i:<\/p>\n<table>\n<tbody>\n<tr>\n<td><a href=\"https:\/\/semmelweis.hu\/borklinika\/files\/2018\/05\/logo-vichy-noir-sans-fond-004.png\"><img loading=\"lazy\" decoding=\"async\" class=\" wp-image-2834 alignright\" src=\"https:\/\/semmelweis.hu\/borklinika\/files\/2018\/05\/logo-vichy-noir-sans-fond-004-300x150.png\" alt=\"\" width=\"176\" height=\"88\" srcset=\"https:\/\/semmelweis.hu\/borklinika\/files\/2018\/05\/logo-vichy-noir-sans-fond-004-300x150.png 300w, https:\/\/semmelweis.hu\/borklinika\/files\/2018\/05\/logo-vichy-noir-sans-fond-004-768x384.png 768w, https:\/\/semmelweis.hu\/borklinika\/files\/2018\/05\/logo-vichy-noir-sans-fond-004-1024x512.png 1024w, https:\/\/semmelweis.hu\/borklinika\/files\/2018\/05\/logo-vichy-noir-sans-fond-004-580x290.png 580w, https:\/\/semmelweis.hu\/borklinika\/files\/2018\/05\/logo-vichy-noir-sans-fond-004.png 1181w\" sizes=\"auto, (max-width: 176px) 100vw, 176px\" \/><\/a><a href=\"https:\/\/semmelweis.hu\/borklinika\/files\/2018\/01\/La_Roche_Posay.jpg\"><img loading=\"lazy\" decoding=\"async\" class=\"wp-image-1791 alignleft\" src=\"https:\/\/semmelweis.hu\/borklinika\/files\/2018\/01\/La_Roche_Posay-300x182.jpg\" alt=\"\" width=\"161\" height=\"98\" srcset=\"https:\/\/semmelweis.hu\/borklinika\/files\/2018\/01\/La_Roche_Posay-300x182.jpg 300w, https:\/\/semmelweis.hu\/borklinika\/files\/2018\/01\/La_Roche_Posay.jpg 337w\" sizes=\"auto, (max-width: 161px) 100vw, 161px\" \/><\/a><\/td>\n<td>&nbsp;<\/td>\n<td>&nbsp;<\/td>\n<td>&nbsp;<\/td>\n<\/tr>\n<\/tbody>\n<\/table>\n<p>&nbsp;<\/p>\n<p>A program szervez\u0151je:<\/p>\n<p>Dr. Preisz Klaudia<br \/>\negyetemi adjunktus,\u00a0klinikai farmakol\u00f3gus, kozmetol\u00f3gus.\u00a0 A Kozmetol\u00f3giai Ambulancia vezet\u0151je<\/p>\n","protected":false},"excerpt":{"rendered":"<p>2018. szeptember\u00e9ben ker\u00fclt megrendez\u00e9sre a\u00a0\u00a0publikus, ingyenes \u00e9s b\u00e1rki \u00e1ltal l\u00e1togathat\u00f3 Kozmetol\u00f3gia napja elnevez\u00e9s\u0171\u00a0rendezv\u00e9ny\u00fcnk, melyen sz\u00e1mos \u00e9rdekl\u0151d\u0151t l\u00e1ttunk vend\u00e9g\u00fcl. Koll\u00e9g\u00e1ink az al\u00e1bb olvashat\u00f3 t\u00e9m\u00e1kban tartottak \u00e9rdekes \u00e9s tanuls\u00e1gos el\u0151ad\u00e1sokat. <a href=\"https:\/\/photos.app.goo.gl\/dFiVVFhpdL8ptGzD6\" target=\"_blank\" rel=\"noopener noreferrer\">A rendezv\u00e9nyen k\u00e9sz\u00fclt fot\u00f3k el\u00e9rhet\u0151k itt<\/a> A kozmetol\u00f3gia gy\u00f6kerei a civiliz\u00e1ci\u00f3k t\u00f6rt\u00e9net\u00e9hez vezetnek vissza. A b\u0151rnek, a hajnak k\u00f6zvet\u00edt\u0151 szerepet tulajdon\u00edtottak a szellemi \u00e9s a t\u00e1rgyi vil\u00e1g k\u00f6z\u00f6tt. A b\u0151r \u00e1pol\u00e1sa az \u0151sid\u0151k &hellip;<\/p>\n","protected":false},"author":101274,"featured_media":0,"parent":4405,"menu_order":7,"comment_status":"closed","ping_status":"closed","template":"","meta":{"_acf_changed":false,"footnotes":""},"categories":[],"tags":[],"class_list":["post-2098","page","type-page","status-publish","hentry"],"acf":[],"_links":{"self":[{"href":"https:\/\/semmelweis.hu\/borklinika\/wp-json\/wp\/v2\/pages\/2098","targetHints":{"allow":["GET"]}}],"collection":[{"href":"https:\/\/semmelweis.hu\/borklinika\/wp-json\/wp\/v2\/pages"}],"about":[{"href":"https:\/\/semmelweis.hu\/borklinika\/wp-json\/wp\/v2\/types\/page"}],"author":[{"embeddable":true,"href":"https:\/\/semmelweis.hu\/borklinika\/wp-json\/wp\/v2\/users\/101274"}],"replies":[{"embeddable":true,"href":"https:\/\/semmelweis.hu\/borklinika\/wp-json\/wp\/v2\/comments?post=2098"}],"version-history":[{"count":11,"href":"https:\/\/semmelweis.hu\/borklinika\/wp-json\/wp\/v2\/pages\/2098\/revisions"}],"predecessor-version":[{"id":8176,"href":"https:\/\/semmelweis.hu\/borklinika\/wp-json\/wp\/v2\/pages\/2098\/revisions\/8176"}],"up":[{"embeddable":true,"href":"https:\/\/semmelweis.hu\/borklinika\/wp-json\/wp\/v2\/pages\/4405"}],"wp:attachment":[{"href":"https:\/\/semmelweis.hu\/borklinika\/wp-json\/wp\/v2\/media?parent=2098"}],"wp:term":[{"taxonomy":"category","embeddable":true,"href":"https:\/\/semmelweis.hu\/borklinika\/wp-json\/wp\/v2\/categories?post=2098"},{"taxonomy":"post_tag","embeddable":true,"href":"https:\/\/semmelweis.hu\/borklinika\/wp-json\/wp\/v2\/tags?post=2098"}],"curies":[{"name":"wp","href":"https:\/\/api.w.org\/{rel}","templated":true}]}}