{"id":2058,"date":"2018-02-22T17:36:28","date_gmt":"2018-02-22T16:36:28","guid":{"rendered":"http:\/\/semmelweis.hu\/borklinika\/?page_id=2058"},"modified":"2021-01-15T12:34:57","modified_gmt":"2021-01-15T11:34:57","slug":"kulturalis-orokseg","status":"publish","type":"page","link":"https:\/\/semmelweis.hu\/borklinika\/magunkrol\/a-klinika-tortenete\/125-eves-a-borklinika\/kulturalis-orokseg\/","title":{"rendered":"Kultur\u00e1lis \u00f6r\u00f6ks\u00e9g p\u00e1ly\u00e1zat"},"content":{"rendered":"<p style=\"text-align: justify\">Az Eur\u00f3pa Tan\u00e1cs 2017. m\u00e1jus 17-\u00e9n fogadta el az Eur\u00f3pai Parlament hat\u00e1rozat\u00e1t, amellyel a 2018-as \u00e9vet a Kultur\u00e1lis \u00d6r\u00f6ks\u00e9g Eur\u00f3pai \u00c9v\u00e9nek nyilv\u00e1n\u00edtotta.<\/p>\n<p style=\"text-align: justify\">E t\u00e9m\u00e1ban ki\u00edrt p\u00e1ly\u00e1zatot adtunk be tavaly \u00e9v v\u00e9g\u00e9n a 125 \u00e9ves B\u0151rklinika programsorozattal, mely pozit\u00edv elb\u00edr\u00e1l\u00e1st nyert.\u00a0<\/p>\n<p style=\"text-align: justify\">A Kultur\u00e1lis \u00d6r\u00f6ks\u00e9g Eur\u00f3pai \u00c9v\u00e9nek c\u00e9lja, hogy min\u00e9l t\u00f6bb embert \u00f6szt\u00f6n\u00f6z<span style=\"text-align: justify\">z\u00f6n az egyetemes eur\u00f3pai kult\u00fara felfedez\u00e9s\u00e9re, felkutat\u00e1s\u00e1ra \u00e9s meger\u0151s\u00edtse polg\u00e1raiba<\/span><span style=\"text-align: justify\">n az eur\u00f3pai azonoss\u00e1gtudatot; az eur\u00f3pai csal\u00e1dhoz val\u00f3 tartoz\u00e1s \u00e9rz\u00e9s\u00e9t.\u00a0<a href=\"https:\/\/semmelweis.hu\/borklinika\/files\/2018\/02\/5A901F3B.PODOM07.PO07.200.2000072.1.95021.1@45-5A901F3C.PODOM07.PO07.100.1787035.1.28B.1@1-7.PODOM07.PO07.100.0.1.0.1@16.png\"><img loading=\"lazy\" decoding=\"async\" class=\" wp-image-2062 alignright\" src=\"https:\/\/semmelweis.hu\/borklinika\/files\/2018\/02\/5A901F3B.PODOM07.PO07.200.2000072.1.95021.1@45-5A901F3C.PODOM07.PO07.100.1787035.1.28B.1@1-7.PODOM07.PO07.100.0.1.0.1@16-300x228.png\" alt=\"\" width=\"198\" height=\"150\" srcset=\"https:\/\/semmelweis.hu\/borklinika\/files\/2018\/02\/5A901F3B.PODOM07.PO07.200.2000072.1.95021.1@45-5A901F3C.PODOM07.PO07.100.1787035.1.28B.1@1-7.PODOM07.PO07.100.0.1.0.1@16-300x228.png 300w, https:\/\/semmelweis.hu\/borklinika\/files\/2018\/02\/5A901F3B.PODOM07.PO07.200.2000072.1.95021.1@45-5A901F3C.PODOM07.PO07.100.1787035.1.28B.1@1-7.PODOM07.PO07.100.0.1.0.1@16-395x300.png 395w, https:\/\/semmelweis.hu\/borklinika\/files\/2018\/02\/5A901F3B.PODOM07.PO07.200.2000072.1.95021.1@45-5A901F3C.PODOM07.PO07.100.1787035.1.28B.1@1-7.PODOM07.PO07.100.0.1.0.1@16.png 462w\" sizes=\"auto, (max-width: 198px) 100vw, 198px\" \/><\/a><\/span>A Kultur\u00e1lis \u00d6r\u00f6ks\u00e9g Eur\u00f3pai \u00c9ve sz\u00e1mos eur\u00f3pai, nemzeti, region\u00e1lis \u00e9s helyi szint\u0171 kezdem\u00e9nyez\u00e9st foglal mag\u00e1ba. Klinik\u00e1nk is csatlakozik a B\u0151r\u0150r\u00f6k programmal, a B\u0151rAkad\u00e9mia konferenci\u00e1val, fot\u00f3- \u00e9s festm\u00e9nyki\u00e1ll\u00edt\u00e1sokkal, 125 \u00e9ves B\u0151rklinika kamp\u00e1nyaival, digit\u00e1lis projekttel, rezidens tr\u00e9ningekkel \u00e9s kutat\u00f3 tev\u00e9kenys\u00e9ggel.<\/p>\n<div style=\"text-align: justify\">Ki\u00e1ll\u00edt\u00e1sunk beker\u00fclt az idei Magyar Tudom\u00e1ny \u00dcnnepe rendezv\u00e9nysorozatba.\u00a0 A november 5-30. k\u00f6z\u00f6tt megrendez\u00e9sre ker\u00fcl\u0151 programsorozat idei tematik\u00e1ja <em>\u201eTudom\u00e1ny hat\u00e1rok n\u00e9lk\u00fcl\u201d.<\/em><\/div>\n<div><a href=\"https:\/\/semmelweis.hu\/borklinika\/files\/2018\/09\/MT\u00dc.png\"><img loading=\"lazy\" decoding=\"async\" class=\"wp-image-3783 alignleft\" src=\"https:\/\/semmelweis.hu\/borklinika\/files\/2018\/09\/MT\u00dc-300x198.png\" alt=\"\" width=\"226\" height=\"149\" srcset=\"https:\/\/semmelweis.hu\/borklinika\/files\/2018\/09\/MT\u00dc-300x198.png 300w, https:\/\/semmelweis.hu\/borklinika\/files\/2018\/09\/MT\u00dc-768x506.png 768w, https:\/\/semmelweis.hu\/borklinika\/files\/2018\/09\/MT\u00dc-1024x675.png 1024w, https:\/\/semmelweis.hu\/borklinika\/files\/2018\/09\/MT\u00dc-455x300.png 455w\" sizes=\"auto, (max-width: 226px) 100vw, 226px\" \/><\/a><\/div>\n<div>\u00a0<\/div>\n<div>\u00a0<\/div>\n<div>\u00a0<\/div>\n<div>\u00a0<\/div>\n<div>\u00a0<\/div>\n<div>\u00a0<\/div>\n<p>&nbsp;<\/p>\n<p>A projekt vezet\u0151je: Dr. Holl\u00f3 P\u00e9ter, igazgat\u00f3helyettes<\/p>\n<p>B\u0151vebb inform\u00e1ci\u00f3 a <a href=\"https:\/\/koee2018.kormany.hu\/a-semmelweis-egyetem-bor-nemikortani-es-boronkologiai-klinika-125-eves-fennallasanak-unnepi-eve\"><u>K\u00d6E\u00c9 weboldal\u00e1n<\/u><\/a> olvashat\u00f3.<\/p>\n","protected":false},"excerpt":{"rendered":"<p>Az Eur\u00f3pa Tan\u00e1cs 2017. m\u00e1jus 17-\u00e9n fogadta el az Eur\u00f3pai Parlament hat\u00e1rozat\u00e1t, amellyel a 2018-as \u00e9vet a Kultur\u00e1lis \u00d6r\u00f6ks\u00e9g Eur\u00f3pai \u00c9v\u00e9nek nyilv\u00e1n\u00edtotta. E t\u00e9m\u00e1ban ki\u00edrt p\u00e1ly\u00e1zatot adtunk be tavaly \u00e9v v\u00e9g\u00e9n a 125 \u00e9ves B\u0151rklinika programsorozattal, mely pozit\u00edv elb\u00edr\u00e1l\u00e1st nyert.\u00a0 A Kultur\u00e1lis \u00d6r\u00f6ks\u00e9g Eur\u00f3pai \u00c9v\u00e9nek c\u00e9lja, hogy min\u00e9l t\u00f6bb embert \u00f6szt\u00f6n\u00f6zz\u00f6n az egyetemes eur\u00f3pai kult\u00fara &hellip;<\/p>\n","protected":false},"author":101274,"featured_media":0,"parent":4405,"menu_order":14,"comment_status":"closed","ping_status":"closed","template":"","meta":{"_acf_changed":false,"footnotes":""},"categories":[],"tags":[],"class_list":["post-2058","page","type-page","status-publish","hentry"],"acf":[],"_links":{"self":[{"href":"https:\/\/semmelweis.hu\/borklinika\/wp-json\/wp\/v2\/pages\/2058","targetHints":{"allow":["GET"]}}],"collection":[{"href":"https:\/\/semmelweis.hu\/borklinika\/wp-json\/wp\/v2\/pages"}],"about":[{"href":"https:\/\/semmelweis.hu\/borklinika\/wp-json\/wp\/v2\/types\/page"}],"author":[{"embeddable":true,"href":"https:\/\/semmelweis.hu\/borklinika\/wp-json\/wp\/v2\/users\/101274"}],"replies":[{"embeddable":true,"href":"https:\/\/semmelweis.hu\/borklinika\/wp-json\/wp\/v2\/comments?post=2058"}],"version-history":[{"count":11,"href":"https:\/\/semmelweis.hu\/borklinika\/wp-json\/wp\/v2\/pages\/2058\/revisions"}],"predecessor-version":[{"id":8183,"href":"https:\/\/semmelweis.hu\/borklinika\/wp-json\/wp\/v2\/pages\/2058\/revisions\/8183"}],"up":[{"embeddable":true,"href":"https:\/\/semmelweis.hu\/borklinika\/wp-json\/wp\/v2\/pages\/4405"}],"wp:attachment":[{"href":"https:\/\/semmelweis.hu\/borklinika\/wp-json\/wp\/v2\/media?parent=2058"}],"wp:term":[{"taxonomy":"category","embeddable":true,"href":"https:\/\/semmelweis.hu\/borklinika\/wp-json\/wp\/v2\/categories?post=2058"},{"taxonomy":"post_tag","embeddable":true,"href":"https:\/\/semmelweis.hu\/borklinika\/wp-json\/wp\/v2\/tags?post=2058"}],"curies":[{"name":"wp","href":"https:\/\/api.w.org\/{rel}","templated":true}]}}