{"id":200,"date":"2014-05-12T16:42:43","date_gmt":"2014-05-12T14:42:43","guid":{"rendered":"http:\/\/semmelweis.hu\/borklinika\/?page_id=200"},"modified":"2025-09-29T13:17:18","modified_gmt":"2025-09-29T11:17:18","slug":"prof-dr-foldvari-ferenc-alapitvany","status":"publish","type":"page","link":"https:\/\/semmelweis.hu\/borklinika\/magunkrol\/a-klinika-alapitvanyai\/prof-dr-foldvari-ferenc-alapitvany\/","title":{"rendered":"Prof. Dr. F\u00f6ldv\u00e1ri Ferenc Alap\u00edtv\u00e1ny"},"content":{"rendered":"<p style=\"text-align: justify\"><a href=\"https:\/\/semmelweis.hu\/borklinika\/files\/2014\/05\/foldvari.jpg\"><img loading=\"lazy\" decoding=\"async\" class=\" wp-image-1121 alignright\" src=\"https:\/\/semmelweis.hu\/borklinika\/files\/2014\/05\/foldvari.jpg\" alt=\"\" width=\"217\" height=\"287\" srcset=\"https:\/\/semmelweis.hu\/borklinika\/files\/2014\/05\/foldvari.jpg 760w, https:\/\/semmelweis.hu\/borklinika\/files\/2014\/05\/foldvari-226x300.jpg 226w\" sizes=\"auto, (max-width: 217px) 100vw, 217px\" \/><\/a>Prof. Dr. F\u00f6ldv\u00e1ri Ferenc (1895. aug. 25. &#8211; 1981. febr. 21.) a B\u0151rklinik\u00e1ra 1920-ban l\u00e9pett be, \u00e9s hal\u00e1l\u00e1ig akt\u00edv tagja maradt az int\u00e9zm\u00e9nynek. 1946-1967 k\u00f6z\u00f6tt a Budapesti Orvostudom\u00e1nyi Egyetem B\u0151rklinik\u00e1j\u00e1nak igazgat\u00f3ja. 1952-ben szervezte meg \u00e9s 1967-ig vezette az Orsz\u00e1gos B\u0151r- \u00e9s Nemik\u00f3rtani Int\u00e9zetet, mellyel egys\u00e9ges orsz\u00e1gos b\u0151r- \u00e9s nemigondoz\u00f3 h\u00e1l\u00f3zatot alak\u00edtott ki. Az \u00fan. &#8222;N\u00e9k\u00e1m-iskola&#8221; egyik legjelent\u0151sebb tagja volt, b\u0151rgy\u00f3gy\u00e1szati-venerol\u00f3giai tud\u00e1s\u00e1t a morfol\u00f3giai jelek m\u00e9lyrehat\u00f3 elemz\u00e9se, brav\u00faros klinikai diagn\u00f3zisok, vezet\u0151i munk\u00e1j\u00e1t kiterjedt interdiszciplin\u00e1ris \u00e9s nemzetk\u00f6zi kapcsolatok, maximalis humanit\u00e1s \u00e9s kult\u00far\u00e1lt magatart\u00e1s jellemezt\u00e9k. Sz\u00e1mos szaklap szerkeszt\u0151bizotts\u00e1gi tagja volt. Komoly tudom\u00e1nyos eredm\u00e9nyekkel gazdag\u00edtotta a hazai \u00e9s nemzetk\u00f6zi dermatol\u00f3gi\u00e1t a connatalis syphilis, a sarjadz\u00f3 gomb\u00e1k, a pemphigus diagn\u00f3zis\u00e1nak \u00e9s ter\u00e1pi\u00e1j\u00e1nak, valamint a b\u0151rgy\u00f3gy\u00e1szati k\u00f3rk\u00e9pek szteroid kezel\u00e9s\u00e9nek ter\u00fclet\u00e9n. T\u00f6bb b\u0151rgy\u00f3gy\u00e1sz-gener\u00e1ci\u00f3t nevelt a szakm\u00e1ra \u00e9s embers\u00e9gre egyar\u00e1nt.<\/p>\n<p>Hal\u00e1l\u00e1t k\u00f6vet\u0151en \u00f6r\u00f6k\u00f6se alap\u00edtv\u00e1nyt hozott l\u00e9tre fiatal b\u0151rgy\u00f3gy\u00e1sz szakorvosok t\u00e1mogat\u00e1s\u00e1ra. Az Alap\u00edtv\u00e1ny 1981-t\u0151l 1993-ig m\u0171k\u00f6d\u00f6tt, majd 2005-ben a B\u0151rklinika jelenlegi igazgat\u00f3j\u00e1nak, prof. dr. K\u00e1rp\u00e1ti Sarolt\u00e1nak javaslat\u00e1ra prof. dr. Tulassay Tivadar rektor \u00far felk\u00e9r\u00e9s\u00e9re megindult a kezel\u0151 szerv fel\u00faj\u00edt\u00e1s\u00e1nak folyamata, 2005 m\u00e1jus 18-\u00e1n a F\u0151v\u00e1rosi B\u00edr\u00f3s\u00e1g az alap\u00edt\u00f3 okirat m\u00f3dos\u00edt\u00e1s\u00e1t megtette. 2006. augusztus 25-\u00e9n, a n\u00e9vad\u00f3 sz\u00fclet\u00e9snapj\u00e1n, a Semmelweis Egyetem B\u0151r- \u00e9s Nemik\u00f3rtani \u00e9s B\u0151ronkol\u00f3giai Klinik\u00e1ja az Alap\u00edtv\u00e1ny kurat\u00f3rium\u00e1nak tagjai, koszor\u00faz\u00e1ssal egybek\u00f6t\u00f6tt \u00fcnneps\u00e9get tartottak az Alap\u00edtv\u00e1ny meg\u00fajul\u00e1s\u00e1nak \u00e9s egy \u00e9ves ism\u00e9telt m\u0171k\u00f6d\u00e9s\u00e9nek alkalm\u00e1b\u00f3l.<\/p>\n<p>Alap\u00edtv\u00e1nyi eln\u00f6k: Prof. Dr. Temesv\u00e1ri Erzs\u00e9bet, egyetemi tan\u00e1r<\/p>\n<p align=\"justify\">Az alap\u00edtv\u00e1ny adatai:<\/p>\n<p align=\"justify\">K\u00f6zhaszn\u00fas\u00e1gi fokozata: nem k\u00f6zhaszn\u00fa<\/p>\n<p align=\"justify\">Alap\u00edt\u00e1s \u00e9ve: 1981<\/p>\n<p align=\"justify\">Ad\u00f3sz\u00e1m: 18186976-1-42<\/p>\n<p align=\"justify\">Szervezet nyilv\u00e1ntart\u00e1si sz\u00e1ma: 01-01-0003572\u00a0<\/p>\n<hr \/>\n<p style=\"text-align: justify\"><strong>Az Alap\u00edtv\u00e1ny l\u00e9trehozta a Prof. Dr. F\u00f6ldv\u00e1ri Ferenc-d\u00edjat, s az elm\u00falt \u00e9vekben a k\u00f6vetkez\u0151, Klinik\u00e1nkon dolgoz\u00f3\u00a0 b\u0151rgy\u00f3gy\u00e1sz szakorvosok nyert\u00e9k el az Alap\u00edtv\u00e1ny t\u00e1mogat\u00e1s\u00e1t:\u00a0<\/strong><\/p>\n<p>2025. Dr. Kov\u00e1cs Anik\u00f3, klinikai szakorvos<\/p>\n<p>2024. Dr. Luk\u00e1cs Andrea, egyetemi tan\u00e1rseg\u00e9d<\/p>\n<p>2023. Dr. Kuroli Enik\u0151, klinikai f\u0151orvos<\/p>\n<p>2022. Dr. Szalai Kl\u00e1ra, klinikai f\u0151orvos, radiol\u00f3gus<\/p>\n<p>2021. Dr. Becker Krisztina, egyetemi adjunktus<\/p>\n<p>2020. Dr. Tam\u00e1si B\u00e9la, egyetemi adjunktus<\/p>\n<p>2019. Dr. T\u00f3th Veronika, egyetemi adjunktus<\/p>\n<p>2018. <span style=\"font-size: 14pt\">Dr. B\u00e1nv\u00f6lgyi Andr\u00e1s, egyetemi adjunktus<\/span><\/p>\n<p>2017.\u00a0Dr. Medvecz M\u00e1rta, egyetemi adjunktus, klinikai genetikus<\/p>\n<p>2016.\u00a0Dr. T\u00f3th B\u00e9la, egyetemi tan\u00e1rseg\u00e9d,\u00a0b\u0151rgy\u00f3gy\u00e1sz \u00e9s onkol\u00f3gus szakorvos,\u00a0az Orsz\u00e1gos STD Centrum \u00e9s Diagnosztikai K\u00f6zpont vezet\u0151je\u00a0<\/p>\n<p align=\"justify\">2015.\u00a0Dr. Szakonyi J\u00f3zsef, f\u0151orvos,\u00a0sug\u00e1rter\u00e1pi\u00e1s szakorvos\u00a0<\/p>\n<p align=\"justify\">2014.\u00a0Dr. Kuzmanovszki Daniella, egyetemi tan\u00e1rseg\u00e9d\u00a0<\/p>\n<p align=\"justify\">2013.\u00a0Dr. Ostorh\u00e1zi Eszter, egyetemi adjunktus\u00a0<\/p>\n<p align=\"justify\">2012.\u00a0Dr. Hidv\u00e9gi Bernadett, egyetemi adjunktus\u00a0<\/p>\n<p align=\"justify\">2011.\u00a0Dr. P\u00f3nyai Gy\u00f6rgyi, egyetemi adjunktus\u00a0<\/p>\n<p align=\"justify\">2010.\u00a0Dr. Bottlik Gyula, klinikai f\u0151orvos \u00a0<\/p>\n<p align=\"justify\">2009.\u00a0Dr. Preisz Klaudia, egyetemi adjunktus\u00a0<\/p>\n<p align=\"justify\">2008.\u00a0Dr. Holl\u00f3 P\u00e9ter, egyetemi adjunktus\u00a0<\/p>\n<p align=\"justify\">2007. Dr. Wikonk\u00e1l Norbert, egyetemi docens\u00a0<\/p>\n","protected":false},"excerpt":{"rendered":"<p><a href=\"https:\/\/semmelweis.hu\/borklinika\/files\/2014\/05\/foldvari.jpg\"><\/a> Prof. Dr. F\u00f6ldv\u00e1ri Ferenc (1895. aug. 25. &#8211; 1981. febr. 21.) a B\u0151rklinik\u00e1ra 1920-ban l\u00e9pett be, \u00e9s hal\u00e1l\u00e1ig akt\u00edv tagja maradt az int\u00e9zm\u00e9nynek. 1946-1967 k\u00f6z\u00f6tt a Budapesti Orvostudom\u00e1nyi Egyetem B\u0151rklinik\u00e1j\u00e1nak igazgat\u00f3ja. 1952-ben szervezte meg \u00e9s 1967-ig vezette az Orsz\u00e1gos B\u0151r- \u00e9s Nemik\u00f3rtani Int\u00e9zetet, mellyel egys\u00e9ges orsz\u00e1gos b\u0151r- \u00e9s nemigondoz\u00f3 h\u00e1l\u00f3zatot alak\u00edtott ki. Az \u00fan. &#8222;N\u00e9k\u00e1m-iskola&#8221; &hellip;<\/p>\n","protected":false},"author":101242,"featured_media":0,"parent":191,"menu_order":2,"comment_status":"closed","ping_status":"closed","template":"","meta":{"_acf_changed":false,"footnotes":""},"categories":[],"tags":[],"class_list":["post-200","page","type-page","status-publish","hentry"],"acf":[],"_links":{"self":[{"href":"https:\/\/semmelweis.hu\/borklinika\/wp-json\/wp\/v2\/pages\/200","targetHints":{"allow":["GET"]}}],"collection":[{"href":"https:\/\/semmelweis.hu\/borklinika\/wp-json\/wp\/v2\/pages"}],"about":[{"href":"https:\/\/semmelweis.hu\/borklinika\/wp-json\/wp\/v2\/types\/page"}],"author":[{"embeddable":true,"href":"https:\/\/semmelweis.hu\/borklinika\/wp-json\/wp\/v2\/users\/101242"}],"replies":[{"embeddable":true,"href":"https:\/\/semmelweis.hu\/borklinika\/wp-json\/wp\/v2\/comments?post=200"}],"version-history":[{"count":9,"href":"https:\/\/semmelweis.hu\/borklinika\/wp-json\/wp\/v2\/pages\/200\/revisions"}],"predecessor-version":[{"id":13221,"href":"https:\/\/semmelweis.hu\/borklinika\/wp-json\/wp\/v2\/pages\/200\/revisions\/13221"}],"up":[{"embeddable":true,"href":"https:\/\/semmelweis.hu\/borklinika\/wp-json\/wp\/v2\/pages\/191"}],"wp:attachment":[{"href":"https:\/\/semmelweis.hu\/borklinika\/wp-json\/wp\/v2\/media?parent=200"}],"wp:term":[{"taxonomy":"category","embeddable":true,"href":"https:\/\/semmelweis.hu\/borklinika\/wp-json\/wp\/v2\/categories?post=200"},{"taxonomy":"post_tag","embeddable":true,"href":"https:\/\/semmelweis.hu\/borklinika\/wp-json\/wp\/v2\/tags?post=200"}],"curies":[{"name":"wp","href":"https:\/\/api.w.org\/{rel}","templated":true}]}}