{"id":1974,"date":"2018-02-14T14:55:28","date_gmt":"2018-02-14T13:55:28","guid":{"rendered":"http:\/\/semmelweis.hu\/borklinika\/?page_id=1974"},"modified":"2021-01-15T12:34:56","modified_gmt":"2021-01-15T11:34:56","slug":"fenyvedelem-napja","status":"publish","type":"page","link":"https:\/\/semmelweis.hu\/borklinika\/magunkrol\/a-klinika-tortenete\/125-eves-a-borklinika\/fenyvedelem-napja\/","title":{"rendered":"F\u00e9nyv\u00e9delem napja"},"content":{"rendered":"<figure id=\"attachment_2326\" aria-describedby=\"caption-attachment-2326\" style=\"width: 190px\" class=\"wp-caption alignleft\"><img loading=\"lazy\" decoding=\"async\" class=\"wp-image-2326\" src=\"https:\/\/semmelweis.hu\/borklinika\/files\/2018\/03\/heat-834468_640-300x199.jpg\" alt=\"\" width=\"190\" height=\"126\" srcset=\"https:\/\/semmelweis.hu\/borklinika\/files\/2018\/03\/heat-834468_640-300x199.jpg 300w, https:\/\/semmelweis.hu\/borklinika\/files\/2018\/03\/heat-834468_640-452x300.jpg 452w, https:\/\/semmelweis.hu\/borklinika\/files\/2018\/03\/heat-834468_640.jpg 640w\" sizes=\"auto, (max-width: 190px) 100vw, 190px\" \/><figcaption id=\"caption-attachment-2326\" class=\"wp-caption-text\"><span style=\"font-size: 8pt\">Forr\u00e1s: https:\/\/pixabay.com\/hu\/<\/span><\/figcaption><\/figure>\n<p style=\"text-align: justify\">A Semmelweis Egyetem B\u0151rklinik\u00e1j\u00e1nak 125. \u00e9ves fenn\u00e1ll\u00e1s\u00e1t egy t\u00f6bb \u00e1llom\u00e1sb\u00f3l \u00e1ll\u00f3 tematikus el\u0151ad\u00e1ssorozattal is meg\u00fcnnepelt\u00fck 2018-ban.<br \/>\nEnnek els\u0151 \u00e1llom\u00e1sak\u00e9nt prof. dr. Wikonk\u00e1l Norbert szervez\u00e9s\u00e9ben, 2018. \u00e1prilis 6-\u00e1n megrendezett <em>F\u00e9nyv\u00e9delem napja<\/em> v\u00e1rta a l\u00e1togat\u00f3kat.\u00a0Kiemelt jelent\u0151s\u00e9get adott a rendezv\u00e9nynek az a megfigyel\u00e9s, hogy k\u00f6rnyezet\u00fcnk dr\u00e1mai m\u00f3don v\u00e1ltozik, \u00e9s az orvosi gyakorlatban a b\u0151rtumorok gyakoris\u00e1g\u00e1nak jelent\u0151s n\u00f6veked\u00e9s\u00e9t \u00e9szlelj\u00fck. A b\u0151rgy\u00f3gy\u00e1szati rosszindulat\u00fa daganatok sz\u00e1ma az ut\u00f3bbi 10 \u00e9vben megdupl\u00e1z\u00f3dott, a B\u0151rklinika profilj\u00e1ban pedig ezen p\u00e1ciensek ell\u00e1t\u00e1sa mind jelent\u0151sebb szerepet t\u00f6lt be.\u00a0A t\u00e9m\u00e1kban el\u0151ad\u00f3k a szakter\u00fclet\u00fck elismert szakemberei, akik a mindennapi munk\u00e1juk sor\u00e1n szerzett tapasztalataikat \u00fcltetik \u00e1t a napi \u00e9letvitel sz\u00e1m\u00e1ra\u00a0 is haszn\u00e1lhat\u00f3 tud\u00e1ss\u00e1.\u00a0<br \/>\nA rendezv\u00e9ny az ultraibolya sug\u00e1rz\u00e1s fizikai-meterolog\u00f3iai, n\u00e9peg\u00e9szs\u00e9g\u00fcgyi, b\u0151rgy\u00f3gy\u00e1szati-onkol\u00f3gai hat\u00e1sainak a t\u00e9m\u00e1j\u00e1ban ker\u00fclt teh\u00e1t megrendez\u00e9sre.\u00a0Az el\u0151ad\u00e1sok \u00e9rdekl\u0151d\u0151 laikusoknak, p\u00e1cienseknek \u00e9s eg\u00e9szs\u00e9g\u00fcgyi szakembereknek is tartogattak hasznos inform\u00e1ci\u00f3kat.\u00a0<br \/>\nK\u00f6zel 100 r\u00e9sztvev\u0151 el\u0151tt esett sz\u00f3 a magyarorsz\u00e1gi UV terhel\u00e9si adatokr\u00f3l, az ehhez kapcsol\u00f3d\u00f3 megbeteged\u00e9sekr\u0151l, <a href=\"https:\/\/semmelweis.hu\/borklinika\/files\/2018\/03\/pretty-woman-1509956_640.jpg\"><img loading=\"lazy\" decoding=\"async\" class=\" wp-image-2327 alignright\" src=\"https:\/\/semmelweis.hu\/borklinika\/files\/2018\/03\/pretty-woman-1509956_640-300x200.jpg\" alt=\"\" width=\"174\" height=\"116\" srcset=\"https:\/\/semmelweis.hu\/borklinika\/files\/2018\/03\/pretty-woman-1509956_640-300x200.jpg 300w, https:\/\/semmelweis.hu\/borklinika\/files\/2018\/03\/pretty-woman-1509956_640-451x300.jpg 451w, https:\/\/semmelweis.hu\/borklinika\/files\/2018\/03\/pretty-woman-1509956_640.jpg 640w\" sizes=\"auto, (max-width: 174px) 100vw, 174px\" \/><\/a>ezek gyakoris\u00e1g\u00e1nak az emelked\u00e9s\u00e9r\u0151l. Elhangzott el\u0151ad\u00e1s a szol\u00e1rium haszn\u00e1lat\u00e1nak k\u00e1ros aspektusair\u00f3l, de az \u00e9rdekl\u0151d\u0151k k\u00fcl\u00f6n r\u00e9szben a D-vitamin \u00e9lettani hat\u00e1sair\u00f3l \u00e9s a p\u00f3tl\u00e1s fontoss\u00e1g\u00e1r\u00f3l is hasznos inform\u00e1ci\u00f3kat kaptak.\u00a0<br \/>\nAz esem\u00e9ny f\u0151szponzorak\u00e9nt a f\u00e9nyv\u00e9d\u0151ket gy\u00e1rt\u00f3 \u00e9s forgalmaz\u00f3 Bioderma, Eucerin \u00e9s La Roche Posay c\u00e9gek term\u00e9kmint\u00e1kkal is kedveskedtek a megjelenteknek.<\/p>\n<p><em><strong><a href=\"https:\/\/photos.app.goo.gl\/VaWjY5bErdLJFLaG7\" target=\"_blank\" rel=\"noopener noreferrer\"><span style=\"color: #000080\">A rendezv\u00e9nyen k\u00e9sz\u00fclt fot\u00f3k el\u00e9rhet\u0151k itt<\/span><\/a><br \/>\n<\/strong><\/em><\/p>\n<p style=\"text-align: justify\"><u>El\u0151ad\u00e1sok: <\/u><\/p>\n<ul>\n<li style=\"text-align: justify\">T\u00f3th Zolt\u00e1n (Orsz\u00e1gos Meteorol\u00f3giai Szolg\u00e1lat): <em>Szol\u00e1ris UV sug\u00e1rz\u00e1s \u00e9s kl\u00edmav\u00e1ltoz\u00e1s<\/em><\/li>\n<li style=\"text-align: justify\">P\u00e1ldy Anna (Orsz\u00e1gos K\u00f6zeg\u00e9szs\u00e9g\u00fcgyi Int\u00e9zet): <em>A napsug\u00e1rz\u00e1s k\u00f6rnyezet-eg\u00e9szs\u00e9g\u00fcgyi szemmel<\/em><\/li>\n<li>Dr. Holl\u00f3 P\u00e9ter: <em>Szem\u00e9lyre szabott f\u00e9nyv\u00e9delem <\/em><span style=\"font-size: 12pt\">(Bioderma szponzor\u00e1lt el\u0151ad\u00e1s)<\/span><\/li>\n<li style=\"text-align: justify\">Prof. Dr. Wikonk\u00e1l Norbert: <em>Az UV-sug\u00e1rz\u00e1s \u00e1rtalmai a b\u0151rgy\u00f3gy\u00e1szati \u00e9s onkol\u00f3giai praxisban<\/em><\/li>\n<li style=\"text-align: justify\">Bakos J\u00f3zsef (Orsz\u00e1gos K\u00f6zeg\u00e9szs\u00e9g\u00fcgyi Int\u00e9zet):<em> Napoz\u00e1s, szol\u00e1riumoz\u00e1s \u00e9s D-vitamin ell\u00e1totts\u00e1g <\/em><\/li>\n<li style=\"text-align: justify\">Antal L\u00e1szl\u00f3 (MTA Szociol\u00f3giai Int\u00e9zet): <em>A Napr\u00f3l kialak\u00edtott elk\u00e9pzel\u00e9sek v\u00e1ltoz\u00e1sa a modern t\u00e1rsadalmakban <\/em><\/li>\n<li style=\"text-align: justify\">Tak\u00e1cs Istv\u00e1n (Semmelweis Egyetem, \u00c1OK, I. Belgy\u00f3gy\u00e1szati Klinika): <em>A Napf\u00e9ny vitamin<\/em><\/li>\n<li style=\"text-align: justify\">Dr. L\u0151rincz Kende K\u00e1lm\u00e1n:<em> B\u0151rgy\u00f3gy\u00e1szati fototer\u00e1pia<\/em><\/li>\n<\/ul>\n<p><a href=\"https:\/\/semmelweis.hu\/borklinika\/files\/2018\/04\/125plakat-f\u00danyv\u00dadelem-final.jpg\" target=\"_blank\" rel=\"noopener noreferrer\"><img loading=\"lazy\" decoding=\"async\" class=\"aligncenter wp-image-2474 \" src=\"https:\/\/semmelweis.hu\/borklinika\/files\/2018\/04\/125plakat-f\u00danyv\u00dadelem-final-212x300.jpg\" alt=\"\" width=\"245\" height=\"347\" srcset=\"https:\/\/semmelweis.hu\/borklinika\/files\/2018\/04\/125plakat-f\u00danyv\u00dadelem-final-212x300.jpg 212w, https:\/\/semmelweis.hu\/borklinika\/files\/2018\/04\/125plakat-f\u00danyv\u00dadelem-final-768x1086.jpg 768w, https:\/\/semmelweis.hu\/borklinika\/files\/2018\/04\/125plakat-f\u00danyv\u00dadelem-final-724x1024.jpg 724w, https:\/\/semmelweis.hu\/borklinika\/files\/2018\/04\/125plakat-f\u00danyv\u00dadelem-final.jpg 1488w\" sizes=\"auto, (max-width: 245px) 100vw, 245px\" \/><\/a><\/p>\n<p>&nbsp;<\/p>\n<p>&nbsp;<\/p>\n<p>A rendezv\u00e9ny t\u00e1mogat\u00f3i:<\/p>\n<table style=\"height: 130px\" width=\"737\">\n<tbody>\n<tr>\n<td style=\"width: 228px\"><a href=\"https:\/\/semmelweis.hu\/borklinika\/files\/2018\/01\/bioderma-img.jpg\"><img loading=\"lazy\" decoding=\"async\" class=\"wp-image-1738 alignleft\" src=\"https:\/\/semmelweis.hu\/borklinika\/files\/2018\/01\/bioderma-img-300x71.jpg\" alt=\"\" width=\"228\" height=\"54\" srcset=\"https:\/\/semmelweis.hu\/borklinika\/files\/2018\/01\/bioderma-img-300x71.jpg 300w, https:\/\/semmelweis.hu\/borklinika\/files\/2018\/01\/bioderma-img-580x137.jpg 580w, https:\/\/semmelweis.hu\/borklinika\/files\/2018\/01\/bioderma-img.jpg 731w\" sizes=\"auto, (max-width: 228px) 100vw, 228px\" \/><\/a><\/td>\n<td style=\"width: 196px\"><a href=\"https:\/\/semmelweis.hu\/borklinika\/files\/2018\/01\/Eucerin.jpg\">\u00a0 <img loading=\"lazy\" decoding=\"async\" class=\"wp-image-1788 alignleft\" src=\"https:\/\/semmelweis.hu\/borklinika\/files\/2018\/01\/Eucerin-300x111.jpg\" alt=\"\" width=\"172\" height=\"64\" srcset=\"https:\/\/semmelweis.hu\/borklinika\/files\/2018\/01\/Eucerin-300x111.jpg 300w, https:\/\/semmelweis.hu\/borklinika\/files\/2018\/01\/Eucerin-768x285.jpg 768w, https:\/\/semmelweis.hu\/borklinika\/files\/2018\/01\/Eucerin-1024x380.jpg 1024w, https:\/\/semmelweis.hu\/borklinika\/files\/2018\/01\/Eucerin-580x215.jpg 580w, https:\/\/semmelweis.hu\/borklinika\/files\/2018\/01\/Eucerin.jpg 1272w\" sizes=\"auto, (max-width: 172px) 100vw, 172px\" \/><\/a><\/td>\n<td style=\"width: 148px\"><a href=\"https:\/\/semmelweis.hu\/borklinika\/files\/2018\/01\/La_Roche_Posay.jpg\"><img loading=\"lazy\" decoding=\"async\" class=\"wp-image-1791 alignleft\" src=\"https:\/\/semmelweis.hu\/borklinika\/files\/2018\/01\/La_Roche_Posay-300x182.jpg\" alt=\"\" width=\"124\" height=\"75\" srcset=\"https:\/\/semmelweis.hu\/borklinika\/files\/2018\/01\/La_Roche_Posay-300x182.jpg 300w, https:\/\/semmelweis.hu\/borklinika\/files\/2018\/01\/La_Roche_Posay.jpg 337w\" sizes=\"auto, (max-width: 124px) 100vw, 124px\" \/><\/a>\u00a0<\/td>\n<td style=\"width: 3.86px\">\u00a0<\/td>\n<\/tr>\n<\/tbody>\n<\/table>\n<p>A program szervez\u0151je:\u00a0<\/p>\n<p>Prof. Dr. Wikonk\u00e1l Norbert<br \/>\negyetemi tan\u00e1r, onkol\u00f3gus<\/p>\n<p>&nbsp;<\/p>\n<p>&nbsp;<\/p>\n","protected":false},"excerpt":{"rendered":"<p>A Semmelweis Egyetem B\u0151rklinik\u00e1j\u00e1nak 125. \u00e9ves fenn\u00e1ll\u00e1s\u00e1t egy t\u00f6bb \u00e1llom\u00e1sb\u00f3l \u00e1ll\u00f3 tematikus el\u0151ad\u00e1ssorozattal is meg\u00fcnnepelt\u00fck 2018-ban. Ennek els\u0151 \u00e1llom\u00e1sak\u00e9nt prof. dr. Wikonk\u00e1l Norbert szervez\u00e9s\u00e9ben, 2018. \u00e1prilis 6-\u00e1n megrendezett F\u00e9nyv\u00e9delem napja v\u00e1rta a l\u00e1togat\u00f3kat.\u00a0Kiemelt jelent\u0151s\u00e9get adott a rendezv\u00e9nynek az a megfigyel\u00e9s, hogy k\u00f6rnyezet\u00fcnk dr\u00e1mai m\u00f3don v\u00e1ltozik, \u00e9s az orvosi gyakorlatban a b\u0151rtumorok gyakoris\u00e1g\u00e1nak jelent\u0151s n\u00f6veked\u00e9s\u00e9t \u00e9szlelj\u00fck. &hellip;<\/p>\n","protected":false},"author":101274,"featured_media":0,"parent":4405,"menu_order":4,"comment_status":"closed","ping_status":"closed","template":"","meta":{"_acf_changed":false,"footnotes":""},"categories":[],"tags":[],"class_list":["post-1974","page","type-page","status-publish","hentry"],"acf":[],"_links":{"self":[{"href":"https:\/\/semmelweis.hu\/borklinika\/wp-json\/wp\/v2\/pages\/1974","targetHints":{"allow":["GET"]}}],"collection":[{"href":"https:\/\/semmelweis.hu\/borklinika\/wp-json\/wp\/v2\/pages"}],"about":[{"href":"https:\/\/semmelweis.hu\/borklinika\/wp-json\/wp\/v2\/types\/page"}],"author":[{"embeddable":true,"href":"https:\/\/semmelweis.hu\/borklinika\/wp-json\/wp\/v2\/users\/101274"}],"replies":[{"embeddable":true,"href":"https:\/\/semmelweis.hu\/borklinika\/wp-json\/wp\/v2\/comments?post=1974"}],"version-history":[{"count":10,"href":"https:\/\/semmelweis.hu\/borklinika\/wp-json\/wp\/v2\/pages\/1974\/revisions"}],"predecessor-version":[{"id":8173,"href":"https:\/\/semmelweis.hu\/borklinika\/wp-json\/wp\/v2\/pages\/1974\/revisions\/8173"}],"up":[{"embeddable":true,"href":"https:\/\/semmelweis.hu\/borklinika\/wp-json\/wp\/v2\/pages\/4405"}],"wp:attachment":[{"href":"https:\/\/semmelweis.hu\/borklinika\/wp-json\/wp\/v2\/media?parent=1974"}],"wp:term":[{"taxonomy":"category","embeddable":true,"href":"https:\/\/semmelweis.hu\/borklinika\/wp-json\/wp\/v2\/categories?post=1974"},{"taxonomy":"post_tag","embeddable":true,"href":"https:\/\/semmelweis.hu\/borklinika\/wp-json\/wp\/v2\/tags?post=1974"}],"curies":[{"name":"wp","href":"https:\/\/api.w.org\/{rel}","templated":true}]}}