{"id":187,"date":"2014-05-12T16:25:41","date_gmt":"2014-05-12T14:25:41","guid":{"rendered":"http:\/\/semmelweis.hu\/borklinika\/?page_id=187"},"modified":"2025-01-13T15:40:09","modified_gmt":"2025-01-13T14:40:09","slug":"magunkrol","status":"publish","type":"page","link":"https:\/\/semmelweis.hu\/borklinika\/magunkrol\/","title":{"rendered":"Magunkr\u00f3l"},"content":{"rendered":"<p style=\"text-align: justify\">Orsz\u00e1gos int\u00e9zet\u00fcnk 3 fekv\u0151beteg oszt\u00e1llyal, valamint 3 \u00e1ltal\u00e1nos \u00e9s 20 speci\u00e1lis szakrendel\u00e9ssel, diagnosztikai \u00e9s kutat\u00f3 laborat\u00f3riumokkal k\u00f6zel 5 milli\u00f3 lakos ell\u00e1t\u00e1s\u00e1hoz biztos\u00edt h\u00e1tteret. Klinik\u00e1nkon magyar, angol \u00e9s n\u00e9met nyelven zajlik gradu\u00e1lis b\u0151rgy\u00f3gy\u00e1szati oktat\u00e1s, a klinik\u00e1n 1998. \u00f3ta PhD k\u00e9pz\u00e9s is folyik, 2005. \u00f3ta \u00f6n\u00e1ll\u00f3 doktori programmal.<\/p>\n<h4 style=\"text-align: justify\"><strong>Betegell\u00e1t\u00e1s<\/strong><\/h4>\n<p style=\"text-align: justify\">A betegell\u00e1t\u00e1s f\u0151 profiljai: onkodermatol\u00f3gia, a b\u0151r autoimmun betegs\u00e9gei, psoriasis, allergol\u00f3gia, gyermekb\u0151rgy\u00f3gy\u00e1szat, \u00f6r\u00f6kletes b\u0151rbetegs\u00e9gek, sug\u00e1rter\u00e1pia, kozmetol\u00f3gia, ultrahang-diagnosztika \u00e9s szexu\u00e1lis \u00faton terjed\u0151 betegs\u00e9gek.<\/p>\n<ul>\n<li style=\"text-align: justify\">A klinik\u00e1n 3 fekv\u0151beteg-oszt\u00e1ly m\u0171k\u00f6dik: \u00e1ltal\u00e1nos b\u0151rgy\u00f3gy\u00e1szat, allergo-immunol\u00f3gia, dermatoonkol\u00f3gia.<\/li>\n<li style=\"text-align: justify\">B\u0151rseb\u00e9szeti r\u00e9szleg\u00fcnk mind a fekv\u0151beteg-, mind a j\u00e1r\u00f3beteg-ell\u00e1t\u00e1sban r\u00e9szt vesz.<\/li>\n<li style=\"text-align: justify\">Gy\u00f3gy\u00edt\u00f3 tev\u00e9kenys\u00e9g\u00fcnket \u00e9s az oktat\u00e1st diagnosztikai- \u00e9s kutat\u00f3 laborat\u00f3riumok &#8211; fotodermatol\u00f3gia- \u00e9s karcinogenesis, allergol\u00f3gia, genetika- \u00e9s \u0151ssejtlabor, hisztopathol\u00f3gia, immunfluoreszcens labor, klinikai mikrobiol\u00f3gia \u00e9s mycologia &#8211; seg\u00edtik.<\/li>\n<li style=\"text-align: justify\">Int\u00e9zm\u00e9ny\u00fcnkben 2005 \u00f3ta m\u0171k\u00f6dik az Orsz\u00e1gos STD Centrum, melyet az egyetemi nemzeti Neisseria gonorrhoeae \u00e9s nemzeti syphilis referencia laborat\u00f3riumok seg\u00edtenek.<\/li>\n<li style=\"text-align: justify\">A klinika biol\u00f3giai ter\u00e1pi\u00e1s centrumk\u00e9nt r\u00e9szt vesz a psoriasis vulgaris p\u00e1ciensek ell\u00e1t\u00e1s\u00e1ban.<\/li>\n<\/ul>\n<h4 style=\"text-align: justify\"><strong>Oktat\u00e1s<\/strong><\/h4>\n<p style=\"text-align: justify\">Klinik\u00e1nkon magyar, angol \u00e9s n\u00e9met nyelven zajlik gradu\u00e1lis b\u0151rgy\u00f3gy\u00e1szati oktat\u00e1s \u00e1ltal\u00e1nos orvos- \u00e9s fogorvostan-hallgat\u00f3k r\u00e9sz\u00e9re, egy szemeszter sor\u00e1n k\u00f6telez\u0151en v\u00e1lasztott kreditpontos tant\u00e1rgyk\u00e9nt.<\/p>\n<p style=\"text-align: justify\">A \u201eGyakorlati allergol\u00f3gia\u201d el\u0151ad\u00e1sait 2007-t\u0151l hirdetj\u00fck meg, a \u201eSzexu\u00e1lis \u00faton terjed\u0151 megbeteged\u00e9sek\u201d el\u0151ad\u00e1sait 2011-t\u0151l, ezen kurzusok a posztgradu\u00e1lis k\u00e9pz\u00e9sben is akkredit\u00e1ltak.<\/p>\n<p style=\"text-align: justify\">A hallgat\u00f3k r\u00e9sz\u00e9re biztos\u00edtott a klinik\u00e1n tudom\u00e1nyos di\u00e1kk\u00f6ri munka. A klinika posztgradu\u00e1lis k\u00e9pz\u00e9st ny\u00fajt rezidensek, b\u0151r- \u00e9s nemigy\u00f3gy\u00e1szat szakorvosjel\u00f6ltek, valamint onkol\u00f3gus-, immunol\u00f3gia-allergol\u00f3gia-, ill. klinikai mikrobiol\u00f3gia szakorvos-jel\u00f6ltek sz\u00e1m\u00e1ra \u00e9s m\u00e1s nem b\u0151rgy\u00f3gy\u00e1szati szakk\u00e9pes\u00edt\u00e9st nyer\u0151k, valamint csal\u00e1dorvosok r\u00e9sz\u00e9re.<\/p>\n<p style=\"text-align: justify\">A klinik\u00e1n 1998. \u00f3ta folyik PhD k\u00e9pz\u00e9s, 2005. \u00f3ta \u00f6n\u00e1ll\u00f3 doktori programmal.<\/p>\n<h4 style=\"text-align: justify\"><strong>Kutat\u00e1s<\/strong><\/h4>\n<p style=\"text-align: justify\">A klinika f\u0151 tudom\u00e1nyos programj\u00e1nak r\u00e9szei az al\u00e1bbi kutat\u00e1si tev\u00e9kenys\u00e9gek: klinikofarmakol\u00f3gia, dermatoallergol\u00f3gia, gy\u00f3gyszerallergia, autoimmun betegs\u00e9gek, genodermatosisok, szexu\u00e1lis \u00faton terjed\u0151 betegs\u00e9gek, a b\u0151r malignus betegs\u00e9gei, a psoriasis, a h\u00f3lyagk\u00e9pz\u0151d\u00e9ssel j\u00e1r\u00f3 \u00e9s \u00f6r\u00f6kletes b\u0151rbetegs\u00e9gek, fotodermatol\u00f3gia.<\/p>\n<p><a href=\"https:\/\/semmelweis.hu\/borklinika\/kutatasi-tevekenysegek\/\">B\u0151vebben a klinika kutat\u00e1si ter\u00fcleteir\u0151l \u2192<\/a><\/p>\n<h4 style=\"text-align: left\"><strong>SZERVEZETI \u00c1BRA<\/strong><\/h4>\n<h4 style=\"text-align: center\">\nSEMMELWEIS EGYETEM B\u0150R-, NEMIK\u00d3RTANI \u00c9S B\u0150RONKOL\u00d3GIAI KLINIKA<a href=\"https:\/\/semmelweis.hu\/borklinika\/files\/2023\/01\/SE-BOR-SZR-M01-Klinika-organogramja-V2.pdf\" rel=\"attachment wp-att-10609\"><img loading=\"lazy\" decoding=\"async\" class=\"alignleft wp-image-10609 size-full\" src=\"https:\/\/semmelweis.hu\/borklinika\/files\/2023\/01\/SE-BOR-SZR-M01-Klinika-organogramja-V2-scaled.jpg\" alt=\"\" width=\"2560\" height=\"1810\" srcset=\"https:\/\/semmelweis.hu\/borklinika\/files\/2023\/01\/SE-BOR-SZR-M01-Klinika-organogramja-V2-scaled.jpg 2560w, https:\/\/semmelweis.hu\/borklinika\/files\/2023\/01\/SE-BOR-SZR-M01-Klinika-organogramja-V2-400x283.jpg 400w, https:\/\/semmelweis.hu\/borklinika\/files\/2023\/01\/SE-BOR-SZR-M01-Klinika-organogramja-V2-1024x724.jpg 1024w, https:\/\/semmelweis.hu\/borklinika\/files\/2023\/01\/SE-BOR-SZR-M01-Klinika-organogramja-V2-768x543.jpg 768w, https:\/\/semmelweis.hu\/borklinika\/files\/2023\/01\/SE-BOR-SZR-M01-Klinika-organogramja-V2-1536x1086.jpg 1536w, https:\/\/semmelweis.hu\/borklinika\/files\/2023\/01\/SE-BOR-SZR-M01-Klinika-organogramja-V2-2048x1448.jpg 2048w, https:\/\/semmelweis.hu\/borklinika\/files\/2023\/01\/SE-BOR-SZR-M01-Klinika-organogramja-V2-753x532.jpg 753w\" sizes=\"auto, (max-width: 2560px) 100vw, 2560px\" \/><\/a><\/h4>\n<p>&nbsp;<\/p>\n","protected":false},"excerpt":{"rendered":"<p>Orsz\u00e1gos int\u00e9zet\u00fcnk 3 fekv\u0151beteg oszt\u00e1llyal, valamint 3 \u00e1ltal\u00e1nos \u00e9s 20 speci\u00e1lis szakrendel\u00e9ssel, diagnosztikai \u00e9s kutat\u00f3 laborat\u00f3riumokkal k\u00f6zel 5 milli\u00f3 lakos ell\u00e1t\u00e1s\u00e1hoz biztos\u00edt h\u00e1tteret.<br \/>\nA betegell\u00e1t\u00e1s f\u0151 profiljai: onkodermatol\u00f3gia, a b\u0151r autoimmun betegs\u00e9gei, psoriasis, allergol\u00f3gia, gyermekb\u0151rgy\u00f3gy\u00e1szat, \u00f6r\u00f6kletes b\u0151rbetegs\u00e9gek, sug\u00e1rter\u00e1pia, kozmetol\u00f3gia, ultrahang-diagnosztika \u00e9s szexu\u00e1lis \u00faton terjed\u0151 (STD, STI) betegs\u00e9gek. A klinik\u00e1n m\u0171k\u00f6d\u0151 b\u0151rseb\u00e9szeti r\u00e9szleg mind a fekv\u0151beteg-, mind a j\u00e1r\u00f3beteg-ell\u00e1t\u00e1sban r\u00e9szt vesz.<br \/>\nInt\u00e9zet\u00fcnk biol\u00f3giai ter\u00e1pi\u00e1s centrumk\u00e9nt kiemelked\u0151 szerepet v\u00e1llal a psoriasis vulgaris p\u00e1ciensek ell\u00e1t\u00e1s\u00e1ban.<br \/>\nA klinika f\u0151 tudom\u00e1nyos programj\u00e1nak r\u00e9szei az al\u00e1bbi kutat\u00e1si tev\u00e9kenys\u00e9gek: klinikofarmakol\u00f3gia, dermatoallergol\u00f3gia, gy\u00f3gyszerallergia, autoimmun betegs\u00e9gek, genodermatosisok, szexu\u00e1lis \u00faton terjed\u0151 betegs\u00e9gek, a b\u0151r malignus betegs\u00e9gei, a psoriasis, a h\u00f3lyagk\u00e9pz\u0151d\u00e9ssel j\u00e1r\u00f3 \u00e9s \u00f6r\u00f6kletes b\u0151rbetegs\u00e9gek, fotodermatol\u00f3gia.<br \/>\nKlinik\u00e1nkon magyar, angol \u00e9s n\u00e9met nyelven zajlik gradu\u00e1lis b\u0151rgy\u00f3gy\u00e1szati oktat\u00e1s, 1998 \u00f3ta PhD k\u00e9pz\u00e9s is folyik, 2005 \u00f3ta \u00f6n\u00e1ll\u00f3 doktori programmal.<\/p>\n","protected":false},"author":101242,"featured_media":0,"parent":0,"menu_order":1,"comment_status":"closed","ping_status":"closed","template":"","meta":{"_acf_changed":false,"footnotes":""},"categories":[],"tags":[],"class_list":["post-187","page","type-page","status-publish","hentry"],"acf":[],"_links":{"self":[{"href":"https:\/\/semmelweis.hu\/borklinika\/wp-json\/wp\/v2\/pages\/187","targetHints":{"allow":["GET"]}}],"collection":[{"href":"https:\/\/semmelweis.hu\/borklinika\/wp-json\/wp\/v2\/pages"}],"about":[{"href":"https:\/\/semmelweis.hu\/borklinika\/wp-json\/wp\/v2\/types\/page"}],"author":[{"embeddable":true,"href":"https:\/\/semmelweis.hu\/borklinika\/wp-json\/wp\/v2\/users\/101242"}],"replies":[{"embeddable":true,"href":"https:\/\/semmelweis.hu\/borklinika\/wp-json\/wp\/v2\/comments?post=187"}],"version-history":[{"count":10,"href":"https:\/\/semmelweis.hu\/borklinika\/wp-json\/wp\/v2\/pages\/187\/revisions"}],"predecessor-version":[{"id":12758,"href":"https:\/\/semmelweis.hu\/borklinika\/wp-json\/wp\/v2\/pages\/187\/revisions\/12758"}],"wp:attachment":[{"href":"https:\/\/semmelweis.hu\/borklinika\/wp-json\/wp\/v2\/media?parent=187"}],"wp:term":[{"taxonomy":"category","embeddable":true,"href":"https:\/\/semmelweis.hu\/borklinika\/wp-json\/wp\/v2\/categories?post=187"},{"taxonomy":"post_tag","embeddable":true,"href":"https:\/\/semmelweis.hu\/borklinika\/wp-json\/wp\/v2\/tags?post=187"}],"curies":[{"name":"wp","href":"https:\/\/api.w.org\/{rel}","templated":true}]}}