{"id":1292,"date":"2017-05-10T15:03:02","date_gmt":"2017-05-10T13:03:02","guid":{"rendered":"http:\/\/semmelweis.hu\/borklinika\/?page_id=1292"},"modified":"2024-07-18T09:53:17","modified_gmt":"2024-07-18T07:53:17","slug":"diplomarbeit","status":"publish","type":"page","link":"https:\/\/semmelweis.hu\/borklinika\/de\/fur-studenten\/diplomarbeit\/","title":{"rendered":"Diplomarbeit"},"content":{"rendered":"<table style=\"width: 63.5869%\" width=\"637\">\n<tbody>\n<tr>\n<td style=\"width: 55.1261%\" width=\"384\">\n<p><em>Themen<\/em><\/p>\n<\/td>\n<td style=\"width: 44.7165%\" width=\"253\">\n<p><em>Mentor<\/em><\/p>\n<\/td>\n<\/tr>\n<tr>\n<td style=\"width: 55.1261%\" width=\"322\">\n<p>Klinische Eigenschaften und Behandlung von Alopecia areata<\/p>\n<\/td>\n<td style=\"width: 44.7165%\" width=\"349\">\n<p>Prof. Dr. dr. med. Mikl\u00f3s S\u00e1rdy<\/p>\n<\/td>\n<\/tr>\n<tr>\n<td style=\"width: 55.1261%\" width=\"322\">\n<p>Klinische Eigenschaften und Behandlung von Lichen sclerosus et atrophicus<\/p>\n<\/td>\n<td style=\"width: 44.7165%\" width=\"349\">\n<p>Prof. Dr. dr. med. Mikl\u00f3s S\u00e1rdy<\/p>\n<\/td>\n<\/tr>\n<tr>\n<td style=\"width: 55.1261%\">\n<p>Einsatz von JAK-Inhibitoren in der Dermatologie<\/p>\n<\/td>\n<td style=\"width: 44.7165%\">\n<p>Prof. Dr. dr. med. Mikl\u00f3s S\u00e1rdy<\/p>\n<\/td>\n<\/tr>\n<tr>\n<td style=\"width: 55.1261%\">\n<p>Kutane Lymphome<\/p>\n<\/td>\n<td style=\"width: 44.7165%\">\n<p>Dr. J\u00f3zsef Szakonyi, Oberarzt<\/p>\n<\/td>\n<\/tr>\n<tr>\n<td style=\"width: 55.1261%\">\n<p>An der Grenze zwischen Gut und B\u00f6se: Niedrig maligne kutane Lymphome<\/p>\n<\/td>\n<td style=\"width: 44.7165%\">\n<p>Dr. J\u00f3zsef Szakonyi, Oberarzt<\/p>\n<\/td>\n<\/tr>\n<tr>\n<td style=\"width: 55.1261%\">\n<p>Follikulotrope Mycosis fungoides<\/p>\n<\/td>\n<td style=\"width: 44.7165%\">\n<p>Dr. J\u00f3zsef Szakonyi, Oberarzt<\/p>\n<\/td>\n<\/tr>\n<tr>\n<td style=\"width: 55.1261%\">CD30 positive lymphoproliferative Erkrankungen und deren Behandlung<\/td>\n<td style=\"width: 44.7165%\">\n<p>Dr. J\u00f3zsef Szakonyi, Oberarzt<\/p>\n<\/td>\n<\/tr>\n<tr>\n<td style=\"width: 55.1261%\">Die Rolle der oberfl\u00e4chlichen Strahlentherapie bei der Behandlung kutaner Lymphome<\/td>\n<td style=\"width: 44.7165%\">\n<p>Dr. J\u00f3zsef Szakonyi, Oberarzt<\/p>\n<\/td>\n<\/tr>\n<tr>\n<td style=\"width: 55.1261%\">Lymphoproliferative Erkrankungen mit Erythrodermie<\/td>\n<td style=\"width: 44.7165%\">\n<p>Dr. J\u00f3zsef Szakonyi, Oberarzt<\/p>\n<\/td>\n<\/tr>\n<tr>\n<td style=\"width: 55.1261%\">Nicht-chirurgische Behandlung von Basaliomen<\/td>\n<td style=\"width: 44.7165%\">\n<p>Dr. J\u00f3zsef Szakonyi, Oberarzt<\/p>\n<\/td>\n<\/tr>\n<tr>\n<td style=\"width: 55.1261%\">Nicht-chirurgische Behandlung von Plattenepithelkarzinomen und deren Vorstufen<\/td>\n<td style=\"width: 44.7165%\">Dr. J\u00f3zsef Szakonyi, Oberarzt<\/p>\n<p>&nbsp;<\/p>\n<\/td>\n<\/tr>\n<tr>\n<td style=\"width: 55.1261%\">Nicht-chirurgische Behandlung von Lentigo maligna<\/td>\n<td style=\"width: 44.7165%\">Dr. J\u00f3zsef Szakonyi, Oberarzt<\/p>\n<p>&nbsp;<\/p>\n<\/td>\n<\/tr>\n<\/tbody>\n<\/table>\n","protected":false},"excerpt":{"rendered":"<p>Themen Mentor Klinische Eigenschaften und Behandlung von Alopecia areata Prof. Dr. dr. med. Mikl\u00f3s S\u00e1rdy Klinische Eigenschaften und Behandlung von Lichen sclerosus et atrophicus Prof. Dr. dr. med. Mikl\u00f3s S\u00e1rdy Einsatz von JAK-Inhibitoren in der Dermatologie Prof. Dr. dr. med. Mikl\u00f3s S\u00e1rdy Kutane Lymphome Dr. J\u00f3zsef Szakonyi, Oberarzt An der Grenze zwischen Gut und B\u00f6se: &hellip;<\/p>\n","protected":false},"author":101242,"featured_media":0,"parent":480,"menu_order":4,"comment_status":"closed","ping_status":"closed","template":"","meta":{"_acf_changed":false,"footnotes":""},"categories":[],"tags":[],"class_list":["post-1292","page","type-page","status-publish","hentry"],"acf":[],"_links":{"self":[{"href":"https:\/\/semmelweis.hu\/borklinika\/wp-json\/wp\/v2\/pages\/1292","targetHints":{"allow":["GET"]}}],"collection":[{"href":"https:\/\/semmelweis.hu\/borklinika\/wp-json\/wp\/v2\/pages"}],"about":[{"href":"https:\/\/semmelweis.hu\/borklinika\/wp-json\/wp\/v2\/types\/page"}],"author":[{"embeddable":true,"href":"https:\/\/semmelweis.hu\/borklinika\/wp-json\/wp\/v2\/users\/101242"}],"replies":[{"embeddable":true,"href":"https:\/\/semmelweis.hu\/borklinika\/wp-json\/wp\/v2\/comments?post=1292"}],"version-history":[{"count":7,"href":"https:\/\/semmelweis.hu\/borklinika\/wp-json\/wp\/v2\/pages\/1292\/revisions"}],"predecessor-version":[{"id":12315,"href":"https:\/\/semmelweis.hu\/borklinika\/wp-json\/wp\/v2\/pages\/1292\/revisions\/12315"}],"up":[{"embeddable":true,"href":"https:\/\/semmelweis.hu\/borklinika\/wp-json\/wp\/v2\/pages\/480"}],"wp:attachment":[{"href":"https:\/\/semmelweis.hu\/borklinika\/wp-json\/wp\/v2\/media?parent=1292"}],"wp:term":[{"taxonomy":"category","embeddable":true,"href":"https:\/\/semmelweis.hu\/borklinika\/wp-json\/wp\/v2\/categories?post=1292"},{"taxonomy":"post_tag","embeddable":true,"href":"https:\/\/semmelweis.hu\/borklinika\/wp-json\/wp\/v2\/tags?post=1292"}],"curies":[{"name":"wp","href":"https:\/\/api.w.org\/{rel}","templated":true}]}}