{"id":1278,"date":"2017-05-10T14:42:20","date_gmt":"2017-05-10T12:42:20","guid":{"rendered":"http:\/\/semmelweis.hu\/borklinika\/?page_id=1278"},"modified":"2026-03-25T08:56:53","modified_gmt":"2026-03-25T07:56:53","slug":"academic-students-subjects","status":"publish","type":"page","link":"https:\/\/semmelweis.hu\/borklinika\/en\/for-students\/academic-students-subjects\/","title":{"rendered":"Students\u2019 scientific association (TDK)"},"content":{"rendered":"<div class=\"keretes w-100\">\n<p>Please choose the thesis you are interested in and directly contact the supervisor assigned to the topic.\u00a0<\/p>\n<\/div>\n<ul style=\"list-style-type: square\">\n<li>\n<p>Neutrophilic dermatoses in inflammatory bowel disease<br \/>\nProf. Dr. S\u00e1rdy Mikl\u00f3s<\/p>\n<\/li>\n<li>\n<p>Clinical features and treatment of lichen sclerosus et atrophicus<br \/>\nProf. Dr. S\u00e1rdy Mikl\u00f3s<\/p>\n<\/li>\n<li>Clinical features and treatment of alopecia areata<br \/>\nProf. Dr. S\u00e1rdy Mikl\u00f3s<\/li>\n<\/ul>\n<ul>\n<li>Use of JAK inhibitors in dermatology<br \/>\nProf. Dr. S\u00e1rdy Mikl\u00f3s<\/li>\n<\/ul>\n<ul style=\"list-style-type: square\">\n<li>\n<p>Investigations on the genetic background of epidermolysis bullosa<br \/>\nDr. Mayer Bal\u00e1zs PhD<\/p>\n<\/li>\n<li>\n<p>Functions of gamma-delta T cells in melanoma<br \/>\nDr. Mayer Bal\u00e1zs PhD<\/p>\n<\/li>\n<li>\n<p>Diagnosis and Treatment of Cutaneous Lymphomas<br \/>\nDr. Szakonyi J\u00f3zsef<\/p>\n<\/li>\n<li>Clinical and laboratory examinations in psoriasis<br \/>\nDr. Luk\u00e1cs Andrea<\/li>\n<li>\u00a0<\/li>\n<\/ul>\n<p>Modified:\u00a0 March 2026<\/p>\n","protected":false},"excerpt":{"rendered":"<p>Please choose the thesis you are interested in and directly contact the supervisor assigned to the topic.\u00a0 Neutrophilic dermatoses in inflammatory bowel disease Prof. Dr. S\u00e1rdy Mikl\u00f3s Clinical features and treatment of lichen sclerosus et atrophicus Prof. Dr. S\u00e1rdy Mikl\u00f3s Clinical features and treatment of alopecia areata Prof. Dr. S\u00e1rdy Mikl\u00f3s Use of JAK inhibitors &hellip;<\/p>\n","protected":false},"author":101242,"featured_media":0,"parent":412,"menu_order":3,"comment_status":"closed","ping_status":"closed","template":"","meta":{"_acf_changed":false,"footnotes":""},"categories":[],"tags":[],"class_list":["post-1278","page","type-page","status-publish","hentry"],"acf":[],"_links":{"self":[{"href":"https:\/\/semmelweis.hu\/borklinika\/wp-json\/wp\/v2\/pages\/1278","targetHints":{"allow":["GET"]}}],"collection":[{"href":"https:\/\/semmelweis.hu\/borklinika\/wp-json\/wp\/v2\/pages"}],"about":[{"href":"https:\/\/semmelweis.hu\/borklinika\/wp-json\/wp\/v2\/types\/page"}],"author":[{"embeddable":true,"href":"https:\/\/semmelweis.hu\/borklinika\/wp-json\/wp\/v2\/users\/101242"}],"replies":[{"embeddable":true,"href":"https:\/\/semmelweis.hu\/borklinika\/wp-json\/wp\/v2\/comments?post=1278"}],"version-history":[{"count":11,"href":"https:\/\/semmelweis.hu\/borklinika\/wp-json\/wp\/v2\/pages\/1278\/revisions"}],"predecessor-version":[{"id":13471,"href":"https:\/\/semmelweis.hu\/borklinika\/wp-json\/wp\/v2\/pages\/1278\/revisions\/13471"}],"up":[{"embeddable":true,"href":"https:\/\/semmelweis.hu\/borklinika\/wp-json\/wp\/v2\/pages\/412"}],"wp:attachment":[{"href":"https:\/\/semmelweis.hu\/borklinika\/wp-json\/wp\/v2\/media?parent=1278"}],"wp:term":[{"taxonomy":"category","embeddable":true,"href":"https:\/\/semmelweis.hu\/borklinika\/wp-json\/wp\/v2\/categories?post=1278"},{"taxonomy":"post_tag","embeddable":true,"href":"https:\/\/semmelweis.hu\/borklinika\/wp-json\/wp\/v2\/tags?post=1278"}],"curies":[{"name":"wp","href":"https:\/\/api.w.org\/{rel}","templated":true}]}}