{"id":1222,"date":"2017-04-27T10:00:07","date_gmt":"2017-04-27T08:00:07","guid":{"rendered":"http:\/\/semmelweis.hu\/borklinika\/?page_id=1222"},"modified":"2026-04-07T14:24:10","modified_gmt":"2026-04-07T12:24:10","slug":"osztalyok","status":"publish","type":"page","link":"https:\/\/semmelweis.hu\/borklinika\/elerhetoseg\/osztalyok\/","title":{"rendered":"Oszt\u00e1lyok"},"content":{"rendered":"<table style=\"width: 100%;border-color: #ffffff;height: 786px\" border=\"1\" cellspacing=\"4\" cellpadding=\"4\">\n<tbody>\n<tr style=\"border-color: #949191;height: 33px;background-color: #d9abab\">\n<td style=\"width: 99.8201%;height: 33px;text-align: center\" colspan=\"4\"><em><strong>Az \u00f6tjegy\u0171 mell\u00e9keket a 459-1500 sz\u00e1m t\u00e1rcs\u00e1z\u00e1sa ut\u00e1n tudja h\u00edvni!<\/strong><\/em><\/td>\n<\/tr>\n<tr style=\"border-color: #949191;height: 24px\">\n<td style=\"width: 32.2136%;height: 24px;text-align: center;background-color: #badde8\"><strong>n\u00e9v<\/strong><\/td>\n<td style=\"width: 32.5039%;height: 24px;text-align: center;background-color: #badde8\"><strong>beoszt\u00e1s<\/strong><\/td>\n<td style=\"width: 15.464%;height: 24px;text-align: center;background-color: #badde8\"><strong>telefon<\/strong><\/td>\n<td style=\"width: 19.6386%;height: 24px;text-align: center;background-color: #badde8\"><strong>h\u00edvhat\u00f3<\/strong><\/td>\n<\/tr>\n<tr style=\"border-color: #949191;height: 24px\">\n<td style=\"width: 32.2136%;height: 24px;vertical-align: top\">\n<p><span style=\"font-size: 10pt\">Allergo-immunol\u00f3giai Fekv\u0151beteg Oszt\u00e1ly \u00a0<\/span><span style=\"font-size: 10pt\">(IV. em.)<\/span><\/p>\n<\/td>\n<td style=\"width: 32.5039%;height: 24px;vertical-align: top\">\n<p style=\"text-align: left\"><span style=\"font-size: 10pt\"><strong>oszt\u00e1lyvezet\u0151<\/strong>:<br \/>\n<\/span><span style=\"font-size: 10pt;font-family: inherit\">Dr. Kiss Norbert, egyetemi adjunktus<br \/>\n<\/span><span style=\"font-size: 10pt\">Dr. Kerner T\u00fcnde, klinikai szakorvos<\/span><\/p>\n<\/td>\n<td style=\"width: 15.464%;height: 24px;vertical-align: top\">\n<p><span style=\"font-size: 10pt\">55718 &#8211; orvosi<br \/>\n<\/span><span style=\"font-size: 10pt\">55729 &#8211; n\u0151v\u00e9ri<br \/>\n<\/span><\/p>\n<\/td>\n<td style=\"width: 19.6386%;height: 24px;vertical-align: top\"><span style=\"font-size: 10pt\">\u00a0<\/span><\/td>\n<\/tr>\n<tr style=\"border-color: #949191;height: 48px\">\n<td style=\"width: 32.2136%;height: 43px;vertical-align: top\">\n<p><span style=\"font-size: 10pt\">Allergol\u00f3giai Laborat\u00f3rium \u00e9s Szakambulancia <\/span><span style=\"font-size: 10pt\">(I. em.)<\/span><\/p>\n<\/td>\n<td style=\"width: 32.5039%;height: 43px;vertical-align: top\">\n<p><span style=\"font-size: 10pt\"><strong>oszt\u00e1lyvezet\u0151<\/strong>:<br \/>\n<\/span><span style=\"font-size: 10pt\">Dr. P\u00f3nyai Gy\u00f6rgyi, egyetemi docens<\/span><\/p>\n<\/td>\n<td style=\"width: 15.464%;height: 43px;vertical-align: top\">\n<p><span style=\"font-size: 10pt\"><br \/>\n55716<\/span><\/p>\n<\/td>\n<td style=\"width: 19.6386%;height: 43px;vertical-align: top\">\n<p><span style=\"font-size: 10pt\"><br \/>\n<a href=\"https:\/\/semmelweis.hu\/borklinika\/a-betegellatas-fo-profiljai\/jarobeteg-ellatas\/allergologia-szakambulancia\/\" target=\"_blank\" rel=\"noopener\"><strong>El\u0151jegyz\u00e9si inform\u00e1ci\u00f3k<\/strong><\/a><br \/>\n<\/span><\/p>\n<\/td>\n<\/tr>\n<tr style=\"border-color: #949191;height: 48px\">\n<td style=\"width: 32.2136%;height: 23px;vertical-align: top\">\n<p><span style=\"font-size: 10pt\">\u00c1ltal\u00e1nos Ambulancia\u00a0 <\/span><span style=\"font-size: 10pt\">(alagsor, fszt.)<\/span><\/p>\n<\/td>\n<td style=\"width: 32.5039%;height: 23px;vertical-align: top\">\n<p><span style=\"font-size: 10pt\"><strong>oszt\u00e1lyvezet\u0151: <\/strong><\/span><span style=\"font-size: 10pt;font-family: inherit\">Dr. B\u00e1nv\u00f6lgyi Andr\u00e1s, egyetemi docens<br \/>\n<span style=\"font-size: 10pt\"><strong>helyettes: <\/strong>Dr. Kov\u00e1cs Anik\u00f3, klinikai szakorvos<\/span><br \/>\n<\/span><\/p>\n<\/td>\n<td style=\"width: 15.464%;height: 23px;vertical-align: top\">\n<p><span style=\"font-size: 10pt\"><br \/>\n55776<\/span><\/p>\n<\/td>\n<td style=\"width: 19.6386%;height: 23px;vertical-align: top\">\n<p><span style=\"font-size: 10pt\"><strong>El\u0151jegyz\u00e9s:<br \/>\n<\/strong>061-235-2180<br \/>\n<\/span><span style=\"font-size: 10pt\">H-P:\u00a0 12-15 \u00f3ra\u00a0<\/span><\/p>\n<\/td>\n<\/tr>\n<tr style=\"border-color: #949191;height: 24px\">\n<td style=\"width: 32.2136%;height: 24px;vertical-align: top\">\n<p><span style=\"font-size: 10pt\">Betegfelv\u00e9teli Iroda <\/span><span style=\"font-size: 10pt\">(mfszt.)<\/span><\/p>\n<\/td>\n<td style=\"width: 32.5039%;height: 24px;vertical-align: top\"><span style=\"font-size: 10pt\">Suhajda J\u00f3zsefn\u00e9<\/span><\/td>\n<td style=\"width: 15.464%;height: 24px;vertical-align: top\"><span style=\"font-size: 10pt\">55726<\/span><\/td>\n<td style=\"width: 19.6386%;height: 24px;vertical-align: top\"><span style=\"font-size: 10pt\">\u00a0<\/span><\/td>\n<\/tr>\n<tr style=\"border-color: #949191;height: 24px\">\n<td style=\"width: 32.2136%;height: 24px;vertical-align: top\">\n<p><span style=\"font-size: 10pt\">Genetikai Labor <\/span><span style=\"font-size: 10pt\">(V. em.)<\/span><\/p>\n<\/td>\n<td style=\"width: 32.5039%;height: 24px;vertical-align: top\">\n<p><span style=\"font-size: 10pt\"><strong>vezet\u0151je:<br \/>\n<\/strong><\/span><span style=\"font-size: 10pt\">Dr. Mayer Bal\u00e1zs, tudom\u00e1nyos f\u0151munkat\u00e1rs<\/span><\/p>\n<\/td>\n<td style=\"width: 15.464%;height: 24px;vertical-align: top\">\n<p><span style=\"font-size: 10pt\"><br \/>\n55779<\/span><\/p>\n<\/td>\n<td style=\"width: 19.6386%;height: 24px;vertical-align: top\"><span style=\"font-size: 10pt\">\u00a0<\/span><\/td>\n<\/tr>\n<tr style=\"border-color: #949191;height: 72px\">\n<td style=\"width: 32.2136%;height: 72px;vertical-align: top\">\n<p><span style=\"font-size: 10pt\">Gyermekb\u0151rgy\u00f3gy\u00e1szat szakrendel\u00e9s <\/span><span style=\"font-size: 10pt\">(-1 szint)<\/span><\/p>\n<\/td>\n<td style=\"width: 32.5039%;height: 72px;vertical-align: top\">\n<p><span style=\"font-size: 10pt\">Prof. Dr. K\u00e1rp\u00e1ti Sarolta, egyetemi tan\u00e1r<br \/>\n<\/span><span style=\"font-size: 10pt\">Dr. Becker\u00a0<\/span><span style=\"font-size: 10pt\">Krisztina, egyetemi adjunktus<\/span><\/p>\n<\/td>\n<td style=\"width: 15.464%;height: 72px;vertical-align: top\">\n<p><span style=\"font-size: 10pt\"><br \/>\n55793<\/span><\/p>\n<\/td>\n<td style=\"width: 19.6386%;height: 72px;vertical-align: top\"><span style=\"font-size: 10pt\"><strong>El\u0151jegyz\u00e9s:<br \/>\n<\/strong>235-2180<br \/>\nH-P: 12-14 \u00f3ra<\/span><\/td>\n<\/tr>\n<tr style=\"border-color: #949191;height: 100px\">\n<td style=\"width: 32.2136%;height: 102px;vertical-align: top\"><span style=\"font-size: 10pt\">Hallgat\u00f3i, oktat\u00e1si \u00fcgyint\u00e9z\u00e9s <\/span><span style=\"font-size: 10pt\">(IV. em.)<\/span><\/td>\n<td style=\"width: 32.5039%;height: 102px;vertical-align: top\"><span style=\"font-size: 10pt\">Zsid\u00e1kovits Etelka, \u00fcgyint\u00e9z\u0151<\/span><\/td>\n<td style=\"width: 15.464%;height: 102px;vertical-align: middle\">\n<p><span style=\"font-size: 10pt\">55750<\/span><\/p>\n<\/td>\n<td style=\"width: 19.6386%;height: 102px;vertical-align: top\"><span style=\"font-size: 10pt\"><strong>\u00dcgyf\u00e9lfogad\u00e1s:<\/strong><br \/>\nH-Sz-P: 9-11 \u00f3ra<br \/>\n<\/span><span style=\"font-size: 10pt\">K-CS: 13-15 \u00f3ra<\/span><\/td>\n<\/tr>\n<tr style=\"border-color: #949191;height: 24px\">\n<td style=\"width: 32.2136%;height: 24px;vertical-align: top\">\n<p><span style=\"font-size: 10pt\">IF Labor <\/span><span style=\"font-size: 10pt\">(III. em.)<\/span><\/p>\n<\/td>\n<td style=\"width: 32.5039%;height: 24px;vertical-align: top\">\n<p><span style=\"font-size: 10pt\"><strong>vezet\u0151je:<br \/>\n<\/strong><\/span><span style=\"font-size: 10pt\">Prof. Dr. S\u00e1rdy Mikl\u00f3s, egyetemi tan\u00e1r<\/span><\/p>\n<\/td>\n<td style=\"width: 15.464%;height: 24px;vertical-align: top\">\n<p><span style=\"font-size: 10pt\"><br \/>\n55753<\/span><\/p>\n<\/td>\n<td style=\"width: 19.6386%;height: 24px;vertical-align: top\"><span style=\"font-size: 10pt\">\u00a0<\/span><\/td>\n<\/tr>\n<tr style=\"border-color: #949191\">\n<td style=\"width: 32.2136%;height: 89px\">\n<p><span style=\"font-size: 10pt\">Kozmetol\u00f3gia rendel\u00e9s\u00a0(I. em.)<\/span><\/p>\n<\/td>\n<td style=\"width: 32.5039%;height: 89px\"><span style=\"font-size: 10pt\"><strong>vezet\u0151je:<\/strong> Dr. Preisz Klaudia, egyetemi adjunktus<\/span><\/td>\n<td style=\"width: 15.464%;height: 89px\">\n<p><span style=\"font-size: 10pt\">55744<\/span><\/p>\n<\/td>\n<td style=\"width: 19.6386%;height: 89px\">\n<p><span style=\"font-size: 10pt\"><strong>El\u0151jegyz\u00e9s:<br \/>\n<\/strong>+361 550-7007<br \/>\nH, K, Cs, P: 8-12 \u00f3ra<\/span><\/p>\n<\/td>\n<\/tr>\n<tr style=\"border-color: #949191\">\n<td style=\"width: 32.2136%;height: 24px;vertical-align: top\">\n<p><span style=\"font-size: 10pt\">Mikrobiol\u00f3giai Labor\u00a0<\/span><span style=\"font-size: 10pt\">(IV. emelet)<\/span><\/p>\n<\/td>\n<td style=\"width: 32.5039%;height: 24px;vertical-align: top\">\n<p><span style=\"font-size: 10pt\"><strong>vezet\u0151je:<\/strong> Dr. Katona Katalin<\/span><\/p>\n<\/td>\n<td style=\"width: 15.464%;height: 24px;vertical-align: top\">\n<p><span style=\"font-size: 10pt\">55742<\/span><\/p>\n<\/td>\n<td style=\"width: 19.6386%;height: 24px;vertical-align: top\"><span style=\"font-size: 10pt\">\u00a0<\/span><\/td>\n<\/tr>\n<tr style=\"border-color: #949191;height: 24px\">\n<td style=\"width: 32.2136%;height: 24px;vertical-align: top\">\n<p><span style=\"font-size: 10pt\">Onkodermatol\u00f3gia Fekv\u0151beteg Oszt\u00e1ly <\/span><span style=\"font-size: 10pt\">(VII. em.)<\/span><\/p>\n<\/td>\n<td style=\"width: 32.5039%;height: 24px;vertical-align: top\">\n<p><span style=\"font-size: 10pt\"><strong>oszt\u00e1lyvezet\u0151:<br \/>\n<\/strong><span style=\"font-size: 10pt;font-family: inherit\">Dr. L\u0151rincz Kende, egyetemi adjunktus<\/span><br \/>\n<\/span><\/p>\n<\/td>\n<td style=\"width: 15.464%;height: 24px;vertical-align: top\">\n<p><span style=\"font-size: 10pt\">55752 &#8211; orvosi<br \/>\n<\/span><span style=\"font-size: 10pt\">55713 &#8211; n\u0151v\u00e9ri<\/span><\/p>\n<\/td>\n<td style=\"width: 19.6386%;height: 24px;vertical-align: top\"><span style=\"font-size: 10pt\">\u00a0<\/span><\/td>\n<\/tr>\n<tr style=\"border-color: #949191;height: 24px\">\n<td style=\"width: 32.2136%;height: 24px;vertical-align: top\">\n<p><span style=\"font-size: 10pt\">Onkodermatol\u00f3giai Ambulancia (II. em.)<\/span><\/p>\n<\/td>\n<td style=\"width: 32.5039%;height: 24px;vertical-align: top\">\n<p><span style=\"font-size: 10pt\"><strong><b>vezet\u0151je:<br \/>\n<\/b><\/strong><\/span><span style=\"font-size: 10pt\">Dr. Kuzmanovszki Daniella, egyetemi adjunktus<\/span><\/p>\n<\/td>\n<td style=\"width: 15.464%;height: 24px;vertical-align: top\">\n<p><span style=\"font-size: 10pt\"><br \/>\n55730<\/span><\/p>\n<\/td>\n<td style=\"width: 19.6386%;height: 24px;vertical-align: top\">\u00a0<\/td>\n<\/tr>\n<tr style=\"border-color: #949191;height: 136px\">\n<td style=\"width: 32.2136%;height: 47px;vertical-align: top\"><span style=\"font-size: 10pt\">Orsz\u00e1gos STD Centrum \u00e9s Diagnosztikai K\u00f6zpont <\/span><span style=\"font-size: 10pt\">(mfszt.)<\/span><\/td>\n<td style=\"width: 32.5039%;height: 47px;vertical-align: top\">\n<p><span style=\"font-size: 10pt\"><strong>vezet\u0151je: <\/strong><\/span><span style=\"font-size: 10pt\">\u00a0Dr. T\u00f3th B\u00e9la egyetemi adjunktus &#8211; Orsz\u00e1gos STD Centrum vezet\u0151<br \/>\n<\/span><span style=\"font-size: 10pt\">Dr. Po\u00f3r Adrienn, egyetemi adjunktus &#8211; STD Ambulancia vezet\u0151<br \/>\n<strong>helyettes<\/strong>: Dr. Mohos Anita, egyetemi adjunktus<\/span><\/p>\n<\/td>\n<td style=\"width: 15.464%;height: 47px;vertical-align: top\">\n<p><span style=\"font-size: 10pt\"><br \/>\n459-1447<\/span><span style=\"font-size: 10pt\"><br \/>\n<\/span><\/p>\n<\/td>\n<td style=\"width: 19.6386%;height: 47px;vertical-align: top\"><span style=\"font-size: 10pt\"><strong>El\u0151jegyz\u00e9s:\u00a0<\/strong><br \/>\n<\/span><span style=\"font-size: 10pt\">H-P: 7-8 \u00f3ra, <\/span><span style=\"font-size: 10pt\">H-CS: 12.00-14.30 \u00f3ra<\/span><\/td>\n<\/tr>\n<tr style=\"border-color: #949191;height: 24px\">\n<td style=\"width: 32.2136%;height: 24px;vertical-align: top\"><span style=\"font-size: 10pt\">Porta\u00a0<\/span><\/td>\n<td style=\"width: 32.5039%;height: 24px;vertical-align: top\"><span style=\"font-size: 10pt\">\u00a0<\/span><\/td>\n<td style=\"width: 15.464%;height: 24px;vertical-align: top\"><span style=\"font-size: 10pt\">55720<\/span><\/td>\n<td style=\"width: 19.6386%;height: 24px;vertical-align: top\"><span style=\"font-size: 10pt\">\u00a0<br \/>\n<\/span><\/td>\n<\/tr>\n<tr style=\"border-color: #949191\">\n<td style=\"width: 32.2136%;vertical-align: top;height: 89px\"><span style=\"font-size: 10pt\">Radioter\u00e1pi\u00e1s Ambulancia (II. emelet)<\/span><\/td>\n<td style=\"width: 32.5039%;vertical-align: top;height: 89px\">\n<p><span style=\"font-size: 10pt\"><strong>vezet\u0151je:<br \/>\n<\/strong>Dr. Szakonyi J\u00f3zsef, klinikai f\u0151orvos<\/span><\/p>\n<\/td>\n<td style=\"width: 15.464%;vertical-align: top;height: 89px\"><span style=\"font-size: 10pt\"><br \/>\n55722<\/span><\/td>\n<td style=\"width: 19.6386%;vertical-align: top;height: 89px\"><span style=\"font-size: 10pt\">\u00a0<\/span><\/td>\n<\/tr>\n<tr style=\"border-color: #949191;height: 24px\">\n<td style=\"width: 32.2136%;height: 24px;vertical-align: top\">\n<p><span style=\"font-size: 10pt\">UH Labor <\/span><span style=\"font-size: 10pt\">(II. em.)<\/span><\/p>\n<\/td>\n<td style=\"width: 32.5039%;height: 24px;vertical-align: top\">\n<p><span style=\"font-size: 10pt\"><strong>vezet\u0151je:<br \/>\n<\/strong><\/span><span style=\"font-size: 10pt\">Dr. Szalai Kl\u00e1ra, klinikai f\u0151orvos, tudom\u00e1nyos tan\u00e1csad\u00f3<\/span><\/p>\n<\/td>\n<td style=\"width: 15.464%;height: 24px;vertical-align: top\">\n<p><span style=\"font-size: 10pt\"><br \/>\n55709<\/span><\/p>\n<\/td>\n<td style=\"width: 19.6386%;height: 24px;vertical-align: top\"><span style=\"font-size: 10pt\">\u00a0<\/span><\/td>\n<\/tr>\n<tr style=\"border-color: #949191;height: 24px\">\n<td style=\"width: 32.2136%;height: 24px;vertical-align: top\">\n<p><span style=\"font-size: 10pt\">Magyar Dermat\u00f3giai T\u00e1rsulat <\/span><span style=\"font-size: 10pt\">(VI. em.)<\/span><\/p>\n<\/td>\n<td style=\"width: 32.5039%;height: 24px;vertical-align: top\"><span style=\"font-size: 10pt\">B\u00e9ja Katalin, \u00fcgyint\u00e9z\u0151<\/span><\/td>\n<td style=\"width: 15.464%;height: 24px;vertical-align: top\">\n<p><span style=\"font-size: 10pt\">267-4685<br \/>\n<\/span><span style=\"font-size: 10pt\">55784<\/span><\/p>\n<\/td>\n<td style=\"width: 19.6386%;height: 24px;vertical-align: top\"><span style=\"font-size: 10pt\">\u00a0<\/span><\/td>\n<\/tr>\n<\/tbody>\n<\/table>\n<p>&nbsp;<\/p>\n","protected":false},"excerpt":{"rendered":"<p>Az \u00f6tjegy\u0171 mell\u00e9keket a 459-1500 sz\u00e1m t\u00e1rcs\u00e1z\u00e1sa ut\u00e1n tudja h\u00edvni! n\u00e9v beoszt\u00e1s telefon h\u00edvhat\u00f3 Allergo-immunol\u00f3giai Fekv\u0151beteg Oszt\u00e1ly \u00a0(IV. em.) oszt\u00e1lyvezet\u0151: Dr. Kiss Norbert, egyetemi adjunktus Dr. Kerner T\u00fcnde, klinikai szakorvos 55718 &#8211; orvosi 55729 &#8211; n\u0151v\u00e9ri \u00a0 Allergol\u00f3giai Laborat\u00f3rium \u00e9s Szakambulancia (I. em.) oszt\u00e1lyvezet\u0151: Dr. P\u00f3nyai Gy\u00f6rgyi, egyetemi docens 55716 <a href=\"https:\/\/semmelweis.hu\/borklinika\/a-betegellatas-fo-profiljai\/jarobeteg-ellatas\/allergologia-szakambulancia\/\" target=\"_blank\" rel=\"noopener\">El\u0151jegyz\u00e9si inform\u00e1ci\u00f3k<\/a> \u00c1ltal\u00e1nos Ambulancia\u00a0 (alagsor, fszt.) oszt\u00e1lyvezet\u0151: &hellip;<\/p>\n","protected":false},"author":101242,"featured_media":0,"parent":7,"menu_order":2,"comment_status":"closed","ping_status":"closed","template":"","meta":{"_acf_changed":false,"footnotes":""},"categories":[],"tags":[],"class_list":["post-1222","page","type-page","status-publish","hentry"],"acf":[],"_links":{"self":[{"href":"https:\/\/semmelweis.hu\/borklinika\/wp-json\/wp\/v2\/pages\/1222","targetHints":{"allow":["GET"]}}],"collection":[{"href":"https:\/\/semmelweis.hu\/borklinika\/wp-json\/wp\/v2\/pages"}],"about":[{"href":"https:\/\/semmelweis.hu\/borklinika\/wp-json\/wp\/v2\/types\/page"}],"author":[{"embeddable":true,"href":"https:\/\/semmelweis.hu\/borklinika\/wp-json\/wp\/v2\/users\/101242"}],"replies":[{"embeddable":true,"href":"https:\/\/semmelweis.hu\/borklinika\/wp-json\/wp\/v2\/comments?post=1222"}],"version-history":[{"count":15,"href":"https:\/\/semmelweis.hu\/borklinika\/wp-json\/wp\/v2\/pages\/1222\/revisions"}],"predecessor-version":[{"id":13485,"href":"https:\/\/semmelweis.hu\/borklinika\/wp-json\/wp\/v2\/pages\/1222\/revisions\/13485"}],"up":[{"embeddable":true,"href":"https:\/\/semmelweis.hu\/borklinika\/wp-json\/wp\/v2\/pages\/7"}],"wp:attachment":[{"href":"https:\/\/semmelweis.hu\/borklinika\/wp-json\/wp\/v2\/media?parent=1222"}],"wp:term":[{"taxonomy":"category","embeddable":true,"href":"https:\/\/semmelweis.hu\/borklinika\/wp-json\/wp\/v2\/categories?post=1222"},{"taxonomy":"post_tag","embeddable":true,"href":"https:\/\/semmelweis.hu\/borklinika\/wp-json\/wp\/v2\/tags?post=1222"}],"curies":[{"name":"wp","href":"https:\/\/api.w.org\/{rel}","templated":true}]}}