{"id":11106,"date":"2023-07-12T12:21:11","date_gmt":"2023-07-12T10:21:11","guid":{"rendered":"https:\/\/semmelweis.hu\/borklinika\/?page_id=11106"},"modified":"2024-04-23T13:41:34","modified_gmt":"2024-04-23T11:41:34","slug":"adatvedelem","status":"publish","type":"page","link":"https:\/\/semmelweis.hu\/borklinika\/magunkrol\/adatvedelem\/","title":{"rendered":"Adatv\u00e9delem \/ Betegdokument\u00e1ci\u00f3 \u00fcgyint\u00e9z\u00e9s"},"content":{"rendered":"<p style=\"text-align: justify\">A Semmelweis Egyetemen a szem\u00e9lyes \u00e9s k\u00fcl\u00f6nleges adatok kezel\u00e9se \u00e9s v\u00e9delme a jogszab\u00e1lyoknak megfelel\u0151en, biztons\u00e1gosan t\u00f6rt\u00e9nik. Ezt a\u00a0<a href=\"https:\/\/semmelweis.hu\/tuzoltoklinika\/\/files\/2021\/07\/Adatvedelmi_Szabalyzat_hatalyos_20210708tol.pdf\" target=\"_blank\" rel=\"noopener\"><strong>Semmelweis Egyetem Adatv\u00e9delmi Szab\u00e1lyzata<\/strong><\/a>\u00a0foglalja \u00f6ssze.<br \/>\nAz egyetemi adatv\u00e9delmi felel\u0151s feladata, hogy az Adatv\u00e9delmi Szab\u00e1lyzatban r\u00f6gz\u00edtett feladatait teljes\u00edtve gondoskodjon az egyetem adatv\u00e9delmi \u00e9s az ezzel \u00f6sszef\u00fcgg\u0151 adatbiztons\u00e1gi szempontokat kiel\u00e9g\u00edt\u0151 m\u0171k\u00f6d\u00e9s\u00e9r\u0151l.<\/p>\n<p><strong>A Semmelweis Egyetem adatv\u00e9delmi tisztvisel\u0151je:<br \/>\n<\/strong><strong>Dr. Tr\u00f3cs\u00e1nyi S\u00e1ra<\/strong><br \/>\n1125 Budapest, K\u00fatv\u00f6lgyi \u00fat 6.<br \/>\nTel.: 06-1\/459-1500<br \/>\nE-mail:\u00a0<a href=\"mailto:adatvedelem@semmelweis-univ.hu\">adatvedelem@semmelweis-univ.hu<\/a><\/p>\n<p><span style=\"color: #0000ff\"><a href=\"https:\/\/semmelweis.hu\/borklinika\/files\/2023\/08\/adatkezelesi-tajekoztato-Bo_2023.pdf\" target=\"_blank\" rel=\"noopener\"><strong>Adatkezel\u00e9si t\u00e1j\u00e9koztat\u00f3 &#8211; B\u0151r-, Nemik\u00f3rtani \u00e9s B\u0151ronkol\u00f3giai Klinika<\/strong><\/a><\/span><\/p>\n<p><span style=\"color: #0000ff\"><strong style=\"font-size: 1rem\"><a href=\"https:\/\/semmelweis.hu\/borklinika\/files\/2023\/10\/Adatkezelesi-nyilvantartas-3-Bor.xlsx\">Adatkezel\u00e9si nyilv\u00e1ntart\u00e1s<\/a><\/strong><\/span><\/p>\n<p><a href=\"https:\/\/semmelweis.hu\/borklinika\/magunkrol\/adatvedelem\/betegdokumentaciok-kikerese-tajekoztato\/\" target=\"_blank\" rel=\"noopener\"><strong>Betegdokument\u00e1ci\u00f3k kik\u00e9r\u00e9se (t\u00e1j\u00e9koztat\u00f3)<\/strong><\/a><\/p>\n<p>&nbsp;<\/p>\n","protected":false},"excerpt":{"rendered":"<p>A Semmelweis Egyetemen a szem\u00e9lyes \u00e9s k\u00fcl\u00f6nleges adatok kezel\u00e9se \u00e9s v\u00e9delme a jogszab\u00e1lyoknak megfelel\u0151en, biztons\u00e1gosan t\u00f6rt\u00e9nik. Ezt a\u00a0 <a href=\"https:\/\/semmelweis.hu\/tuzoltoklinika\/\/files\/2021\/07\/Adatvedelmi_Szabalyzat_hatalyos_20210708tol.pdf\" target=\"_blank\" rel=\"noopener\">Semmelweis Egyetem Adatv\u00e9delmi Szab\u00e1lyzata<\/a> \u00a0foglalja \u00f6ssze. Az egyetemi adatv\u00e9delmi felel\u0151s feladata, hogy az Adatv\u00e9delmi Szab\u00e1lyzatban r\u00f6gz\u00edtett feladatait teljes\u00edtve gondoskodjon az egyetem adatv\u00e9delmi \u00e9s az ezzel \u00f6sszef\u00fcgg\u0151 adatbiztons\u00e1gi szempontokat kiel\u00e9g\u00edt\u0151 m\u0171k\u00f6d\u00e9s\u00e9r\u0151l. A Semmelweis Egyetem adatv\u00e9delmi tisztvisel\u0151je: Dr. Tr\u00f3cs\u00e1nyi S\u00e1ra 1125 Budapest, K\u00fatv\u00f6lgyi &hellip;<\/p>\n","protected":false},"author":101244,"featured_media":0,"parent":187,"menu_order":5,"comment_status":"closed","ping_status":"closed","template":"","meta":{"_acf_changed":false,"footnotes":""},"categories":[],"tags":[],"class_list":["post-11106","page","type-page","status-publish","hentry"],"acf":[],"_links":{"self":[{"href":"https:\/\/semmelweis.hu\/borklinika\/wp-json\/wp\/v2\/pages\/11106","targetHints":{"allow":["GET"]}}],"collection":[{"href":"https:\/\/semmelweis.hu\/borklinika\/wp-json\/wp\/v2\/pages"}],"about":[{"href":"https:\/\/semmelweis.hu\/borklinika\/wp-json\/wp\/v2\/types\/page"}],"author":[{"embeddable":true,"href":"https:\/\/semmelweis.hu\/borklinika\/wp-json\/wp\/v2\/users\/101244"}],"replies":[{"embeddable":true,"href":"https:\/\/semmelweis.hu\/borklinika\/wp-json\/wp\/v2\/comments?post=11106"}],"version-history":[{"count":10,"href":"https:\/\/semmelweis.hu\/borklinika\/wp-json\/wp\/v2\/pages\/11106\/revisions"}],"predecessor-version":[{"id":12107,"href":"https:\/\/semmelweis.hu\/borklinika\/wp-json\/wp\/v2\/pages\/11106\/revisions\/12107"}],"up":[{"embeddable":true,"href":"https:\/\/semmelweis.hu\/borklinika\/wp-json\/wp\/v2\/pages\/187"}],"wp:attachment":[{"href":"https:\/\/semmelweis.hu\/borklinika\/wp-json\/wp\/v2\/media?parent=11106"}],"wp:term":[{"taxonomy":"category","embeddable":true,"href":"https:\/\/semmelweis.hu\/borklinika\/wp-json\/wp\/v2\/categories?post=11106"},{"taxonomy":"post_tag","embeddable":true,"href":"https:\/\/semmelweis.hu\/borklinika\/wp-json\/wp\/v2\/tags?post=11106"}],"curies":[{"name":"wp","href":"https:\/\/api.w.org\/{rel}","templated":true}]}}