{"id":8061,"date":"2026-03-05T13:10:25","date_gmt":"2026-03-05T12:10:25","guid":{"rendered":"https:\/\/semmelweis.hu\/bokayklinika\/?page_id=8061"},"modified":"2026-03-05T13:10:25","modified_gmt":"2026-03-05T12:10:25","slug":"beutalo-kodok","status":"publish","type":"page","link":"https:\/\/semmelweis.hu\/bokayklinika\/betegellatas\/beutalo-kodok\/","title":{"rendered":"Beutal\u00f3 NEAK k\u00f3dok"},"content":{"rendered":"\n<table id=\"tablepress-1\" class=\"tablepress tablepress-id-1\">\n<thead>\n<tr class=\"row-1\">\n\t<th class=\"column-1\"><b>J\u00e1r\u00f3beteg-ell\u00e1t\u00e1s<\/b><\/th><th class=\"column-2\"><b>NEAK k\u00f3d<\/b><\/th>\n<\/tr>\n<\/thead>\n<tbody class=\"row-striping row-hover\">\n<tr class=\"row-2\">\n\t<td class=\"column-1\">Allergol\u00f3gia<\/td><td class=\"column-2\">01H72G196<\/td>\n<\/tr>\n<tr class=\"row-3\">\n\t<td class=\"column-1\">Alv\u00e1sambulancia<\/td><td class=\"column-2\">01H72G098<\/td>\n<\/tr>\n<tr class=\"row-4\">\n\t<td class=\"column-1\">Anyagcsere ambulancia<\/td><td class=\"column-2\">01H723016<\/td>\n<\/tr>\n<tr class=\"row-5\">\n\t<td class=\"column-1\">ARC \u2013 hasad\u00e9kseb\u00e9szeti ambulancia<\/td><td class=\"column-2\">01H720518<\/td>\n<\/tr>\n<tr class=\"row-6\">\n\t<td class=\"column-1\">Diabetol\u00f3giai ambulancia<\/td><td class=\"column-2\">01H723016<\/td>\n<\/tr>\n<tr class=\"row-7\">\n\t<td class=\"column-1\">Dietetikai szaktan\u00e1csad\u00e1s<\/td><td class=\"column-2\">01H723016<\/td>\n<\/tr>\n<tr class=\"row-8\">\n\t<td class=\"column-1\">Endokrinol\u00f3giai ambulancia<\/td><td class=\"column-2\">01H723016<\/td>\n<\/tr>\n<tr class=\"row-9\">\n\t<td class=\"column-1\">Fejl\u0151d\u00e9sneurol\u00f3giai ambulancia<\/td><td class=\"column-2\">01H72G091<\/td>\n<\/tr>\n<tr class=\"row-10\">\n\t<td class=\"column-1\">F\u00fcl-orr-g\u00e9g\u00e9szeti ambulancia<\/td><td class=\"column-2\">01H72G066<\/td>\n<\/tr>\n<tr class=\"row-11\">\n\t<td class=\"column-1\">Gasztroenterol\u00f3giai ambulancia<\/td><td class=\"column-2\">01H72G316<\/td>\n<\/tr>\n<tr class=\"row-12\">\n\t<td class=\"column-1\">Genetikai tan\u00e1csad\u00e1s<\/td><td class=\"column-2\">01H721716<\/td>\n<\/tr>\n<tr class=\"row-13\">\n\t<td class=\"column-1\">Hepatol\u00f3giai ambulancia<\/td><td class=\"column-2\">01H721616<\/td>\n<\/tr>\n<tr class=\"row-14\">\n\t<td class=\"column-1\">Lakt\u00e1ci\u00f3s ambulancia<\/td><td class=\"column-2\">01H720524<\/td>\n<\/tr>\n<tr class=\"row-15\">\n\t<td class=\"column-1\">Neurol\u00f3giai ambulancia<\/td><td class=\"column-2\">01H72G096<\/td>\n<\/tr>\n<tr class=\"row-16\">\n\t<td class=\"column-1\">Nephrol\u00f3giai ambulancia<\/td><td class=\"column-2\">01H723716<\/td>\n<\/tr>\n<tr class=\"row-17\">\n\t<td class=\"column-1\">Pulmonol\u00f3giai ambulancia<\/td><td class=\"column-2\">01H72G196<\/td>\n<\/tr>\n<tr class=\"row-18\">\n\t<td class=\"column-1\">Seb\u00e9szeti ambulancia<\/td><td class=\"column-2\">01H724816<\/td>\n<\/tr>\n<tr class=\"row-19\">\n\t<td class=\"column-1\">\u00dajsz\u00fcl\u00f6tt seb\u00e9szet<\/td><td class=\"column-2\">01H720516<\/td>\n<\/tr>\n<\/tbody>\n<\/table>\n<!-- #tablepress-1 from cache -->\n\n<table id=\"tablepress-2\" class=\"tablepress tablepress-id-2\">\n<thead>\n<tr class=\"row-1\">\n\t<th class=\"column-1\"><b>Fekv\u0151beteg-ell\u00e1t\u00e1s<\/b><\/th><th class=\"column-2\"><b>NEAK k\u00f3d<\/b><\/th>\n<\/tr>\n<\/thead>\n<tbody class=\"row-striping row-hover\">\n<tr class=\"row-2\">\n\t<td class=\"column-1\">Arcrekonstrukci\u00f3s Centrum<\/td><td class=\"column-2\">01H714816<\/td>\n<\/tr>\n<tr class=\"row-3\">\n\t<td class=\"column-1\">Csecsem\u0151 Oszt\u00e1ly<\/td><td class=\"column-2\">01H710516<\/td>\n<\/tr>\n<tr class=\"row-4\">\n\t<td class=\"column-1\">Diab\u00e9tesz, Endokrinol\u00f3giai \u00e9s Metabolikus Oszt\u00e1ly<\/td><td class=\"column-2\">01H710516<\/td>\n<\/tr>\n<tr class=\"row-5\">\n\t<td class=\"column-1\">Gasztroenterol\u00f3giai \u00e9s Hepatol\u00f3giai Oszt\u00e1ly<\/td><td class=\"column-2\">01H71G316<\/td>\n<\/tr>\n<tr class=\"row-6\">\n\t<td class=\"column-1\">Gyermek- \u00e9s Ifj\u00fas\u00e1gpszichi\u00e1triai Oszt\u00e1ly<\/td><td class=\"column-2\">01H714106<\/td>\n<\/tr>\n<tr class=\"row-7\">\n\t<td class=\"column-1\">Infektol\u00f3giai Oszt\u00e1ly (fert\u0151z\u0151 betegs\u00e9gek)<\/td><td class=\"column-2\">01H710516<\/td>\n<\/tr>\n<tr class=\"row-8\">\n\t<td class=\"column-1\">Intenz\u00edv Ter\u00e1pi\u00e1s Oszt\u00e1ly<\/td><td class=\"column-2\">01H710515<\/td>\n<\/tr>\n<tr class=\"row-9\">\n\t<td class=\"column-1\">Korasz\u00fcl\u00f6tt Intenz\u00edv Oszt\u00e1ly<\/td><td class=\"column-2\">01H713606<\/td>\n<\/tr>\n<tr class=\"row-10\">\n\t<td class=\"column-1\">M\u0171vese Oszt\u00e1ly<\/td><td class=\"column-2\">01H724216<\/td>\n<\/tr>\n<tr class=\"row-11\">\n\t<td class=\"column-1\">Neurol\u00f3gia Oszt\u00e1ly<\/td><td class=\"column-2\">01H710511<\/td>\n<\/tr>\n<tr class=\"row-12\">\n\t<td class=\"column-1\">Pulmonol\u00f3giai Oszt\u00e1ly<\/td><td class=\"column-2\">01H71G196<\/td>\n<\/tr>\n<tr class=\"row-13\">\n\t<td class=\"column-1\">Radiol\u00f3giai Oszt\u00e1ly<\/td><td class=\"column-2\">01H725116<\/td>\n<\/tr>\n<tr class=\"row-14\">\n\t<td class=\"column-1\">Seb\u00e9szeti Oszt\u00e1ly<\/td><td class=\"column-2\">01H714816<\/td>\n<\/tr>\n<tr class=\"row-15\">\n\t<td class=\"column-1\">S\u00fcrg\u0151ss\u00e9gi Oszt\u00e1ly<\/td><td class=\"column-2\">01H714605<\/td>\n<\/tr>\n<tr class=\"row-16\">\n\t<td class=\"column-1\">\u00dajsz\u00fcl\u00f6tt Seb\u00e9szeti Oszt\u00e1ly<\/td><td class=\"column-2\">01H714816<\/td>\n<\/tr>\n<tr class=\"row-17\">\n\t<td class=\"column-1\">Veseoszt\u00e1ly<\/td><td class=\"column-2\">01H710516<\/td>\n<\/tr>\n<\/tbody>\n<\/table>\n<!-- #tablepress-2 from cache -->\n","protected":false},"excerpt":{"rendered":"","protected":false},"author":102391,"featured_media":0,"parent":17,"menu_order":1,"comment_status":"closed","ping_status":"closed","template":"","meta":{"_acf_changed":false,"footnotes":""},"categories":[],"tags":[],"class_list":["post-8061","page","type-page","status-publish","hentry"],"acf":[],"_links":{"self":[{"href":"https:\/\/semmelweis.hu\/bokayklinika\/wp-json\/wp\/v2\/pages\/8061","targetHints":{"allow":["GET"]}}],"collection":[{"href":"https:\/\/semmelweis.hu\/bokayklinika\/wp-json\/wp\/v2\/pages"}],"about":[{"href":"https:\/\/semmelweis.hu\/bokayklinika\/wp-json\/wp\/v2\/types\/page"}],"author":[{"embeddable":true,"href":"https:\/\/semmelweis.hu\/bokayklinika\/wp-json\/wp\/v2\/users\/102391"}],"replies":[{"embeddable":true,"href":"https:\/\/semmelweis.hu\/bokayklinika\/wp-json\/wp\/v2\/comments?post=8061"}],"version-history":[{"count":2,"href":"https:\/\/semmelweis.hu\/bokayklinika\/wp-json\/wp\/v2\/pages\/8061\/revisions"}],"predecessor-version":[{"id":8068,"href":"https:\/\/semmelweis.hu\/bokayklinika\/wp-json\/wp\/v2\/pages\/8061\/revisions\/8068"}],"up":[{"embeddable":true,"href":"https:\/\/semmelweis.hu\/bokayklinika\/wp-json\/wp\/v2\/pages\/17"}],"wp:attachment":[{"href":"https:\/\/semmelweis.hu\/bokayklinika\/wp-json\/wp\/v2\/media?parent=8061"}],"wp:term":[{"taxonomy":"category","embeddable":true,"href":"https:\/\/semmelweis.hu\/bokayklinika\/wp-json\/wp\/v2\/categories?post=8061"},{"taxonomy":"post_tag","embeddable":true,"href":"https:\/\/semmelweis.hu\/bokayklinika\/wp-json\/wp\/v2\/tags?post=8061"}],"curies":[{"name":"wp","href":"https:\/\/api.w.org\/{rel}","templated":true}]}}