{"id":418,"date":"2020-06-16T14:19:44","date_gmt":"2020-06-16T12:19:44","guid":{"rendered":"https:\/\/semmelweis.hu\/gyermekklinika1\/?page_id=418"},"modified":"2025-02-04T13:11:06","modified_gmt":"2025-02-04T12:11:06","slug":"klinikai-kemiai-es-mikrobiologiai-laboratorium","status":"publish","type":"page","link":"https:\/\/semmelweis.hu\/bokayklinika\/betegellatas\/diagnosztikai-egysegeink\/klinikai-kemiai-es-mikrobiologiai-laboratorium\/","title":{"rendered":"Klinikai K\u00e9miai \u00e9s Mikrobiol\u00f3giai Laborat\u00f3rium"},"content":{"rendered":"<div class=\"keretes\">\n<div style=\"text-align: left\">\n<p style=\"text-align: justify\"><strong>Gyermekgy\u00f3gy\u00e1szati Klinika <\/strong>(B\u00f3kay utcai r\u00e9szleg)<strong> Klinikai K\u00e9miai \u00e9s Mikrobiol\u00f3giai Laborat\u00f3rium<\/strong><br \/>\n<strong>Telefon: <\/strong>(06 1) 334-3186\/52651, 52652, 52749, 52681<br \/>\n<strong>Oszt\u00e1lyvezet\u0151: <\/strong>Dr. Kenesei \u00c9va, tudom\u00e1nyos f\u0151munkat\u00e1rs Ph.D.<strong><br \/>\nMunkat\u00e1rsak: <\/strong>Hajas Zolt\u00e1n, biol\u00f3gus, Sz\u00e9n\u00e1si M\u00e1ria, analitikus<strong><br \/>\nVezet\u0151asszisztens: <\/strong>Balaton Gabriella<\/p>\n<\/div>\n<div><strong>NEAK k\u00f3d:<\/strong> 01H715016<\/div>\n<\/div>\n<p style=\"text-align: justify\">A modern diagnosztikai eszk\u00f6z\u00f6kkel felszerelt laborat\u00f3rium, a klinika j\u00e1r\u00f3 \u00e9s fekv\u0151 betegei r\u00e9sz\u00e9re folyamatos, 24 \u00f3r\u00e1s laborat\u00f3riumi szolg\u00e1latot biztos\u00edt, ezzel nagyban seg\u00edtve a klinikus koll\u00e9g\u00e1kat a pontos, korai diagn\u00f3zis fel\u00e1ll\u00edt\u00e1s\u00e1ban, a k\u00f3rlefoly\u00e1s folyamatok nyomon k\u00f6vet\u00e9s\u00e9ben, a ter\u00e1pia ellen\u0151rz\u00e9s\u00e9ben.<\/p>\n<p style=\"text-align: justify\">A laborat\u00f3rium oktat\u00e1si feladatokat is ell\u00e1t, \u00edgy az V. \u00e9ves orvostanhallgat\u00f3k elm\u00e9leti \u00e9s gyakorlati oktat\u00e1s\u00e1t, tov\u00e1bbk\u00e9pz\u0151 el\u0151ad\u00e1sok tart\u00e1s\u00e1t orvosok \u00e9s szak\u00e1pol\u00f3k r\u00e9sz\u00e9re.<\/p>\n<p>&nbsp;<\/p>\n<p>A klinikai k\u00e9miai laborat\u00f3rium \u00e1ltal v\u00e9gzett vizsg\u00e1latok:<\/p>\n<ul style=\"text-align: justify\">\n<li>\n<p>v\u00e9r, vizelet, liquor \u00e9s egy\u00e9b testfolyad\u00e9k k\u00e9miai anal\u00edzise, hematol\u00f3giai \u00e9s alvad\u00e1si, v\u00e9rg\u00e1z param\u00e9terek vizsg\u00e1lata. (k\u00f6zel 100 f\u00e9le anal\u00edzis, \u00e9vi 350 000 vizsg\u00e1lat)<\/p>\n<\/li>\n<li>\n<p>eredm\u00e9nyek \u00e9rt\u00e9kel\u00e9se, konzultat\u00edv feladatok ell\u00e1t\u00e1sa<\/p>\n<\/li>\n<\/ul>\n<p>&nbsp;<\/p>\n<p style=\"text-align: justify\"><strong>Mikrobiol\u00f3giai laborat\u00f3rium \u00e1ltal v\u00e9gzett feladatok:<\/strong><\/p>\n<ul>\n<li style=\"text-align: justify\">Vegyes bakteriol\u00f3giai, mikol\u00f3giai \u00e9s virol\u00f3giai vizsg\u00e1latok v\u00e9gz\u00e9se teny\u00e9szt\u00e9ses, automata \u00e9s gyorsdiagnosztikai m\u00f3dszerekkel.<\/li>\n<li style=\"text-align: justify\">Antibiotikum, antimikotikum \u00e9rz\u00e9kenys\u00e9gi vizsg\u00e1latok v\u00e9gz\u00e9se, az eredm\u00e9nyek \u00e9rt\u00e9kel\u00e9se, interpret\u00e1l\u00e1sa, konzultat\u00edv feladok ell\u00e1t\u00e1sa.<\/li>\n<li style=\"text-align: justify\">A k\u00f3rokoz\u00f3k antibiotikum rezisztenci\u00e1j\u00e1nak folyamatos k\u00f6vet\u00e9se, amely seg\u00edti a klinikust az empirikus gy\u00f3gyszerv\u00e1laszt\u00e1sban.<\/li>\n<li style=\"text-align: justify\">A klinika infekci\u00f3 kontroll vizsg\u00e1latainak v\u00e9gz\u00e9se, koordin\u00e1l\u00e1sa, oktat\u00e1sa.<\/li>\n<\/ul>\n","protected":false},"excerpt":{"rendered":"<p>Gyermekgy\u00f3gy\u00e1szati Klinika (B\u00f3kay utcai r\u00e9szleg) Klinikai K\u00e9miai \u00e9s Mikrobiol\u00f3giai Laborat\u00f3rium Telefon: (06 1) 334-3186\/52651, 52652, 52749, 52681 Oszt\u00e1lyvezet\u0151: Dr. Kenesei \u00c9va, tudom\u00e1nyos f\u0151munkat\u00e1rs Ph.D. Munkat\u00e1rsak: Hajas Zolt\u00e1n, biol\u00f3gus, Sz\u00e9n\u00e1si M\u00e1ria, analitikus Vezet\u0151asszisztens: Balaton Gabriella NEAK k\u00f3d: 01H715016 A modern diagnosztikai eszk\u00f6z\u00f6kkel felszerelt laborat\u00f3rium, a klinika j\u00e1r\u00f3 \u00e9s fekv\u0151 betegei r\u00e9sz\u00e9re folyamatos, 24 \u00f3r\u00e1s laborat\u00f3riumi szolg\u00e1latot &hellip;<\/p>\n","protected":false},"author":101739,"featured_media":0,"parent":97,"menu_order":8,"comment_status":"closed","ping_status":"closed","template":"","meta":{"_acf_changed":false,"footnotes":""},"categories":[],"tags":[],"class_list":["post-418","page","type-page","status-publish","hentry"],"acf":[],"_links":{"self":[{"href":"https:\/\/semmelweis.hu\/bokayklinika\/wp-json\/wp\/v2\/pages\/418","targetHints":{"allow":["GET"]}}],"collection":[{"href":"https:\/\/semmelweis.hu\/bokayklinika\/wp-json\/wp\/v2\/pages"}],"about":[{"href":"https:\/\/semmelweis.hu\/bokayklinika\/wp-json\/wp\/v2\/types\/page"}],"author":[{"embeddable":true,"href":"https:\/\/semmelweis.hu\/bokayklinika\/wp-json\/wp\/v2\/users\/101739"}],"replies":[{"embeddable":true,"href":"https:\/\/semmelweis.hu\/bokayklinika\/wp-json\/wp\/v2\/comments?post=418"}],"version-history":[{"count":10,"href":"https:\/\/semmelweis.hu\/bokayklinika\/wp-json\/wp\/v2\/pages\/418\/revisions"}],"predecessor-version":[{"id":6786,"href":"https:\/\/semmelweis.hu\/bokayklinika\/wp-json\/wp\/v2\/pages\/418\/revisions\/6786"}],"up":[{"embeddable":true,"href":"https:\/\/semmelweis.hu\/bokayklinika\/wp-json\/wp\/v2\/pages\/97"}],"wp:attachment":[{"href":"https:\/\/semmelweis.hu\/bokayklinika\/wp-json\/wp\/v2\/media?parent=418"}],"wp:term":[{"taxonomy":"category","embeddable":true,"href":"https:\/\/semmelweis.hu\/bokayklinika\/wp-json\/wp\/v2\/categories?post=418"},{"taxonomy":"post_tag","embeddable":true,"href":"https:\/\/semmelweis.hu\/bokayklinika\/wp-json\/wp\/v2\/tags?post=418"}],"curies":[{"name":"wp","href":"https:\/\/api.w.org\/{rel}","templated":true}]}}