{"id":411,"date":"2020-06-16T14:05:22","date_gmt":"2020-06-16T12:05:22","guid":{"rendered":"https:\/\/semmelweis.hu\/gyermekklinika1\/?page_id=411"},"modified":"2024-11-22T11:23:00","modified_gmt":"2024-11-22T10:23:00","slug":"endoszkopias-laboratorium","status":"publish","type":"page","link":"https:\/\/semmelweis.hu\/bokayklinika\/betegellatas\/diagnosztikai-egysegeink\/endoszkopias-laboratorium\/","title":{"rendered":"Endoszk\u00f3pi\u00e1s Laborat\u00f3rium"},"content":{"rendered":"<div class=\"keretes\">\n<div style=\"text-align: left\">\n<p><strong>Gyermekgy\u00f3gy\u00e1szati Klinika<\/strong> (B\u00f3kay utcai r\u00e9szleg) <strong>Endoszk\u00f3pi\u00e1s Laborat\u00f3rium<\/strong><br \/>\n<strong>Telefonsz\u00e1m: <\/strong>+36 (1) 334-3186 (52670 mell\u00e9k)<br \/>\n<strong>Vezet\u0151: <\/strong>Dr. Dezs\u0151fi-Gottl Antal, habil\u00e1lt egyetemi docens<\/p>\n<\/div>\n<div><strong>NEAK k\u00f3d:<\/strong> 01H72G316<\/div>\n<\/div>\n<div>\n<p style=\"text-align: justify\"><strong>Endoszk\u00f3ppal<\/strong> lehet\u0151s\u00e9g van a fels\u0151 \u00e9s az als\u00f3 t\u00e1pcsatorna alapos \u00e1tvizsg\u00e1l\u00e1s\u00e1ra, a tal\u00e1lt leletek \u00e1ll\u00f3- \u00e9s mozg\u00f3k\u00e9pi r\u00f6gz\u00edt\u00e9s\u00e9re, a k\u00f3rosnak l\u00e1tsz\u00f3 elv\u00e1ltoz\u00e1sokb\u00f3l sz\u00f6vettani mintav\u00e9telre, bizonyos t\u00edpus\u00fa elv\u00e1ltoz\u00e1sok endoszk\u00f3pos elt\u00e1vol\u00edt\u00e1s\u00e1ra. <br \/>\nA beavatkoz\u00e1sokat vagy sz\u00e1jon \u00e1t val\u00f3 megk\u00f6zel\u00edt\u00e9ssel a fels\u0151 t\u00e1pcsatorn\u00e1t (nyel\u0151cs\u0151, gyomor, nyomb\u00e9l) \u00e1tvizsg\u00e1lva \u2013 gastroszk\u00f3pia -, vagy a v\u00e9gb\u00e9len kereszt\u00fcl a vastagbelet \u00e1tvizsg\u00e1lva \u2013 kolonoszk\u00f3pia &#8211; v\u00e9gezz\u00fck.\u00a0<\/p>\n<\/div>\n","protected":false},"excerpt":{"rendered":"<p>Gyermekgy\u00f3gy\u00e1szati Klinika (B\u00f3kay utcai r\u00e9szleg) Endoszk\u00f3pi\u00e1s Laborat\u00f3rium Telefonsz\u00e1m: +36 (1) 334-3186 (52670 mell\u00e9k) Vezet\u0151: Dr. Dezs\u0151fi-Gottl Antal, habil\u00e1lt egyetemi docens NEAK k\u00f3d: 01H72G316 Endoszk\u00f3ppal lehet\u0151s\u00e9g van a fels\u0151 \u00e9s az als\u00f3 t\u00e1pcsatorna alapos \u00e1tvizsg\u00e1l\u00e1s\u00e1ra, a tal\u00e1lt leletek \u00e1ll\u00f3- \u00e9s mozg\u00f3k\u00e9pi r\u00f6gz\u00edt\u00e9s\u00e9re, a k\u00f3rosnak l\u00e1tsz\u00f3 elv\u00e1ltoz\u00e1sokb\u00f3l sz\u00f6vettani mintav\u00e9telre, bizonyos t\u00edpus\u00fa elv\u00e1ltoz\u00e1sok endoszk\u00f3pos elt\u00e1vol\u00edt\u00e1s\u00e1ra. A beavatkoz\u00e1sokat vagy &hellip;<\/p>\n","protected":false},"author":101739,"featured_media":0,"parent":97,"menu_order":6,"comment_status":"closed","ping_status":"closed","template":"","meta":{"_acf_changed":false,"footnotes":""},"categories":[],"tags":[],"class_list":["post-411","page","type-page","status-publish","hentry"],"acf":[],"_links":{"self":[{"href":"https:\/\/semmelweis.hu\/bokayklinika\/wp-json\/wp\/v2\/pages\/411","targetHints":{"allow":["GET"]}}],"collection":[{"href":"https:\/\/semmelweis.hu\/bokayklinika\/wp-json\/wp\/v2\/pages"}],"about":[{"href":"https:\/\/semmelweis.hu\/bokayklinika\/wp-json\/wp\/v2\/types\/page"}],"author":[{"embeddable":true,"href":"https:\/\/semmelweis.hu\/bokayklinika\/wp-json\/wp\/v2\/users\/101739"}],"replies":[{"embeddable":true,"href":"https:\/\/semmelweis.hu\/bokayklinika\/wp-json\/wp\/v2\/comments?post=411"}],"version-history":[{"count":7,"href":"https:\/\/semmelweis.hu\/bokayklinika\/wp-json\/wp\/v2\/pages\/411\/revisions"}],"predecessor-version":[{"id":6270,"href":"https:\/\/semmelweis.hu\/bokayklinika\/wp-json\/wp\/v2\/pages\/411\/revisions\/6270"}],"up":[{"embeddable":true,"href":"https:\/\/semmelweis.hu\/bokayklinika\/wp-json\/wp\/v2\/pages\/97"}],"wp:attachment":[{"href":"https:\/\/semmelweis.hu\/bokayklinika\/wp-json\/wp\/v2\/media?parent=411"}],"wp:term":[{"taxonomy":"category","embeddable":true,"href":"https:\/\/semmelweis.hu\/bokayklinika\/wp-json\/wp\/v2\/categories?post=411"},{"taxonomy":"post_tag","embeddable":true,"href":"https:\/\/semmelweis.hu\/bokayklinika\/wp-json\/wp\/v2\/tags?post=411"}],"curies":[{"name":"wp","href":"https:\/\/api.w.org\/{rel}","templated":true}]}}