{"id":3743,"date":"2022-08-11T08:47:09","date_gmt":"2022-08-11T06:47:09","guid":{"rendered":"https:\/\/semmelweis.hu\/gyermekklinika1\/?page_id=3743"},"modified":"2025-03-27T11:40:00","modified_gmt":"2025-03-27T10:40:00","slug":"infektologiai-osztaly","status":"publish","type":"page","link":"https:\/\/semmelweis.hu\/bokayklinika\/betegellatas\/fekvobeteg-ellatas\/infektologiai-osztaly\/","title":{"rendered":"Infektol\u00f3giai Oszt\u00e1ly (fert\u0151z\u0151 betegs\u00e9gek)"},"content":{"rendered":"<div class=\"keretes\">\n<p><strong>Gyermekgy\u00f3gy\u00e1szati Klinika<\/strong> (B\u00f3kay utcai r\u00e9szleg)<strong> Infektol\u00f3giai Oszt\u00e1ly (fert\u0151z\u0151 betegs\u00e9gek)<\/strong><br \/>\n<strong>Oszt\u00e1lyvezet\u0151: <\/strong>Dr. Kalocsai Krisztina\u00a0 \u00a0 \u00a0 \u00a0 \u00a0<br \/>\n<strong>Oszt\u00e1lyvezet\u0151 f\u0151n\u0151v\u00e9r: <\/strong>Somogyi Zsoltn\u00e9\u00a0 \u00a0 \u00a0 \u00a0 \u00a0 \u00a0 \u00a0 \u00a0 \u00a0 \u00a0 \u00a0 \u00a0 \u00a0 \u00a0 \u00a0 <br \/>\n<strong>Telefon: <\/strong>+36 (1) 334-3186\u00a0 \u00a0 \u00a0 \u00a0 \u00a0 \u00a0 \u00a0 \u00a0 <br \/>\nmell\u00e9k: 52758, 52669<\/p>\n<p><strong>Betegjogi k\u00e9pvisel\u0151:<\/strong><br \/>\nErhardtn\u00e9 Dr. Gach\u00e1lyi Anik\u00f3 \u00a0\u00a0 <a href=\"https:\/\/semmelweis.hu\/bokayklinika\/betegellatas\/betegjogi-kepviselo\/\">el\u00e9rhet\u0151s\u00e9g \u00e9s fogad\u00f3 \u00f3ra<\/a><\/p>\n<\/div>\n<p style=\"text-align: justify\"><strong><u>K\u00fcldet\u00e9s\u00fcnk<\/u><\/strong><\/p>\n<p style=\"text-align: justify\">A r\u00e9gi &#8222;fert\u0151z\u0151 betegs\u00e9gek&#8221; elnevez\u00e9st v\u00e1ltotta fel az Infektol\u00f3gia, mely egy j\u00f3val sz\u00e9lesebb ter\u00fcletet mag\u00e1ba foglal\u00f3 szakma. Nemcsak az eg\u00e9szs\u00e9g\u00fcgyi szakemberek, de a laikusok sz\u00e1m\u00e1ra is ismert, hogy a klasszikus rag\u00e1lyos betegs\u00e9gek mellett \u00faj k\u00f3rokoz\u00f3k jelennek meg, illetve ismert fert\u0151z\u00e9sek (pl. a kl\u00edmav\u00e1ltoz\u00e1s ok\u00e1n) \u00faj f\u00f6ldrajzi r\u00e9gi\u00f3kban \u00fctik fel fej\u00fcket.\u00a0 Emellett vil\u00e1gszerte egyre nagyobb kih\u00edv\u00e1st jelent a szokv\u00e1nyos kezel\u00e9ssel szemben ellen\u00e1ll\u00f3 k\u00f3rokoz\u00f3k rohamos terjed\u00e9se, valamint a k\u00f3rh\u00e1zi fert\u0151z\u00e9sek nagy sz\u00e1ma. A gyermekinfektol\u00f3gia f\u00f3kusz\u00e1ban a 0-18 \u00e9ves koroszt\u00e1ly infekci\u00f3i \u00e1llnak. B\u00e1r a k\u00f3rokoz\u00f3k \u00e1ltal okozott betegs\u00e9gek alapvet\u0151en azonosak a feln\u0151ttek\u00e9vel, a gyermekkori infekci\u00f3k meg\u00edt\u00e9l\u00e9sekor fontos figyelembe venni p\u00e9ld\u00e1ul a korcsoportos \u00e9lettani saj\u00e1ts\u00e1gokat. A mindennapi gyermekgy\u00f3gy\u00e1szati gyakorlatban jelent\u0151s helyet foglal el a fert\u0151z\u00e9ses k\u00f3rk\u00e9pek ell\u00e1t\u00e1sa \u00e9s megel\u0151z\u00e9se.<\/p>\n<p style=\"text-align: justify\">2020 decemberben infektol\u00f3gus munkacsoportunk \u00e9s szakdolgoz\u00f3ink k\u00f6zrem\u0171k\u00f6d\u00e9s\u00e9vel a Semmelweis Egyetem Gyermekgy\u00f3gy\u00e1szati Klinik\u00e1j\u00e1n (B\u00f3kay utcai r\u00e9szleg) megalakult egy magas progresszivit\u00e1si szint\u0171 (s\u00falyos \u00e9s bonyolult esetek) fekv\u0151- \u00e9s j\u00e1r\u00f3beteg ell\u00e1t\u00f3 gyermekinfektol\u00f3giai centrum, mely a sz\u00e9les profilon bel\u00fcl n\u00e9h\u00e1ny orsz\u00e1gosan egyed\u00fcl\u00e1ll\u00f3 specialit\u00e1ssal is rendelkezik.<\/p>\n<p style=\"text-align: justify\">Munkacsoportunk elk\u00f6telezett abban, hogy &#8211; a fert\u0151z\u0151 betegs\u00e9gekben szenved\u0151 gyermekek testi-lelki eg\u00e9szs\u00e9g\u00e9nek megtart\u00e1sa c\u00e9lj\u00e1b\u00f3l &#8211; megfelel\u0151 szakmai felk\u00e9sz\u00fclts\u00e9ggel vegye fel a harcot a fert\u0151z\u00e9sekkel, tov\u00e1bb\u00e1 az azokhoz t\u00e1rsul\u00f3 kih\u00edv\u00e1sok sokas\u00e1g\u00e1val szemben. Csapatunk (4 f\u0151 infektol\u00f3gus szakorvos \u00e9s 3 f\u0151 infektol\u00f3gus rezidens, valamint magas szinten k\u00e9pzett szakdolgoz\u00f3k) nemcsak a klinikai ell\u00e1t\u00e1s, hanem a kutat\u00e1s \u00e9s az oktat\u00e1s ter\u00e9n is magas szak\u00e9rtelemmel \u00e9s elhivatotts\u00e1ggal rendelkezik. A Semmelweis Egyetem szervezet\u00e9be integr\u00e1lt m\u0171k\u00f6d\u00e9s r\u00e9v\u00e9n\u00a0 k\u00f6zvetlen\u00fcl vesz\u00fcnk r\u00e9szt a magyar \u00e9s k\u00fclf\u00f6ldi egyetemi hallgat\u00f3k, a csecsem\u0151-\u00e9s gyermekgy\u00f3gy\u00e1sz valamint, infektol\u00f3gus szakorvosjel\u00f6ltek \u00e9s szakorvosok elm\u00e9leti \u00e9s gyakorlati k\u00e9pz\u00e9sben.<\/p>\n<p style=\"text-align: justify\"><strong><u>Ell\u00e1t\u00e1si ter\u00fclet<\/u><\/strong><\/p>\n<p style=\"text-align: justify\"><strong>Az ell\u00e1t\u00e1si spektrumba tartoz\u00f3 betegs\u00e9gek k\u00f6re t\u00f6bbek k\u00f6zt:<\/strong><\/p>\n<ul style=\"text-align: justify\">\n<li>infektol\u00f3giai oszt\u00e1lyon t\u00f6rt\u00e9n\u0151 elk\u00fcl\u00f6n\u00edt\u00e9st ig\u00e9nyl\u0151 fert\u0151z\u0151 betegs\u00e9gek gyan\u00fas \u00e9s bizony\u00edtott esetei<\/li>\n<li>az ismeretlen eredet\u0171, illetve elh\u00faz\u00f3d\u00f3 vagy visszat\u00e9r\u0151 l\u00e1zas \u00e1llapotok<\/li>\n<li>ismeretlen eredet\u0171 infekci\u00f3k<\/li>\n<li>\u00edzeltl\u00e1b\u00fa vektorok (kullancs, sz\u00fanyog) \u00e1ltal terjesztett betegs\u00e9gek (pl. Lyme-k\u00f3r)<\/li>\n<li>\u00e1llatr\u00f3l emberre terjed\u0151 fert\u0151z\u00e9sek (zoon\u00f3zisok)<\/li>\n<li>parazit\u00f3zisok (pl. echinococcosis, dirofilari\u00e1zis)<\/li>\n<li>fert\u0151z\u00e9ses m\u00e1jbetegs\u00e9gek\u00a0<\/li>\n<li>ki\u00fct\u00e9ses k\u00f3rk\u00e9pek<\/li>\n<li>em\u00e9szt\u0151rendszeri fert\u0151z\u00e9sek<\/li>\n<li>l\u00e9g\u00fati infekci\u00f3k\u00a0\u00a0<\/li>\n<li>idegrendszeri fert\u0151z\u00e9sek<\/li>\n<li>b\u0151r- \u00e9s l\u00e1gyr\u00e9sz-infekci\u00f3k (pl. orb\u00e1nc)<\/li>\n<li>nyirokcsom\u00f3-gyullad\u00e1ssal j\u00e1r\u00f3 k\u00f3rk\u00e9pek<\/li>\n<li>\u00edz\u00fcleti \u00e9s csonth\u00e1rtya-gyullad\u00e1sok kivizsg\u00e1l\u00e1sa \u00e9s kezel\u00e9se<\/li>\n<\/ul>\n<p style=\"text-align: justify\"><strong>Speci\u00e1lis, kiemelt profil<\/strong>:<\/p>\n<ul style=\"text-align: justify\">\n<li>utaz\u00e1ssal \u00f6sszef\u00fcgg\u0151 fert\u0151z\u00e9sek (pl. mal\u00e1ria, \u201cutaz\u00f3k hasmen\u00e9se\u201d, dengue l\u00e1z)\u00a0<\/li>\n<li>velesz\u00fcletett vagy szerzett immunhi\u00e1nyban szenved\u0151 betegek infekci\u00f3inak ell\u00e1t\u00e1sa \u00e9s megel\u0151z\u00e9se<\/li>\n<li>haz\u00e1nkban egyed\u00fcli centrumk\u00e9nt a szerzett immunhi\u00e1nyban szenved\u0151 gyermekek teljesk\u00f6r\u0171 ell\u00e1t\u00e1s\u00e1t biztos\u00edtjuk<\/li>\n<li>SARS-CoV2 fert\u0151z\u00e9s (COVID) \u00e9s sz\u00f6v\u0151dm\u00e9nyei<\/li>\n<\/ul>\n<p style=\"text-align: justify\"><strong><u>Fekv\u0151beteg ell\u00e1t\u00e1s:<\/u><\/strong><\/p>\n<p style=\"text-align: justify\">A fenti ell\u00e1t\u00e1si spektrumba tartoz\u00f3 betegs\u00e9gben szenved\u0151 gyermekeket (0-18 \u00e9v) k\u00fcl\u00f6n \u00e9p\u00fcletben elk\u00fcl\u00f6n\u00edt\u00e9sre is alkalmas egy\u00e1gyas szob\u00e1kban egy sz\u00fcl\u0151vel egy\u00fctt helyezz\u00fck el. Infrastrukt\u00fara: t\u00edz, k\u00f6zponti oxig\u00e9n v\u00e9telez\u00e9si ponttal \u00e9s sz\u00edv\u00f3val felszerelt k\u00f3rterem, \u00f6t saj\u00e1t f\u00fcrd\u0151szob\u00e1val. A gyermekek \u00e9szlel\u00e9s\u00e9hez \u00e9s ell\u00e1t\u00e1s\u00e1hoz t\u00f6bbparam\u00e9teres monitor, gy\u00f3gyszer, illetve folyad\u00e9k adagol\u00e1s\u00e1hoz volumetrikus inf\u00fazi\u00f3s pumpa \u00e1ll rendelkez\u00e9sre.<\/p>\n<p style=\"text-align: justify\"><strong><u>Munkat\u00e1rsaink<\/u><\/strong><\/p>\n<p style=\"text-align: justify\"><u>Orvosok<\/u><\/p>\n<ul style=\"text-align: justify\">\n<li>Dr. Kalocsai Krisztina csecsem\u0151-\u00e9s gyermekgy\u00f3gy\u00e1sz, infektol\u00f3gus, gyermek t\u00fcd\u0151gy\u00f3gy\u00e1sz szakorvos, oszt\u00e1lyvezet\u0151, klinikai f\u0151orvos<\/li>\n<li>Dr. Berecz Viktor infektol\u00f3gus szakorvos<\/li>\n<li>Dr. Farkas Ferenc Bal\u00e1zs infektol\u00f3gus rezidens<\/li>\n<li>Dr. Kardics Kinga infektol\u00f3gus \u00e9s tr\u00f3pusi betegs\u00e9gek szakorvosa, csecsem\u0151- \u00e9s gyermekgy\u00f3gy\u00e1sz, klinikai orvos<\/li>\n<li>Dr. Kiss Andr\u00e1s csecsem\u0151-\u00e9s gyermekgy\u00f3gy\u00e1sz \u00e9s infektol\u00f3gus szakorvos, klinikai orvos<\/li>\n<li>Dr. P\u00e9k Tam\u00e1s infektol\u00f3gus szakorvos, klinikai orvos<\/li>\n<li>Dr. Tr\u00f3bert-Sipos Di\u00e1na infektol\u00f3gus rezidens<\/li>\n<\/ul>\n<p style=\"text-align: justify\"><u>\u00c1pol\u00f3k<\/u><\/p>\n<ul style=\"text-align: justify\">\n<li>Buz\u00e1sn\u00e9 Noszka Kinga\u00a0 csecsem\u0151-\u00e9s gyermek szak\u00e1pol\u00f3<\/li>\n<li>Cs\u0151ke Bettina\u00a0 csecsem\u0151-\u00e9s gyermek szak\u00e1pol\u00f3<\/li>\n<li>Kakas Vikt\u00f3ria\u00a0 csecsem\u0151-\u00e9s gyermek szak\u00e1pol\u00f3<\/li>\n<li>Kerekes Ram\u00f3na orvostanhallgat\u00f3, seg\u00e9d\u00e1pol\u00f3<\/li>\n<li>Kiss J\u00e1nosn\u00e9\u00a0 csecsem\u0151-\u00e9s gyermek szak\u00e1pol\u00f3<\/li>\n<li>Lenkovitsn\u00e9 Fels\u0151 Andrea\u00a0 csecsem\u0151-\u00e9s gyermek szak\u00e1pol\u00f3<\/li>\n<li>Moh\u00e1csin\u00e9 Pal\u00f3cz Ildik\u00f3\u00a0 csecsem\u0151-\u00e9s gyermek szak\u00e1pol\u00f3<\/li>\n<li>N\u00e9meth Zolt\u00e1nn\u00e9\u00a0 csecsem\u0151-\u00e9s gyermek szak\u00e1pol\u00f3<\/li>\n<li>Sch\u00e4ffer Erika\u00a0 csecsem\u0151-\u00e9s gyermek szak\u00e1pol\u00f3<\/li>\n<li>Somogyi Zsoltn\u00e9\u00a0 csecsem\u0151-\u00e9s gyermek szak\u00e1pol\u00f3, vezet\u0151 \u00e1pol\u00f3<\/li>\n<li>Szaniszl\u00f3n\u00e9 Horv\u00e1th Kata\u00a0 csecsem\u0151-\u00e9s gyermek szak\u00e1pol\u00f3<\/li>\n<\/ul>\n<p style=\"text-align: justify\">\u00a0<\/p>\n<p style=\"text-align: justify\"><strong><u>T\u00e1mogat\u00f3 Alap\u00edtv\u00e1nyok<\/u><\/strong><\/p>\n<p style=\"text-align: justify\">A Gyermekklinik\u00e1t (B\u00f3kay utcai r\u00e9szleg) t\u00e1mogat\u00f3 k\u00f6zhaszn\u00fa Alap\u00edtv\u00e1ny \u00a0<\/p>\n<ul style=\"text-align: justify\">\n<li><a href=\"https:\/\/bokaygyermekklinika.hu\/\" target=\"_blank\" rel=\"noopener\"><strong>B\u00f3kay Gyermekklinik\u00e1\u00e9rt K\u00f6zhaszn\u00fa Alap\u00edtv\u00e1ny<\/strong><\/a> Sz\u00e9khely<strong>:<\/strong> 1083 Budapest, B\u00f3kay J\u00e1nos u. 53. Nyilv\u00e1ntart\u00e1si sz\u00e1ma\/c\u00e9gjegyz\u00e9ksz\u00e1ma: 01-01-0011343 Ad\u00f3sz\u00e1m: 18222432-1-42 Banksz\u00e1mlasz\u00e1m: K&amp;H BANK 10403387-00031000-00000008<\/li>\n<\/ul>\n<p style=\"text-align: justify\">Az Infektol\u00f3giai Oszt\u00e1lyt t\u00e1mogat\u00f3 k\u00f6zhaszn\u00fa Alap\u00edtv\u00e1ny\u00a0<\/p>\n<ul>\n<li style=\"text-align: justify\"><a href=\"https:\/\/adjukossze.hu\/civil\/szervezet\/dr-nyerges-gabor-alapitvany-a-fertozo-beteg-gyermekekert-7145\" target=\"_blank\" rel=\"noopener\"><strong>Nyerges G\u00e1bor Alap\u00edtv\u00e1ny a Fert\u0151z\u0151 Beteg Gyermekek\u00e9rt<\/strong><\/a> (Nyilv\u00e1ntart\u00e1sba v\u00e9teli sz\u00e1m: 9408 Sz\u00e9khely: 1126 Budapest Kiss J\u00e1nos alt\u00e1bornagy u. 33\/b Ad\u00f3sz\u00e1m: 18253863-1-43 Banksz\u00e1mlasz\u00e1m: CIB Bank: 10700488-42124205-51100005<\/li>\n<\/ul>\n","protected":false},"excerpt":{"rendered":"<p>Gyermekgy\u00f3gy\u00e1szati Klinika (B\u00f3kay utcai r\u00e9szleg) Infektol\u00f3giai Oszt\u00e1ly (fert\u0151z\u0151 betegs\u00e9gek) Oszt\u00e1lyvezet\u0151: Dr. Kalocsai Krisztina\u00a0 \u00a0 \u00a0 \u00a0 \u00a0 Oszt\u00e1lyvezet\u0151 f\u0151n\u0151v\u00e9r: Somogyi Zsoltn\u00e9\u00a0 \u00a0 \u00a0 \u00a0 \u00a0 \u00a0 \u00a0 \u00a0 \u00a0 \u00a0 \u00a0 \u00a0 \u00a0 \u00a0 \u00a0 Telefon: +36 (1) 334-3186\u00a0 \u00a0 \u00a0 \u00a0 \u00a0 \u00a0 \u00a0 \u00a0 mell\u00e9k: 52758, 52669 Betegjogi k\u00e9pvisel\u0151: Erhardtn\u00e9 Dr. Gach\u00e1lyi Anik\u00f3 &hellip;<\/p>\n","protected":false},"author":101853,"featured_media":0,"parent":95,"menu_order":0,"comment_status":"closed","ping_status":"closed","template":"","meta":{"_acf_changed":false,"footnotes":""},"categories":[],"tags":[],"class_list":["post-3743","page","type-page","status-publish","hentry"],"acf":[],"_links":{"self":[{"href":"https:\/\/semmelweis.hu\/bokayklinika\/wp-json\/wp\/v2\/pages\/3743","targetHints":{"allow":["GET"]}}],"collection":[{"href":"https:\/\/semmelweis.hu\/bokayklinika\/wp-json\/wp\/v2\/pages"}],"about":[{"href":"https:\/\/semmelweis.hu\/bokayklinika\/wp-json\/wp\/v2\/types\/page"}],"author":[{"embeddable":true,"href":"https:\/\/semmelweis.hu\/bokayklinika\/wp-json\/wp\/v2\/users\/101853"}],"replies":[{"embeddable":true,"href":"https:\/\/semmelweis.hu\/bokayklinika\/wp-json\/wp\/v2\/comments?post=3743"}],"version-history":[{"count":11,"href":"https:\/\/semmelweis.hu\/bokayklinika\/wp-json\/wp\/v2\/pages\/3743\/revisions"}],"predecessor-version":[{"id":7007,"href":"https:\/\/semmelweis.hu\/bokayklinika\/wp-json\/wp\/v2\/pages\/3743\/revisions\/7007"}],"up":[{"embeddable":true,"href":"https:\/\/semmelweis.hu\/bokayklinika\/wp-json\/wp\/v2\/pages\/95"}],"wp:attachment":[{"href":"https:\/\/semmelweis.hu\/bokayklinika\/wp-json\/wp\/v2\/media?parent=3743"}],"wp:term":[{"taxonomy":"category","embeddable":true,"href":"https:\/\/semmelweis.hu\/bokayklinika\/wp-json\/wp\/v2\/categories?post=3743"},{"taxonomy":"post_tag","embeddable":true,"href":"https:\/\/semmelweis.hu\/bokayklinika\/wp-json\/wp\/v2\/tags?post=3743"}],"curies":[{"name":"wp","href":"https:\/\/api.w.org\/{rel}","templated":true}]}}